{"id":738491,"date":"2025-08-27T23:51:05","date_gmt":"2025-08-27T20:51:05","guid":{"rendered":"https:\/\/roveyayinevi.com.tr\/index.php\/urun\/sukru-dedenin-yasam-siirleri\/"},"modified":"2026-04-16T02:48:43","modified_gmt":"2026-04-15T23:48:43","slug":"sukru-dedenin-yasam-siirleri","status":"publish","type":"product","link":"https:\/\/roveyayinevi.com.tr\/index.php\/urun\/sukru-dedenin-yasam-siirleri\/","title":{"rendered":"\u015e\u00fckr\u00fc Dede\u2019nin Ya\u015fam \u015eiirleri"},"content":{"rendered":"<p>Her g\u00f6n\u00fcl bir sevgi p\u0131nar\u0131 i\u00e7mesini bilene Allah\u2019\u0131n yaratt\u0131\u011f\u0131 kad\u0131n da erkek de \u00c7irkin olmaz sevmesini bilene ey dostlar   Bu alem bir \u00e7i\u00e7ek oldu Ben de bir ar\u0131 dola\u015ft\u0131m tek tek Alamad\u0131m bal\u0131 Ana kuca\u011f\u0131yla yar kuca\u011f\u0131ndan Ba\u015fka bulamad\u0131m tatl\u0131 bal\u0131 ey dostlar   Bu \u00f6m\u00fcr biter hayat yok olur Ya\u015fanan ac\u0131 tatl\u0131 g\u00fcnler kal\u0131r Ecel gelir ben \u00f6l\u00fcr\u00fcm Evim mal\u0131m \u00e7ocuklara kal\u0131r Yapt\u0131\u011f\u0131n iyilik sana ahiret sermayen olur ey \u015e\u00fckr\u00fc Dede <\/p>\n","protected":false},"excerpt":{"rendered":"<p>Her g\u00f6n\u00fcl bir sevgi p\u0131nar\u0131 i\u00e7mesini bilene Allah\u2019\u0131n yaratt\u0131\u011f\u0131 kad\u0131n da erkek de \u00c7irkin olmaz sevmesini bilene ey dostlar Bu alem bir \u00e7i\u00e7ek oldu Ben de<span class=\"excerpt-hellip\"> [\u2026]<\/span><\/p>\n","protected":false},"featured_media":0,"template":"","meta":{"_monsterinsights_skip_tracking":false,"_monsterinsights_sitenote_active":false,"_monsterinsights_sitenote_note":"","_monsterinsights_sitenote_category":0},"product_brand":[],"product_cat":[12291,12509],"product_tag":[],"class_list":{"0":"post-738491","1":"product","2":"type-product","3":"status-publish","5":"product_cat-edebiyat","6":"product_cat-siir","7":"pa_cilt-ciltsiz","8":"pa_tur-kitap","9":"pa_yayinevi-gulnar-yayinlari","10":"pa_yazar-sukru-aydere","12":"first","13":"instock","14":"sale","15":"shipping-taxable","16":"purchasable","17":"product-type-simple"},"_links":{"self":[{"href":"https:\/\/roveyayinevi.com.tr\/index.php\/wp-json\/wp\/v2\/product\/738491","targetHints":{"allow":["GET"]}}],"collection":[{"href":"https:\/\/roveyayinevi.com.tr\/index.php\/wp-json\/wp\/v2\/product"}],"about":[{"href":"https:\/\/roveyayinevi.com.tr\/index.php\/wp-json\/wp\/v2\/types\/product"}],"wp:attachment":[{"href":"https:\/\/roveyayinevi.com.tr\/index.php\/wp-json\/wp\/v2\/media?parent=738491"}],"wp:term":[{"taxonomy":"product_brand","embeddable":true,"href":"https:\/\/roveyayinevi.com.tr\/index.php\/wp-json\/wp\/v2\/product_brand?post=738491"},{"taxonomy":"product_cat","embeddable":true,"href":"https:\/\/roveyayinevi.com.tr\/index.php\/wp-json\/wp\/v2\/product_cat?post=738491"},{"taxonomy":"product_tag","embeddable":true,"href":"https:\/\/roveyayinevi.com.tr\/index.php\/wp-json\/wp\/v2\/product_tag?post=738491"}],"curies":[{"name":"wp","href":"https:\/\/api.w.org\/{rel}","templated":true}]}}