{"id":738489,"date":"2025-08-27T23:51:02","date_gmt":"2025-08-27T20:51:02","guid":{"rendered":"https:\/\/roveyayinevi.com.tr\/index.php\/urun\/el-gibi\/"},"modified":"2026-04-16T02:48:43","modified_gmt":"2026-04-15T23:48:43","slug":"el-gibi","status":"publish","type":"product","link":"https:\/\/roveyayinevi.com.tr\/index.php\/urun\/el-gibi\/","title":{"rendered":"El Gibi"},"content":{"rendered":"<p>\u201cYaras\u0131 y\u00fcreklerinde sakl\u0131 olanlar\u0131n hik\u00e2yesi\u201d  Bir kahraman\u0131n\u0131 kaybetti\u011fi anda di\u011ferini bulan yaral\u0131 bir ku\u015ftu Feride. U\u00e7mak i\u00e7in ihtiya\u00e7 duydu\u011fu kanatlar\u0131 \u00e7ok erken ya\u015fta k\u0131r\u0131l\u0131nca \u00e7ocuk yan\u0131 hep eksik, hep buruk kald\u0131. En b\u00fcy\u00fck ac\u0131s\u0131 onu bamba\u015fka bir hik\u00e2yeye s\u00fcr\u00fckledi\u011finde de yaral\u0131 kalbi di\u011fer yar\u0131s\u0131n\u0131 orada buldu. Mehmet, Feride&#8217;nin en b\u00fcy\u00fck hayaliydi. Oysa tek hayalinin en derin yaras\u0131 olaca\u011f\u0131n\u0131 bilemezdi. Onu d\u00fc\u015fledi, onu sevdi, onu bekledi&#8230;Ve bir g\u00fcn hi\u00e7 gelmeyece\u011fini kabul etti\u011finde her \u015feyi anlad\u0131. \u0130ki ki\u015filik sevmek, iki kere yanmaktan fazlas\u0131 de\u011fildi&#8230;<\/p>\n","protected":false},"excerpt":{"rendered":"<p>\u201cYaras\u0131 y\u00fcreklerinde sakl\u0131 olanlar\u0131n hik\u00e2yesi\u201d Bir kahraman\u0131n\u0131 kaybetti\u011fi anda di\u011ferini bulan yaral\u0131 bir ku\u015ftu Feride. U\u00e7mak i\u00e7in ihtiya\u00e7 duydu\u011fu kanatlar\u0131 \u00e7ok erken ya\u015fta k\u0131r\u0131l\u0131nca \u00e7ocuk yan\u0131<span class=\"excerpt-hellip\"> [\u2026]<\/span><\/p>\n","protected":false},"featured_media":0,"template":"","meta":{"_monsterinsights_skip_tracking":false,"_monsterinsights_sitenote_active":false,"_monsterinsights_sitenote_note":"","_monsterinsights_sitenote_category":0},"product_brand":[],"product_cat":[12291,50487],"product_tag":[],"class_list":{"0":"post-738489","1":"product","2":"type-product","3":"status-publish","5":"product_cat-edebiyat","6":"product_cat-kurgu","7":"pa_cilt-ciltsiz","8":"pa_tur-kitap","9":"pa_yayinevi-epsilon-yayinlari","10":"pa_yazar-aysenur-ince","12":"first","13":"instock","14":"sale","15":"shipping-taxable","16":"purchasable","17":"product-type-simple"},"_links":{"self":[{"href":"https:\/\/roveyayinevi.com.tr\/index.php\/wp-json\/wp\/v2\/product\/738489","targetHints":{"allow":["GET"]}}],"collection":[{"href":"https:\/\/roveyayinevi.com.tr\/index.php\/wp-json\/wp\/v2\/product"}],"about":[{"href":"https:\/\/roveyayinevi.com.tr\/index.php\/wp-json\/wp\/v2\/types\/product"}],"wp:attachment":[{"href":"https:\/\/roveyayinevi.com.tr\/index.php\/wp-json\/wp\/v2\/media?parent=738489"}],"wp:term":[{"taxonomy":"product_brand","embeddable":true,"href":"https:\/\/roveyayinevi.com.tr\/index.php\/wp-json\/wp\/v2\/product_brand?post=738489"},{"taxonomy":"product_cat","embeddable":true,"href":"https:\/\/roveyayinevi.com.tr\/index.php\/wp-json\/wp\/v2\/product_cat?post=738489"},{"taxonomy":"product_tag","embeddable":true,"href":"https:\/\/roveyayinevi.com.tr\/index.php\/wp-json\/wp\/v2\/product_tag?post=738489"}],"curies":[{"name":"wp","href":"https:\/\/api.w.org\/{rel}","templated":true}]}}