{"id":738486,"date":"2025-08-27T23:50:59","date_gmt":"2025-08-27T20:50:59","guid":{"rendered":"https:\/\/roveyayinevi.com.tr\/index.php\/urun\/gulun-dusleri\/"},"modified":"2026-04-16T02:48:43","modified_gmt":"2026-04-15T23:48:43","slug":"gulun-dusleri","status":"publish","type":"product","link":"https:\/\/roveyayinevi.com.tr\/index.php\/urun\/gulun-dusleri\/","title":{"rendered":"G\u00fcl&#8217;\u00fcn D\u00fc\u015fleri"},"content":{"rendered":"<p>Karl\u0131 bir k\u0131\u015f g\u00fcn\u00fc nas\u0131l daha e\u011flenceli hale getirilebilir? Sokakta ya\u015fayan hayvan dostlar\u0131m\u0131z i\u00e7in neler yapabiliriz? G\u00fcl ve ailesiyle birlikte kar\u0131n tad\u0131n\u0131 \u00e7\u0131karmaya, kar topu sava\u015f\u0131na, k\u0131zakla kaymaya haz\u0131r m\u0131s\u0131n\u0131z? Peki ya sokakta ya\u015fayan hayvanlar? G\u00fcl ve ailesinin onlar i\u00e7in harika bir fikri var! Sevgi, dostluk ve e\u011flence dolu bir macera sizleri bekliyor. *** Bu kitap, payla\u015fmak, ke\u015ffetmek, merak etmek; \u00e7evremize, hayvanlara ve do\u011faya sayg\u0131 g\u00f6stermek, sorumluluk almak gibi kavramlar\u0131 \u00e7ocuklara sevgi dolu bir dille aktarmaktad\u0131r. \u0130\u00e7ten, s\u0131cak bir anlat\u0131mla yaz\u0131lan bu kitab\u0131 \u00e7ocuklar kadar b\u00fcy\u00fcklerin de keyifle okuyaca\u011f\u0131ndan ku\u015fkum yok. Seher AYDEM\u0130R Uzman Klinik Psikolog \/ Oyun Terapisti <\/p>\n","protected":false},"excerpt":{"rendered":"<p>Karl\u0131 bir k\u0131\u015f g\u00fcn\u00fc nas\u0131l daha e\u011flenceli hale getirilebilir? Sokakta ya\u015fayan hayvan dostlar\u0131m\u0131z i\u00e7in neler yapabiliriz? G\u00fcl ve ailesiyle birlikte kar\u0131n tad\u0131n\u0131 \u00e7\u0131karmaya, kar topu sava\u015f\u0131na,<span class=\"excerpt-hellip\"> [\u2026]<\/span><\/p>\n","protected":false},"featured_media":0,"template":"","meta":{"_monsterinsights_skip_tracking":false,"_monsterinsights_sitenote_active":false,"_monsterinsights_sitenote_note":"","_monsterinsights_sitenote_category":0},"product_brand":[],"product_cat":[12274,12284],"product_tag":[],"class_list":{"0":"post-738486","1":"product","2":"type-product","3":"status-publish","5":"product_cat-cocuk-ve-genclik-kitaplari","6":"product_cat-hikayeler","7":"pa_cilt-ciltsiz","8":"pa_tur-kitap","9":"pa_yayinevi-luna-yayinlari","10":"pa_yazar-erdi-gok","12":"first","13":"instock","14":"sale","15":"shipping-taxable","16":"purchasable","17":"product-type-simple"},"_links":{"self":[{"href":"https:\/\/roveyayinevi.com.tr\/index.php\/wp-json\/wp\/v2\/product\/738486","targetHints":{"allow":["GET"]}}],"collection":[{"href":"https:\/\/roveyayinevi.com.tr\/index.php\/wp-json\/wp\/v2\/product"}],"about":[{"href":"https:\/\/roveyayinevi.com.tr\/index.php\/wp-json\/wp\/v2\/types\/product"}],"wp:attachment":[{"href":"https:\/\/roveyayinevi.com.tr\/index.php\/wp-json\/wp\/v2\/media?parent=738486"}],"wp:term":[{"taxonomy":"product_brand","embeddable":true,"href":"https:\/\/roveyayinevi.com.tr\/index.php\/wp-json\/wp\/v2\/product_brand?post=738486"},{"taxonomy":"product_cat","embeddable":true,"href":"https:\/\/roveyayinevi.com.tr\/index.php\/wp-json\/wp\/v2\/product_cat?post=738486"},{"taxonomy":"product_tag","embeddable":true,"href":"https:\/\/roveyayinevi.com.tr\/index.php\/wp-json\/wp\/v2\/product_tag?post=738486"}],"curies":[{"name":"wp","href":"https:\/\/api.w.org\/{rel}","templated":true}]}}