{"id":738485,"date":"2025-08-27T23:50:57","date_gmt":"2025-08-27T20:50:57","guid":{"rendered":"https:\/\/roveyayinevi.com.tr\/index.php\/urun\/enel-ask-demisti-ibrahim-gulseni\/"},"modified":"2026-04-16T02:48:43","modified_gmt":"2026-04-15T23:48:43","slug":"enel-ask-demisti-ibrahim-gulseni","status":"publish","type":"product","link":"https:\/\/roveyayinevi.com.tr\/index.php\/urun\/enel-ask-demisti-ibrahim-gulseni\/","title":{"rendered":"Ene&#8217;l-A\u015fk Demi\u015fti \u0130brahim G\u00fcl\u015feni"},"content":{"rendered":"<p>Ene&#8217;l-A\u015fk Demi\u015fti \u0130brahim G\u00fcl\u015feni Kitap A\u00e7\u0131klamas\u0131\u0130lk kez \u0130brahim G\u00fcl\u015feni\u2019nin \u015fiirlerinden bir se\u00e7ki yay\u0131nlan\u0131yor. \u015eeyh Galip\u2019in H\u00fcsn \u00fc A\u015fk\u2019ta ad\u0131n\u0131 an\u0131p \u201cbiricik b\u00fclb\u00fcl\u201d diye takdim etti\u011fi \u0130brahim G\u00fcl\u015feni, Halvetiye\u2019nin G\u00fcl\u015feniye kolunun kurucusu ve tasavvuf edebiyat\u0131n\u0131n se\u00e7kin \u015fairlerinden. \u00d6mr\u00fcn\u00fc Diyarbak\u0131r, Tebriz ve Kahire\u2019de ge\u00e7irdi. K\u0131sa s\u00fcreli de olsa Herat, \u015eiraz, Ba\u011fdat, Mekke, Kud\u00fcs ve \u0130stanbul gibi \u0130slam uygarl\u0131\u011f\u0131n\u0131n \u00f6nemli merkezlerinde bulundu. Akkoyunlu Uzun Hasan ve Sultan Yakup\u2019un, Meml\u00fck sultan\u0131 Kansu Gavri\u2019nin, Yavuz Sultan Selim ile Kanuni Sultan S\u00fcleyman gibi Osmanl\u0131 padi\u015fahlar\u0131n\u0131n himayesinde eserler verdi. Mevlana, \u0130bn\u00fc\u2019l-Far\u0131z, Yunus Emre ve Seyyit Nesimi\u2019ye \u00f6yk\u00fcnerek \u00fc\u00e7 dilde \u015fiirler s\u00f6yledi. Ad\u0131na kurulan G\u00fcl\u015feni tekkelerinden Yeniceli Usuli ve Hasan Sezayi gibi \u015fairler, Yusuf Siminkalem ve Ahmet M\u00fcsellem gibi hattatlar, Dervi\u015f \u00d6mer, Evliya \u00c7elebi ve Ali \u015eirugani gibi musiki\u015finaslar yeti\u015fti. As\u0131rlarca tekke ve derg\u00e2hlarda G\u00fcl\u015feni savt ve tapu\u011flar\u0131 okundu. G\u00fcl\u015feni b\u00fclb\u00fclleri T\u00fcrk\u00e7eyi a\u015fk lisan\u0131 h\u00e2line getirdiler. \u0130\u015fte b\u00fct\u00fcn bunlar\u0131n hik\u00e2yesi, arka plan\u0131, bir \u00f6mr\u00fcn bereketi elinizdeki kitapla g\u00fcn y\u00fcz\u00fcne \u00e7\u0131k\u0131yor, \u0130brahim G\u00fcl\u015feni ile g\u00fcn\u00fcm\u00fcz okuru aras\u0131ndaki zaman perdesi aralan\u0131yor. <\/p>\n","protected":false},"excerpt":{"rendered":"<p>Ene&#8217;l-A\u015fk Demi\u015fti \u0130brahim G\u00fcl\u015feni Kitap A\u00e7\u0131klamas\u0131\u0130lk kez \u0130brahim G\u00fcl\u015feni\u2019nin \u015fiirlerinden bir se\u00e7ki yay\u0131nlan\u0131yor. \u015eeyh Galip\u2019in H\u00fcsn \u00fc A\u015fk\u2019ta ad\u0131n\u0131 an\u0131p \u201cbiricik b\u00fclb\u00fcl\u201d diye takdim etti\u011fi \u0130brahim<span class=\"excerpt-hellip\"> [\u2026]<\/span><\/p>\n","protected":false},"featured_media":0,"template":"","meta":{"_monsterinsights_skip_tracking":false,"_monsterinsights_sitenote_active":false,"_monsterinsights_sitenote_note":"","_monsterinsights_sitenote_category":0},"product_brand":[],"product_cat":[13072,12291],"product_tag":[],"class_list":{"0":"post-738485","1":"product","2":"type-product","3":"status-publish","5":"product_cat-arastirma-inceleme-referans","6":"product_cat-edebiyat","7":"pa_cilt-ciltsiz","8":"pa_tur-kitap","9":"pa_yayinevi-muhit-kitap","10":"pa_yazar-muhsin-macit","12":"first","13":"instock","14":"sale","15":"shipping-taxable","16":"purchasable","17":"product-type-simple"},"_links":{"self":[{"href":"https:\/\/roveyayinevi.com.tr\/index.php\/wp-json\/wp\/v2\/product\/738485","targetHints":{"allow":["GET"]}}],"collection":[{"href":"https:\/\/roveyayinevi.com.tr\/index.php\/wp-json\/wp\/v2\/product"}],"about":[{"href":"https:\/\/roveyayinevi.com.tr\/index.php\/wp-json\/wp\/v2\/types\/product"}],"wp:attachment":[{"href":"https:\/\/roveyayinevi.com.tr\/index.php\/wp-json\/wp\/v2\/media?parent=738485"}],"wp:term":[{"taxonomy":"product_brand","embeddable":true,"href":"https:\/\/roveyayinevi.com.tr\/index.php\/wp-json\/wp\/v2\/product_brand?post=738485"},{"taxonomy":"product_cat","embeddable":true,"href":"https:\/\/roveyayinevi.com.tr\/index.php\/wp-json\/wp\/v2\/product_cat?post=738485"},{"taxonomy":"product_tag","embeddable":true,"href":"https:\/\/roveyayinevi.com.tr\/index.php\/wp-json\/wp\/v2\/product_tag?post=738485"}],"curies":[{"name":"wp","href":"https:\/\/api.w.org\/{rel}","templated":true}]}}