{"id":738463,"date":"2025-08-27T23:50:38","date_gmt":"2025-08-27T20:50:38","guid":{"rendered":"https:\/\/roveyayinevi.com.tr\/index.php\/urun\/acil-durum-ve-afet-yonetiminde-multidisipliner-yaklasim-ii\/"},"modified":"2026-04-16T02:48:42","modified_gmt":"2026-04-15T23:48:42","slug":"acil-durum-ve-afet-yonetiminde-multidisipliner-yaklasim-ii","status":"publish","type":"product","link":"https:\/\/roveyayinevi.com.tr\/index.php\/urun\/acil-durum-ve-afet-yonetiminde-multidisipliner-yaklasim-ii\/","title":{"rendered":"Acil Durum ve Afet Y\u00f6netiminde Multidisipliner Yakla\u015f\u0131m II"},"content":{"rendered":"<p>\u0130\u00e7indekiler 1.      DO\u011eAL AFETLER VE GIDA G\u00dcVENCES\u0130 2.      RADYOLOJ\u0130K VE N\u00dcKLEER AC\u0130L DURUM Y\u00d6NET\u0130M\u0130 KAPSAMINDA SA\u011eLIK H\u0130ZMETLER\u0130NDE KBRN YARALILARININ TIBB\u0130 Y\u00d6NET\u0130M\u0130 3.      KARA TUR\u0130ZM BA\u011eLAMINDA AFET TUR\u0130ZM\u0130 : AFETLER PAZARLANAB\u0130L\u0130R M\u0130? 4.      AFET R\u0130SK ALGISI VE COVID-19 R\u0130SK ALGISI 5.      KAMU Y\u00d6NET\u0130M\u0130 FAAL\u0130YETLER\u0130 \u0130LE AFET FARKINDALI\u011eI GEL\u0130\u015eT\u0130R\u0130LMES\u0130NDE SOSYAL MEDYANIN ROL\u00dc : HALKLA \u0130L\u0130\u015eK\u0130LER BA\u011eLAMINDA B\u0130R DE\u011eERLEND\u0120RME 6.      DO\u011eAL AFETLERE Y\u00d6NEL\u0130K TOPLULUK D\u0130RENC\u0130 : L\u0130TETAT\u00dcR \u0130NCELEMES\u0130 7.      \u0130\u015eLETME ALANINDA AC\u0130L DURUM VE AFET Y\u00d6NET\u0130M\u0130 \u0130LE \u0130LG\u0130L\u0130 YAPILMI\u015e OLAN L\u0130SANS\u00dcST\u00dc TEZLER\u0130N B\u0130BL\u0130YOMETR\u0130K ANAL\u0130Z\u0130 8.      T\u00dcRK\u0130YE\u2019DE SANAY\u0130 ALANINDA OLASI K\u0130MYASALLARIN OLASI AFET R\u0130SKLER\u0130 9.      DO\u011eAL AFETLER VE G\u00d6\u00c7 : \u0130KL\u0130M G\u00d6\u00c7MENLER\u0130 10.      DEPREMLER SONUCU OLU\u015eAN YERY\u00dcZ\u00dc DE\u011e\u0130\u015e\u0130MLER\u0130N\u0130N \u0130NCELENMES\u0130NDE HAR\u0130TA M\u00dcHEND\u0130SL\u0130\u011e\u0130N\u0130N YER\u0130 <\/p>\n","protected":false},"excerpt":{"rendered":"<p>\u0130\u00e7indekiler 1. DO\u011eAL AFETLER VE GIDA G\u00dcVENCES\u0130 2. RADYOLOJ\u0130K VE N\u00dcKLEER AC\u0130L DURUM Y\u00d6NET\u0130M\u0130 KAPSAMINDA SA\u011eLIK H\u0130ZMETLER\u0130NDE KBRN YARALILARININ TIBB\u0130 Y\u00d6NET\u0130M\u0130 3. KARA TUR\u0130ZM BA\u011eLAMINDA AFET<span class=\"excerpt-hellip\"> [\u2026]<\/span><\/p>\n","protected":false},"featured_media":0,"template":"","meta":{"_monsterinsights_skip_tracking":false,"_monsterinsights_sitenote_active":false,"_monsterinsights_sitenote_note":"","_monsterinsights_sitenote_category":0},"product_brand":[],"product_cat":[12573,12566],"product_tag":[],"class_list":{"0":"post-738463","1":"product","2":"type-product","3":"status-publish","5":"product_cat-akademik-kitaplar","6":"product_cat-egitim","7":"pa_cilt-ciltsiz","8":"pa_tur-kitap","9":"pa_yayinevi-gazi-kitabevi","10":"pa_yazar-sevil-cengiz","12":"first","13":"instock","14":"sale","15":"shipping-taxable","16":"purchasable","17":"product-type-simple"},"_links":{"self":[{"href":"https:\/\/roveyayinevi.com.tr\/index.php\/wp-json\/wp\/v2\/product\/738463","targetHints":{"allow":["GET"]}}],"collection":[{"href":"https:\/\/roveyayinevi.com.tr\/index.php\/wp-json\/wp\/v2\/product"}],"about":[{"href":"https:\/\/roveyayinevi.com.tr\/index.php\/wp-json\/wp\/v2\/types\/product"}],"wp:attachment":[{"href":"https:\/\/roveyayinevi.com.tr\/index.php\/wp-json\/wp\/v2\/media?parent=738463"}],"wp:term":[{"taxonomy":"product_brand","embeddable":true,"href":"https:\/\/roveyayinevi.com.tr\/index.php\/wp-json\/wp\/v2\/product_brand?post=738463"},{"taxonomy":"product_cat","embeddable":true,"href":"https:\/\/roveyayinevi.com.tr\/index.php\/wp-json\/wp\/v2\/product_cat?post=738463"},{"taxonomy":"product_tag","embeddable":true,"href":"https:\/\/roveyayinevi.com.tr\/index.php\/wp-json\/wp\/v2\/product_tag?post=738463"}],"curies":[{"name":"wp","href":"https:\/\/api.w.org\/{rel}","templated":true}]}}