{"id":738443,"date":"2025-08-27T23:50:18","date_gmt":"2025-08-27T20:50:18","guid":{"rendered":"https:\/\/roveyayinevi.com.tr\/index.php\/urun\/kislalar-doldu-bugun\/"},"modified":"2026-04-16T02:48:41","modified_gmt":"2026-04-15T23:48:41","slug":"kislalar-doldu-bugun","status":"publish","type":"product","link":"https:\/\/roveyayinevi.com.tr\/index.php\/urun\/kislalar-doldu-bugun\/","title":{"rendered":"K\u0131\u015flalar Doldu Bug\u00fcn"},"content":{"rendered":"<p>Ya\u015fam\u0131 boyunca ba\u015fta gurbetlik olmak \u00fczere t\u00fcrl\u00fc zorlukla m\u00fccadele etmi\u015f, m\u00fccadelesinin ve hak aray\u0131\u015f\u0131n\u0131n kar\u015f\u0131l\u0131\u011f\u0131n\u0131 edebiyatta bulmay\u0131 d\u00fc\u015flemi\u015f, kalemin kuvvetine inanm\u0131\u015f bir yazar Mehmet Kart. Otuzlu ya\u015flar\u0131nda, i\u00e7inde \u00fc\u00e7 roman, hik\u00e2yeler, \u015fiirler ve bir de senaryo olan yo\u011fun bir \u00fcretim s\u00fcreci ge\u00e7irdi; ancak bu eserlerini uzun s\u00fcre yay\u0131mlayamad\u0131. Onlarla yeniden ilgilenme imk\u00e2n\u0131 buldu\u011fundaysa aram\u0131zdan ayr\u0131ld\u0131. Ard\u0131nda zengin duygu d\u00fcnyas\u0131n\u0131 yans\u0131tmay\u0131 ba\u015fard\u0131\u011f\u0131 \u015fiirler, romanlar, \u00f6yk\u00fcler b\u0131rakt\u0131.   K\u0131\u015flalar Doldu Bug\u00fcn, Mehmet Kart\u2019\u0131n hak aray\u0131\u015f\u0131n\u0131n ni\u015fanelerinden biri. Zorbal\u0131\u011f\u0131n, ayr\u0131mc\u0131l\u0131\u011f\u0131n, s\u00f6m\u00fcr\u00fcn\u00fcn kar\u015f\u0131s\u0131nda durmak i\u00e7in var g\u00fcc\u00fcyle \u00e7abalayanlar\u0131n hik\u00e2yesi. Daima umutla.   \u201cBu da\u011flar kopmazd\u0131 birbirinden. Kimsenin g\u00fcc\u00fc yetmezdi ay\u0131rmaya. Topra\u011f\u0131n diplerine kadar k\u00f6k salm\u0131\u015f da\u011flar\u0131 ay\u0131rmaya kalksalar, onlar da kanard\u0131 i\u00e7ten i\u00e7e. T\u0131pk\u0131 insanlar gibi. \u0130nce ince bir kan s\u0131zard\u0131 topra\u011fa. \u0130nce ince s\u0131zan kan zamanla g\u00f6l olurdu, g\u00f6ller denize d\u00f6nerdi. Birbirinden ay\u0131rmaya g\u00f6rs\u00fcnler, da\u011flar da a\u011flard\u0131 insanlara g\u00f6r\u00fcnmeyen iki g\u00f6z\u00fcnden. Kendi g\u00f6zya\u015flar\u0131nda bo\u011fulanlar g\u00f6m\u00fcl\u00fcrd\u00fc, u\u00e7suz bucaks\u0131z denizlerin dibine\u2026\u201d <\/p>\n","protected":false},"excerpt":{"rendered":"<p>Ya\u015fam\u0131 boyunca ba\u015fta gurbetlik olmak \u00fczere t\u00fcrl\u00fc zorlukla m\u00fccadele etmi\u015f, m\u00fccadelesinin ve hak aray\u0131\u015f\u0131n\u0131n kar\u015f\u0131l\u0131\u011f\u0131n\u0131 edebiyatta bulmay\u0131 d\u00fc\u015flemi\u015f, kalemin kuvvetine inanm\u0131\u015f bir yazar Mehmet Kart. Otuzlu<span class=\"excerpt-hellip\"> [\u2026]<\/span><\/p>\n","protected":false},"featured_media":0,"template":"","meta":{"_monsterinsights_skip_tracking":false,"_monsterinsights_sitenote_active":false,"_monsterinsights_sitenote_note":"","_monsterinsights_sitenote_category":0},"product_brand":[],"product_cat":[12291,12711],"product_tag":[],"class_list":{"0":"post-738443","1":"product","2":"type-product","3":"status-publish","5":"product_cat-edebiyat","6":"product_cat-roman-oyku","7":"pa_cilt-ciltsiz","8":"pa_tur-kitap","9":"pa_yayinevi-ithaki-yayinlari","10":"pa_yazar-mehmet-kartal","12":"first","13":"instock","14":"sale","15":"shipping-taxable","16":"purchasable","17":"product-type-simple"},"_links":{"self":[{"href":"https:\/\/roveyayinevi.com.tr\/index.php\/wp-json\/wp\/v2\/product\/738443","targetHints":{"allow":["GET"]}}],"collection":[{"href":"https:\/\/roveyayinevi.com.tr\/index.php\/wp-json\/wp\/v2\/product"}],"about":[{"href":"https:\/\/roveyayinevi.com.tr\/index.php\/wp-json\/wp\/v2\/types\/product"}],"wp:attachment":[{"href":"https:\/\/roveyayinevi.com.tr\/index.php\/wp-json\/wp\/v2\/media?parent=738443"}],"wp:term":[{"taxonomy":"product_brand","embeddable":true,"href":"https:\/\/roveyayinevi.com.tr\/index.php\/wp-json\/wp\/v2\/product_brand?post=738443"},{"taxonomy":"product_cat","embeddable":true,"href":"https:\/\/roveyayinevi.com.tr\/index.php\/wp-json\/wp\/v2\/product_cat?post=738443"},{"taxonomy":"product_tag","embeddable":true,"href":"https:\/\/roveyayinevi.com.tr\/index.php\/wp-json\/wp\/v2\/product_tag?post=738443"}],"curies":[{"name":"wp","href":"https:\/\/api.w.org\/{rel}","templated":true}]}}