{"id":738436,"date":"2025-08-27T23:50:10","date_gmt":"2025-08-27T20:50:10","guid":{"rendered":"https:\/\/roveyayinevi.com.tr\/index.php\/urun\/icimde-soven-biri-var\/"},"modified":"2026-04-16T02:48:41","modified_gmt":"2026-04-15T23:48:41","slug":"icimde-soven-biri-var","status":"publish","type":"product","link":"https:\/\/roveyayinevi.com.tr\/index.php\/urun\/icimde-soven-biri-var\/","title":{"rendered":"\u0130\u00e7imde S\u00f6ven Biri Var"},"content":{"rendered":"<p>Duyuyor musun? \u0130\u00e7imde s\u00f6ven biri var!   Celil Nal\u00e7akan, okurlar\u0131n\u0131 ge\u00e7mi\u015f, \u015fimdi ve gelecekle harmanlanan yeni bir yolculu\u011fa davet ediyor.Bu kitapta a\u015fk\u0131n \u00e7aresizli\u011fi ve ayr\u0131l\u0131\u011f\u0131n h\u00fczn\u00fc kadar, emek dolu bir kitap d\u00fckk\u00e2n\u0131 ve ba\u015fucundaki varl\u0131\u011f\u0131yla minnet hissettiren tiyatro bileti de var. Celil Nal\u00e7akan\u2019\u0131n hislerine, d\u00fc\u015f\u00fcncelerine ve yeri geldi\u011finde hakl\u0131 isyan\u0131na yer verdi\u011fi bu anlat\u0131y\u0131 sindire sindire okuman\u0131z\u0131 \u00f6neririz. Tela\u015fs\u0131z, biraz i\u00e7 \u00e7ekerek ve kavu\u015fmak kadar ayr\u0131l\u0131\u011f\u0131n, dostluk kadar ihanetin, \u00fcmit kadar \u00fcmitsizli\u011fin de oldu\u011funu bilerek\u2026\u0130\u00e7imde S\u00f6ven Biri Var her sat\u0131ra i\u015flenmi\u015f tan\u0131d\u0131k duygular, \u015fiirsel bir anlat\u0131m ve ezbere bildi\u011fimiz \u015fark\u0131lar e\u015fli\u011finde soluksuz okunacak bir duygu \u015f\u00f6leni.<\/p>\n","protected":false},"excerpt":{"rendered":"<p>Duyuyor musun? \u0130\u00e7imde s\u00f6ven biri var! Celil Nal\u00e7akan, okurlar\u0131n\u0131 ge\u00e7mi\u015f, \u015fimdi ve gelecekle harmanlanan yeni bir yolculu\u011fa davet ediyor.Bu kitapta a\u015fk\u0131n \u00e7aresizli\u011fi ve ayr\u0131l\u0131\u011f\u0131n h\u00fczn\u00fc kadar,<span class=\"excerpt-hellip\"> [\u2026]<\/span><\/p>\n","protected":false},"featured_media":0,"template":"","meta":{"_monsterinsights_skip_tracking":false,"_monsterinsights_sitenote_active":false,"_monsterinsights_sitenote_note":"","_monsterinsights_sitenote_category":0},"product_brand":[],"product_cat":[18545,12291],"product_tag":[],"class_list":{"0":"post-738436","1":"product","2":"type-product","3":"status-publish","5":"product_cat-anlati","6":"product_cat-edebiyat","7":"pa_cilt-ciltsiz","8":"pa_tur-kitap","9":"pa_yayinevi-nemesis-kitap","10":"pa_yazar-celil-nalcakan","12":"first","13":"instock","14":"sale","15":"shipping-taxable","16":"purchasable","17":"product-type-simple"},"_links":{"self":[{"href":"https:\/\/roveyayinevi.com.tr\/index.php\/wp-json\/wp\/v2\/product\/738436","targetHints":{"allow":["GET"]}}],"collection":[{"href":"https:\/\/roveyayinevi.com.tr\/index.php\/wp-json\/wp\/v2\/product"}],"about":[{"href":"https:\/\/roveyayinevi.com.tr\/index.php\/wp-json\/wp\/v2\/types\/product"}],"wp:attachment":[{"href":"https:\/\/roveyayinevi.com.tr\/index.php\/wp-json\/wp\/v2\/media?parent=738436"}],"wp:term":[{"taxonomy":"product_brand","embeddable":true,"href":"https:\/\/roveyayinevi.com.tr\/index.php\/wp-json\/wp\/v2\/product_brand?post=738436"},{"taxonomy":"product_cat","embeddable":true,"href":"https:\/\/roveyayinevi.com.tr\/index.php\/wp-json\/wp\/v2\/product_cat?post=738436"},{"taxonomy":"product_tag","embeddable":true,"href":"https:\/\/roveyayinevi.com.tr\/index.php\/wp-json\/wp\/v2\/product_tag?post=738436"}],"curies":[{"name":"wp","href":"https:\/\/api.w.org\/{rel}","templated":true}]}}