{"id":738426,"date":"2025-08-27T23:49:26","date_gmt":"2025-08-27T20:49:26","guid":{"rendered":"https:\/\/roveyayinevi.com.tr\/index.php\/urun\/ic-asya-tarihi-cengizliler-cagi\/"},"modified":"2026-04-16T02:48:40","modified_gmt":"2026-04-15T23:48:40","slug":"ic-asya-tarihi-cengizliler-cagi","status":"publish","type":"product","link":"https:\/\/roveyayinevi.com.tr\/index.php\/urun\/ic-asya-tarihi-cengizliler-cagi\/","title":{"rendered":"\u0130\u00e7 Asya Tarihi- Cengizliler \u00c7a\u011f\u0131"},"content":{"rendered":"<p>Do\u011fuda Man\u00e7urya ormanlar\u0131ndan bat\u0131da Karadeniz\u2019e, kuzeyde Sibirya\u2019dan g\u00fcneyde Hint altk\u0131tas\u0131na do\u011fru uzanan bozk\u0131rlar y\u00fczy\u0131llar boyunca d\u00fcnya tarihinin en \u00f6nemli devletlerine yurt olmu\u015f \u0130\u00e7 Asya b\u00f6lgesinin s\u0131n\u0131rlar\u0131n\u0131 olu\u015fturuyor. \u0130\u00e7 Asya Tarihi bu engin topraklar \u00fczerinde 13. y\u00fczy\u0131lda kurulan Mo\u011fol Cihan \u0130mparatorlu\u011fu\u2019nun modern d\u00fcnya \u00fczerindeki tesirlerini de i\u00e7erecek \u015fekilde 19. y\u00fczy\u0131lda b\u00f6lgeye \u00c7in ve Rus hegemonyas\u0131n\u0131n kurulmas\u0131na de\u011fin uzanan tarihini ve miras\u0131n\u0131 konu ediniyor. Cambridge \u00dcniversitesi Yay\u0131nlar\u0131 b\u00fcnyesinde, her biri alan\u0131n\u0131n \u00f6nde gelen ismi olan \u00e7ok say\u0131da bilim insan\u0131n\u0131n katk\u0131lar\u0131yla haz\u0131rlanan \u0130\u00e7 Asya Tarihi: Cengizliler \u00c7a\u011f\u0131, Mo\u011fol \u0130mparatorlu\u011fu\u2019nun siyas\u00ee ve k\u00fclt\u00fcrel tarihini, Cengizli halef devletlerini ve bu canlan\u0131\u015f s\u0131ras\u0131nda \u0130\u00e7 Asya\u2019ya egemen olmak \u00fczere gelen di\u011fer hanedanlar\u0131 ele al\u0131yor. Cengizliler \u00e7a\u011f\u0131, d\u00fcnya tarihinde Asya ile Avrupa\u2019n\u0131n entegrasyonuna giden s\u00fcre\u00e7te b\u00fcy\u00fck bir ad\u0131md\u0131 ve Avrupa, K\u00fc\u00e7\u00fck Asya Yak\u0131n Do\u011fu ve Kuzey Afrika\u2019daki d\u00fcnya bilincini Mo\u011fol kontrol\u00fcndeki sahalara yayd\u0131. Kore, \u00c7in, Hindistan, Rusya ve K\u0131r\u0131m\u2019dan Yemen ve M\u0131s\u0131r\u2019a kadarki Cengizli idarelerinde \u00e7ok dilli s\u00f6zl\u00fckler ve gramer kitaplar\u0131 haz\u0131rland\u0131. Bir\u00e7ok a\u00e7\u0131dan Mo\u011fol \u0130mparatorlu\u011fu modern d\u00f6nem \u00f6ncesindeki d\u00fcnya sistemlerinin bir doruk noktas\u0131n\u0131 te\u015fkil etmi\u015fti. Sistem, Timurlu d\u00f6neminde par\u00e7alanmaya ba\u015flad\u0131\u011f\u0131ndaysa Avrupa; Asya\u2019n\u0131n g\u00fcneydo\u011fusu, g\u00fcneyi ve do\u011fusu ile daha ba\u015fka ba\u011flant\u0131lar kurmak \u00fczere \u201cke\u015fif yolculuklar\u0131\u201d yapmak te\u015febb\u00fcs\u00fcyle gemilerine atlad\u0131 ki bu, Modern D\u00fcnya Sistemi\u2019ni haber veriyordu. Nicola Di Cosmo, Allen J. Frank ve Peter B. Golden edit\u00f6rl\u00fc\u011f\u00fcnde haz\u0131rlanan \u0130\u00e7 Asya Tarihi: Cengizliler \u00c7a\u011f\u0131 bu co\u011frafya \u00fczerinde kurulmu\u015f en parlak y\u00f6netim olan Cengizli \u0130mparatorlu\u011fu\u2019nun olu\u015fum s\u00fcrecini, fetihlerini, Cengiz Han\u2019\u0131n b\u0131rakt\u0131\u011f\u0131 miras do\u011frultusunda kurulan yeni devlet ve rejimlerin d\u00fcnya tarihindeki \u00f6nemini ortaya koymak ad\u0131na yeni ara\u015ft\u0131rma y\u00f6ntemleri ve yakla\u015f\u0131mlar\u0131 ortaya koyuyor.  \u0130\u00e7 Asya Tarihi, bug\u00fcnk\u00fc yazg\u0131s\u0131 Rusya ve \u00c7in taraf\u0131ndan g\u00f6lgelenmi\u015f b\u00f6lgenin \u00f6nemini g\u00f6zler \u00f6n\u00fcne seren bir ba\u015fucu eseri. <\/p>\n","protected":false},"excerpt":{"rendered":"<p>Do\u011fuda Man\u00e7urya ormanlar\u0131ndan bat\u0131da Karadeniz\u2019e, kuzeyde Sibirya\u2019dan g\u00fcneyde Hint altk\u0131tas\u0131na do\u011fru uzanan bozk\u0131rlar y\u00fczy\u0131llar boyunca d\u00fcnya tarihinin en \u00f6nemli devletlerine yurt olmu\u015f \u0130\u00e7 Asya b\u00f6lgesinin s\u0131n\u0131rlar\u0131n\u0131<span class=\"excerpt-hellip\"> [\u2026]<\/span><\/p>\n","protected":false},"featured_media":0,"template":"","meta":{"_monsterinsights_skip_tracking":false,"_monsterinsights_sitenote_active":false,"_monsterinsights_sitenote_note":"","_monsterinsights_sitenote_category":0},"product_brand":[],"product_cat":[12312,12304],"product_tag":[],"class_list":{"0":"post-738426","1":"product","2":"type-product","3":"status-publish","5":"product_cat-diger","6":"product_cat-tarih","7":"pa_cilt-ciltsiz","8":"pa_tur-kitap","9":"pa_yayinevi-kronik-kitap","10":"pa_yazar-kronik-kitap-kolektif","12":"first","13":"instock","14":"sale","15":"shipping-taxable","16":"purchasable","17":"product-type-simple"},"_links":{"self":[{"href":"https:\/\/roveyayinevi.com.tr\/index.php\/wp-json\/wp\/v2\/product\/738426","targetHints":{"allow":["GET"]}}],"collection":[{"href":"https:\/\/roveyayinevi.com.tr\/index.php\/wp-json\/wp\/v2\/product"}],"about":[{"href":"https:\/\/roveyayinevi.com.tr\/index.php\/wp-json\/wp\/v2\/types\/product"}],"wp:attachment":[{"href":"https:\/\/roveyayinevi.com.tr\/index.php\/wp-json\/wp\/v2\/media?parent=738426"}],"wp:term":[{"taxonomy":"product_brand","embeddable":true,"href":"https:\/\/roveyayinevi.com.tr\/index.php\/wp-json\/wp\/v2\/product_brand?post=738426"},{"taxonomy":"product_cat","embeddable":true,"href":"https:\/\/roveyayinevi.com.tr\/index.php\/wp-json\/wp\/v2\/product_cat?post=738426"},{"taxonomy":"product_tag","embeddable":true,"href":"https:\/\/roveyayinevi.com.tr\/index.php\/wp-json\/wp\/v2\/product_tag?post=738426"}],"curies":[{"name":"wp","href":"https:\/\/api.w.org\/{rel}","templated":true}]}}