{"id":738424,"date":"2025-08-27T23:49:25","date_gmt":"2025-08-27T20:49:25","guid":{"rendered":"https:\/\/roveyayinevi.com.tr\/index.php\/urun\/fuhrer-icin-uctum\/"},"modified":"2026-04-16T02:48:40","modified_gmt":"2026-04-15T23:48:40","slug":"fuhrer-icin-uctum","status":"publish","type":"product","link":"https:\/\/roveyayinevi.com.tr\/index.php\/urun\/fuhrer-icin-uctum\/","title":{"rendered":"F\u00fchrer \u0130\u00e7in U\u00e7tum"},"content":{"rendered":"<p>\u201cAlman \u015fehirlerini maruz kald\u0131klar\u0131 aral\u0131ks\u0131z bombard\u0131mana kar\u015f\u0131 savunan Alman avc\u0131 pilotlar\u0131, askerlik \u00fclk\u00fcs\u00fc ve Nazi propagandas\u0131n\u0131n y\u00fcceltti\u011fi kendini feda idealine \u00e7ok daha yak\u0131nd\u0131lar.\u201d Richard Overy Nazi Almanyas\u0131\u2019n\u0131n \u0130kinci D\u00fcnya Sava\u015f\u0131\u2019ndaki se\u00e7kin as pilotlar\u0131ndan biri olan Knoke, sava\u015f s\u0131ras\u0131nda ba\u015f\u0131ndan ge\u00e7enleri bu \u00e7arp\u0131c\u0131 hat\u0131ratta topluyor. S\u0131radan bir Alman gencinin y\u0131llar i\u00e7inde usta bir avc\u0131 pilota d\u00f6n\u00fc\u015f\u00fcn\u00fc t\u00fcm \u00e7\u0131plakl\u0131\u011f\u0131yla g\u00f6zler \u00f6n\u00fcne sererken, havac\u0131l\u0131k tarihi i\u00e7in de silinmez bir iz b\u0131rak\u0131yor. Zek\u00e2s\u0131 ve ba\u015far\u0131lar\u0131yla filo komutanl\u0131\u011f\u0131na kadar y\u00fckselen Knoke, 2.000\u2019in \u00fczerinde sorti yap\u0131p ola\u011fan\u00fcst\u00fc cesareti ve avc\u0131 i\u00e7g\u00fcd\u00fcleriyle elli iki d\u00fc\u015fman u\u00e7a\u011f\u0131 d\u00fc\u015f\u00fcrmeyi ba\u015fard\u0131. Reich savunmas\u0131 s\u0131ras\u0131nda yaralanmadan \u00f6nce d\u00f6rt y\u00fczden fazla operasyonel g\u00f6reve \u00e7\u0131kt\u0131. G\u00f6sterdi\u011fi \u00fcst\u00fcn ba\u015far\u0131lar\u0131ndan \u00f6t\u00fcr\u00fc \u015e\u00f6valye Ha\u00e7\u0131\u2019yla taltif edildi. Knoke, Avrupa semalar\u0131nda icra etti\u011fi g\u00f6revler s\u0131ras\u0131nda M\u00fcttefiklerle girdi\u011fi nefes kesen it dala\u015flar\u0131ndan \u00f6l\u00fcmle burun buruna geli\u015fine, bombard\u0131man u\u00e7aklar\u0131n\u0131 d\u00fc\u015f\u00fcrmek i\u00e7in kulland\u0131\u011f\u0131 al\u0131\u015f\u0131lmad\u0131k taktiklerden Reichsmarschall G\u00f6ring\u2019le g\u00f6r\u00fc\u015fmesine, Alman g\u00f6klerini savunurken vurulu\u015fundan e\u015fiyle sava\u015f sonras\u0131nda Berlin sokaklar\u0131nda dola\u015fmas\u0131na kadar ba\u015f\u0131ndan ge\u00e7en her \u015feyi i\u00e7tenlikle anlat\u0131yor. \u201cF\u00fchrer \u0130\u00e7in U\u00e7tum &#8211; Bir Luftwaffe Avc\u0131 Pilotunun An\u0131lar\u0131\u201d, \u0130kinci D\u00fcnya Sava\u015f\u0131\u2019n\u0131n g\u00f6klerde ge\u00e7en destans\u0131 m\u00fccadelelerinden okuyucuya \u00e7arp\u0131c\u0131 bir kesit sunuyor.<\/p>\n","protected":false},"excerpt":{"rendered":"<p>\u201cAlman \u015fehirlerini maruz kald\u0131klar\u0131 aral\u0131ks\u0131z bombard\u0131mana kar\u015f\u0131 savunan Alman avc\u0131 pilotlar\u0131, askerlik \u00fclk\u00fcs\u00fc ve Nazi propagandas\u0131n\u0131n y\u00fcceltti\u011fi kendini feda idealine \u00e7ok daha yak\u0131nd\u0131lar.\u201d Richard Overy Nazi<span class=\"excerpt-hellip\"> [\u2026]<\/span><\/p>\n","protected":false},"featured_media":0,"template":"","meta":{"_monsterinsights_skip_tracking":false,"_monsterinsights_sitenote_active":false,"_monsterinsights_sitenote_note":"","_monsterinsights_sitenote_category":0},"product_brand":[],"product_cat":[12312,12304],"product_tag":[],"class_list":{"0":"post-738424","1":"product","2":"type-product","3":"status-publish","5":"product_cat-diger","6":"product_cat-tarih","7":"pa_cilt-ciltsiz","8":"pa_tur-kitap","9":"pa_yayinevi-kronik-kitap","10":"pa_yazar-heinz-knoke","12":"first","13":"instock","14":"sale","15":"shipping-taxable","16":"purchasable","17":"product-type-simple"},"_links":{"self":[{"href":"https:\/\/roveyayinevi.com.tr\/index.php\/wp-json\/wp\/v2\/product\/738424","targetHints":{"allow":["GET"]}}],"collection":[{"href":"https:\/\/roveyayinevi.com.tr\/index.php\/wp-json\/wp\/v2\/product"}],"about":[{"href":"https:\/\/roveyayinevi.com.tr\/index.php\/wp-json\/wp\/v2\/types\/product"}],"wp:attachment":[{"href":"https:\/\/roveyayinevi.com.tr\/index.php\/wp-json\/wp\/v2\/media?parent=738424"}],"wp:term":[{"taxonomy":"product_brand","embeddable":true,"href":"https:\/\/roveyayinevi.com.tr\/index.php\/wp-json\/wp\/v2\/product_brand?post=738424"},{"taxonomy":"product_cat","embeddable":true,"href":"https:\/\/roveyayinevi.com.tr\/index.php\/wp-json\/wp\/v2\/product_cat?post=738424"},{"taxonomy":"product_tag","embeddable":true,"href":"https:\/\/roveyayinevi.com.tr\/index.php\/wp-json\/wp\/v2\/product_tag?post=738424"}],"curies":[{"name":"wp","href":"https:\/\/api.w.org\/{rel}","templated":true}]}}