{"id":738417,"date":"2025-08-27T23:49:18","date_gmt":"2025-08-27T20:49:18","guid":{"rendered":"https:\/\/roveyayinevi.com.tr\/index.php\/urun\/morg-olumun-icinde-yasam\/"},"modified":"2025-11-12T07:43:20","modified_gmt":"2025-11-12T04:43:20","slug":"morg-olumun-icinde-yasam","status":"publish","type":"product","link":"https:\/\/roveyayinevi.com.tr\/index.php\/urun\/morg-olumun-icinde-yasam\/","title":{"rendered":"Morg &#8211; \u00d6l\u00fcm\u00fcn \u0130\u00e7inde Ya\u015fam"},"content":{"rendered":"<p>40 YILLIK ADL\u0130 TIP KAR\u0130YER\u0130, 9.000 OTOPS\u0130 RAPORU, 9 C\u0130NAYET VE TAR\u0130HE GE\u00c7M\u0130\u015e, SIR DOLU DAVALAR     Ger\u00e7eklerin t\u00fcm \u00e7\u0131plakl\u0131\u011f\u0131yla g\u00f6zler \u00f6n\u00fcne serildi\u011fi bu cesur ve b\u00fcy\u00fcleyici anlat\u0131da Dr. Vincent Di Maio ve usta su\u00e7 yazar\u0131 Ron Franscell bizleri morg kap\u0131lar\u0131n\u0131n ard\u0131nda ge\u00e7en, hayret verici otopsilerin ger\u00e7ekle\u015ftirildi\u011fi bir yolculu\u011fa \u00e7\u0131kar\u0131yor.   Kennedy suikast\u0131 zanl\u0131s\u0131 Lee Harvey Oswald\u2019a mezar\u0131ndan \u00e7\u0131kar\u0131l\u0131p yap\u0131lan ikinci otopsi ve Trayvon Martin\u2019in vurulmas\u0131yla ilgili ara\u015ft\u0131rma gibi d\u00fcnyada ses getirmi\u015f \u00f6l\u00fcmlerde adli tabip olarak yer alan, yirmi be\u015f binden fazla otopsi incelemi\u015f, Amerika Birle\u015fik Devletleri\u2019nde ba\u015far\u0131s\u0131 ve m\u00fcthi\u015f sezgileriyle nam salan, d\u00fcnyan\u0131n farkl\u0131 yerlerindeki \u015f\u00fcpheli \u00f6l\u00fcm vakalar\u0131 i\u00e7in dan\u0131\u015fmanl\u0131k yapm\u0131\u015f Dr. Vincent Di Maio\u2019nun deneyimleri bu s\u0131r dolu alan \u00fczerine okumak isteyenler i\u00e7in e\u015fsiz bir kaynak niteli\u011finde. <\/p>\n","protected":false},"excerpt":{"rendered":"<p>40 YILLIK ADL\u0130 TIP KAR\u0130YER\u0130, 9.000 OTOPS\u0130 RAPORU, 9 C\u0130NAYET VE TAR\u0130HE GE\u00c7M\u0130\u015e, SIR DOLU DAVALAR Ger\u00e7eklerin t\u00fcm \u00e7\u0131plakl\u0131\u011f\u0131yla g\u00f6zler \u00f6n\u00fcne serildi\u011fi bu cesur ve b\u00fcy\u00fcleyici<span class=\"excerpt-hellip\"> [\u2026]<\/span><\/p>\n","protected":false},"featured_media":0,"template":"","meta":{"_monsterinsights_skip_tracking":false,"_monsterinsights_sitenote_active":false,"_monsterinsights_sitenote_note":"","_monsterinsights_sitenote_category":0},"product_brand":[],"product_cat":[13072,12291],"product_tag":[],"class_list":{"0":"post-738417","1":"product","2":"type-product","3":"status-publish","5":"product_cat-arastirma-inceleme-referans","6":"product_cat-edebiyat","7":"pa_cilt-ciltsiz","8":"pa_tur-kitap","9":"pa_yayinevi-indigo-kitap","10":"pa_yazar-vincent-di-maio-ron-franscell","12":"first","13":"instock","14":"sale","15":"shipping-taxable","16":"purchasable","17":"product-type-simple"},"_links":{"self":[{"href":"https:\/\/roveyayinevi.com.tr\/index.php\/wp-json\/wp\/v2\/product\/738417","targetHints":{"allow":["GET"]}}],"collection":[{"href":"https:\/\/roveyayinevi.com.tr\/index.php\/wp-json\/wp\/v2\/product"}],"about":[{"href":"https:\/\/roveyayinevi.com.tr\/index.php\/wp-json\/wp\/v2\/types\/product"}],"wp:attachment":[{"href":"https:\/\/roveyayinevi.com.tr\/index.php\/wp-json\/wp\/v2\/media?parent=738417"}],"wp:term":[{"taxonomy":"product_brand","embeddable":true,"href":"https:\/\/roveyayinevi.com.tr\/index.php\/wp-json\/wp\/v2\/product_brand?post=738417"},{"taxonomy":"product_cat","embeddable":true,"href":"https:\/\/roveyayinevi.com.tr\/index.php\/wp-json\/wp\/v2\/product_cat?post=738417"},{"taxonomy":"product_tag","embeddable":true,"href":"https:\/\/roveyayinevi.com.tr\/index.php\/wp-json\/wp\/v2\/product_tag?post=738417"}],"curies":[{"name":"wp","href":"https:\/\/api.w.org\/{rel}","templated":true}]}}