{"id":738407,"date":"2025-08-27T23:49:07","date_gmt":"2025-08-27T20:49:07","guid":{"rendered":"https:\/\/roveyayinevi.com.tr\/index.php\/urun\/cin-ve-dunyanin-gelecegi-yeni-buyuk-guc-ve-ticaret-teknoloji-pandemi-savaslari\/"},"modified":"2026-04-16T02:48:39","modified_gmt":"2026-04-15T23:48:39","slug":"cin-ve-dunyanin-gelecegi-yeni-buyuk-guc-ve-ticaret-teknoloji-pandemi-savaslari","status":"publish","type":"product","link":"https:\/\/roveyayinevi.com.tr\/index.php\/urun\/cin-ve-dunyanin-gelecegi-yeni-buyuk-guc-ve-ticaret-teknoloji-pandemi-savaslari\/","title":{"rendered":"\u00c7in ve D\u00fcnyan\u0131n Gelece\u011fi \u2013 Yeni B\u00fcy\u00fck G\u00fc\u00e7 ve Ticaret, Teknoloji, Pandemi Sava\u015flar\u0131"},"content":{"rendered":"<p>\u00c7in ekonomisi yakla\u015f\u0131k on y\u0131ld\u0131r bir\u00e7ok dalda ABD ile birincilik i\u00e7in yar\u0131\u015f\u0131yor, k\u00e2h ilk k\u00e2h ikinci s\u0131rada yer al\u0131yor. 80\u2019li y\u0131llarda ekonomisi hen\u00fcz T\u00fcrkiye\u2019ye denk b\u00fcy\u00fckl\u00fckte olan \u00c7in, g\u00fcn\u00fcm\u00fczde d\u00fcnyan\u0131n en b\u00fcy\u00fck ihracat\u00e7\u0131s\u0131, ikinci b\u00fcy\u00fck ithalat\u00e7\u0131s\u0131 ve en b\u00fcy\u00fck d\u00f6viz rezervlerine sahip \u00fclkesi. Bu durum d\u00fcnyan\u0131n yeni b\u00fcy\u00fck g\u00fcc\u00fcn\u00fcn gezegenimizdeki herkesin ya\u015fam\u0131na bir \u015fekilde de\u011fen etki alan\u0131n\u0131 geni\u015fletirken, bu dev \u00fclkenin d\u00fcnyadaki potansiyel a\u011f\u0131rl\u0131\u011f\u0131n\u0131 da s\u00fcrekli art\u0131r\u0131yor. D\u00fcnyan\u0131n gelece\u011fini \u00c7in\u2019i hesaba katmadan konu\u015fmak art\u0131k olanaks\u0131z. \u00c7in \u00fczerine yapt\u0131\u011f\u0131 uzun soluklu ara\u015ft\u0131rmalar ve \u00e7al\u0131\u015fmalarla tan\u0131nan Fatih Oktay, \u00c7in. Ekonomi ve Politika\u2019n\u0131n ard\u0131ndan kaleme ald\u0131\u011f\u0131 bu yeni kitapta, \u00f6nceki hacimli \u00e7al\u0131\u015fmas\u0131n\u0131 daha kolay okunabilecek bir boyutta \u00f6zetlerken, \u00c7in\u2019de ba\u015flay\u0131p t\u00fcm d\u00fcnyaya yay\u0131lan Covid-19 pandemisini ve Trump sonras\u0131 d\u00f6nemi kapsayan yeni ba\u015fl\u0131klarla da g\u00fcncelliyor. \u00c7in ve D\u00fcnyan\u0131n Gelece\u011fi, yeni b\u00fcy\u00fck g\u00fcc\u00fcn y\u00fckseli\u015finin ard\u0131ndaki tarihsel, siyasal ve ekonomik s\u00fcre\u00e7leri herkesin anlayabilece\u011fi bir \u015fekilde g\u00f6zler \u00f6n\u00fcne sererken, ticaret, teknoloji ve pandemi sava\u015flar\u0131n\u0131 da mercek alt\u0131na al\u0131yor. <\/p>\n","protected":false},"excerpt":{"rendered":"<p>\u00c7in ekonomisi yakla\u015f\u0131k on y\u0131ld\u0131r bir\u00e7ok dalda ABD ile birincilik i\u00e7in yar\u0131\u015f\u0131yor, k\u00e2h ilk k\u00e2h ikinci s\u0131rada yer al\u0131yor. 80\u2019li y\u0131llarda ekonomisi hen\u00fcz T\u00fcrkiye\u2019ye denk b\u00fcy\u00fckl\u00fckte<span class=\"excerpt-hellip\"> [\u2026]<\/span><\/p>\n","protected":false},"featured_media":0,"template":"","meta":{"_monsterinsights_skip_tracking":false,"_monsterinsights_sitenote_active":false,"_monsterinsights_sitenote_note":"","_monsterinsights_sitenote_category":0},"product_brand":[],"product_cat":[13072,12291],"product_tag":[],"class_list":{"0":"post-738407","1":"product","2":"type-product","3":"status-publish","5":"product_cat-arastirma-inceleme-referans","6":"product_cat-edebiyat","7":"pa_cilt-ciltsiz","8":"pa_tur-kitap","9":"pa_yayinevi-is-bankasi-kultur-yayinlari","10":"pa_yazar-fatih-oktay","12":"first","13":"instock","14":"sale","15":"shipping-taxable","16":"purchasable","17":"product-type-simple"},"_links":{"self":[{"href":"https:\/\/roveyayinevi.com.tr\/index.php\/wp-json\/wp\/v2\/product\/738407","targetHints":{"allow":["GET"]}}],"collection":[{"href":"https:\/\/roveyayinevi.com.tr\/index.php\/wp-json\/wp\/v2\/product"}],"about":[{"href":"https:\/\/roveyayinevi.com.tr\/index.php\/wp-json\/wp\/v2\/types\/product"}],"wp:attachment":[{"href":"https:\/\/roveyayinevi.com.tr\/index.php\/wp-json\/wp\/v2\/media?parent=738407"}],"wp:term":[{"taxonomy":"product_brand","embeddable":true,"href":"https:\/\/roveyayinevi.com.tr\/index.php\/wp-json\/wp\/v2\/product_brand?post=738407"},{"taxonomy":"product_cat","embeddable":true,"href":"https:\/\/roveyayinevi.com.tr\/index.php\/wp-json\/wp\/v2\/product_cat?post=738407"},{"taxonomy":"product_tag","embeddable":true,"href":"https:\/\/roveyayinevi.com.tr\/index.php\/wp-json\/wp\/v2\/product_tag?post=738407"}],"curies":[{"name":"wp","href":"https:\/\/api.w.org\/{rel}","templated":true}]}}