{"id":738362,"date":"2025-08-27T23:48:20","date_gmt":"2025-08-27T20:48:20","guid":{"rendered":"https:\/\/roveyayinevi.com.tr\/index.php\/urun\/refah-ekonomisi-ve-esitsizlik\/"},"modified":"2026-04-16T02:48:38","modified_gmt":"2026-04-15T23:48:38","slug":"refah-ekonomisi-ve-esitsizlik","status":"publish","type":"product","link":"https:\/\/roveyayinevi.com.tr\/index.php\/urun\/refah-ekonomisi-ve-esitsizlik\/","title":{"rendered":"Refah Ekonomisi ve E\u015fitsizlik"},"content":{"rendered":"<p>K\u00fcreselle\u015fme insan\u0131 ve do\u011fal kaynaklar\u0131 ac\u0131mas\u0131zca t\u00fcketti\u011fi bir ortama do\u011fru s\u00fcr\u00fcklerken bu kitap refah ekonomisi alan\u0131na ve e\u015fitsizlik kavram\u0131na zengin bir arka plan sunuyor. Katk\u0131da bulunan yazarlar e\u015fitsizli\u011fi, t\u00fcketim ve bor\u00e7lanma olgular\u0131na, istihdam piyasalar\u0131na, servet ve gelir da\u011f\u0131l\u0131mlar\u0131na, kurumsal yap\u0131ya, mek\u00e2n kavram\u0131na, her t\u00fcr ayr\u0131mc\u0131l\u0131\u011fa ve k\u00fcresel e\u015fitsizli\u011fin ekonomi politi\u011fine odaklanarak, farkl\u0131 yakla\u015f\u0131mlarla \u00f6zg\u00fcrce tart\u0131\u015f\u0131yorlar. Prof. Dr. Fatma Do\u011fruel Marmara \u00dcniversitesi Refah artt\u0131k\u00e7a e\u015fitsizlik azalacakm\u0131\u015f gibi g\u00f6r\u00fcnse de bazen tam tersi olabiliyor; refah artt\u0131k\u00e7a e\u015fitsizlik b\u00fcy\u00fcyebiliyor. Bu kitap ekonomi biliminin \u00e7ok \u00f6nemli ama nispeten az i\u015flenmi\u015f konular\u0131n\u0131 ele al\u0131p de\u011ferlendiren \u00f6nemli bir kitap. Mutlaka okunmal\u0131. Bilgi da\u011farc\u0131\u011f\u0131n\u0131za katk\u0131 yapt\u0131\u011f\u0131n\u0131 g\u00f6receksiniz. Dr. Mahfi E\u011filmez Refah analizi ekonomi biliminin temel kavramlar\u0131ndan birisi ve belki de ana ekseni. Ekonomide refah kavram\u0131n\u0131n, ekonomi politi\u011fin t\u00fcm boyutlar\u0131yla ele al\u0131nd\u0131\u011f\u0131, \u00e7ok \u00f6nemli bir katk\u0131. Prof. Dr. A. Erin\u00e7 Yeldan Kadir Has \u00dcniversitesi Yazarlar: \u00d6mer Faruk \u00c7olak (Edit\u00f6r), Leyla Firuze Arda \u00d6zalp (Edit\u00f6r), Ay\u00e7a Berna G\u00f6rmez, Meltem Day\u0131o\u011flu, Murat Gu\u0308ray K\u0131rdar, Emine Kef, Pelin K\u0131l\u0131\u00e7arslan, Saniye Dedeo\u011flu, \u00c7isel Ekiz G\u00f6kmen, Aysun Dan\u0131\u015fman, Fatma Esra Soylu, Erdem Se\u00e7ilmi\u015f, E\u015fref U\u011fur \u00c7elik, Adem Yavuz Elveren<\/p>\n","protected":false},"excerpt":{"rendered":"<p>K\u00fcreselle\u015fme insan\u0131 ve do\u011fal kaynaklar\u0131 ac\u0131mas\u0131zca t\u00fcketti\u011fi bir ortama do\u011fru s\u00fcr\u00fcklerken bu kitap refah ekonomisi alan\u0131na ve e\u015fitsizlik kavram\u0131na zengin bir arka plan sunuyor. Katk\u0131da bulunan<span class=\"excerpt-hellip\"> [\u2026]<\/span><\/p>\n","protected":false},"featured_media":0,"template":"","meta":{"_monsterinsights_skip_tracking":false,"_monsterinsights_sitenote_active":false,"_monsterinsights_sitenote_note":"","_monsterinsights_sitenote_category":0},"product_brand":[],"product_cat":[20333,13043],"product_tag":[],"class_list":{"0":"post-738362","1":"product","2":"type-product","3":"status-publish","5":"product_cat-diger-ekonomi","6":"product_cat-ekonomi","7":"pa_cilt-ciltsiz","8":"pa_tur-kitap","9":"pa_yayinevi-efil-yayinevi","10":"pa_yazar-efil-yayinevi-kolektif","12":"first","13":"instock","14":"sale","15":"shipping-taxable","16":"purchasable","17":"product-type-simple"},"_links":{"self":[{"href":"https:\/\/roveyayinevi.com.tr\/index.php\/wp-json\/wp\/v2\/product\/738362","targetHints":{"allow":["GET"]}}],"collection":[{"href":"https:\/\/roveyayinevi.com.tr\/index.php\/wp-json\/wp\/v2\/product"}],"about":[{"href":"https:\/\/roveyayinevi.com.tr\/index.php\/wp-json\/wp\/v2\/types\/product"}],"wp:attachment":[{"href":"https:\/\/roveyayinevi.com.tr\/index.php\/wp-json\/wp\/v2\/media?parent=738362"}],"wp:term":[{"taxonomy":"product_brand","embeddable":true,"href":"https:\/\/roveyayinevi.com.tr\/index.php\/wp-json\/wp\/v2\/product_brand?post=738362"},{"taxonomy":"product_cat","embeddable":true,"href":"https:\/\/roveyayinevi.com.tr\/index.php\/wp-json\/wp\/v2\/product_cat?post=738362"},{"taxonomy":"product_tag","embeddable":true,"href":"https:\/\/roveyayinevi.com.tr\/index.php\/wp-json\/wp\/v2\/product_tag?post=738362"}],"curies":[{"name":"wp","href":"https:\/\/api.w.org\/{rel}","templated":true}]}}