{"id":738361,"date":"2025-08-27T23:48:19","date_gmt":"2025-08-27T20:48:19","guid":{"rendered":"https:\/\/roveyayinevi.com.tr\/index.php\/urun\/osmanlida-avrupa-finans-kapitali\/"},"modified":"2026-04-16T02:48:38","modified_gmt":"2026-04-15T23:48:38","slug":"osmanlida-avrupa-finans-kapitali","status":"publish","type":"product","link":"https:\/\/roveyayinevi.com.tr\/index.php\/urun\/osmanlida-avrupa-finans-kapitali\/","title":{"rendered":"Osmanl\u0131\u2019da Avrupa Finans Kapitali"},"content":{"rendered":"<p>T\u00fcrkiye tam da Avrupa Birli\u011fi\u2019nin g\u00fcndemindeyken, Osmanl\u0131\u2019da Avrupa Finans Kapitali\u2019yle bak\u0131\u015flar\u0131n Osmanl\u0131\u2019n\u0131n son 150 y\u0131l\u0131na -bir ba\u015fka deyi\u015fle T\u00fcrkiye\u2019nin yak\u0131n mali tarihine- \u00e7ekilmesi i\u00e7in bu ara\u015ft\u0131rman\u0131n \u015fu saptamas\u0131 bile tek ba\u015f\u0131na yeterlidir: \u201cII. Mahmud d\u00f6nemiyle ba\u015flayan D\u00fcyun-\u0131 Umumiye\u2019nin kurulu\u015funa kadar ge\u00e7en zaman i\u00e7indeki Osmanl\u0131 tarihi asl\u0131nda t\u00fcm\u00fcyle finans a\u011f\u0131rl\u0131kl\u0131d\u0131r\u2026 Bu d\u00f6nemin Avrupal\u0131s\u0131yla Osmanl\u0131s\u0131 aras\u0131nda finansal ili\u015fkiler ve -hemen ard\u0131ndan da- ticari ili\u015fkiler kurulmam\u0131\u015f olsayd\u0131 Sosyalist Devrim 1917\u2019de Rusya\u2019da de\u011fil -1848\u2019de olmad\u0131 ama- 1860\u2019larda kesinlikle Fransa ya da \u0130ngiltere\u2019de ger\u00e7ekle\u015febilirdi.\u201d Avrupa finans kapitalinin do\u011fu\u015funu, Sanayi Devrimi \u00fclkelerindeki geli\u015fimini ve -\u00f6zellikle- Osmanl\u0131 \u0130mparatorlu\u011fu\u2019nun ekonomik ve siyasi ya\u015fam\u0131na etkisini de\u011ferlendiren; b\u00fct\u00fcn tarihsel ve toplumsal olaylar\u0131n belirleyici nedenini ve temelini ekonomik olaylarda g\u00f6ren tarihsel maddecilik y\u00f6ntemiyle ortaya konmu\u015f, ara\u015ft\u0131rma d\u00f6nemine ili\u015fkin bir\u00e7ok belge ve foto\u011fraf\u0131 da i\u00e7eren bir \u00e7al\u0131\u015fma\u2026 <\/p>\n","protected":false},"excerpt":{"rendered":"<p>T\u00fcrkiye tam da Avrupa Birli\u011fi\u2019nin g\u00fcndemindeyken, Osmanl\u0131\u2019da Avrupa Finans Kapitali\u2019yle bak\u0131\u015flar\u0131n Osmanl\u0131\u2019n\u0131n son 150 y\u0131l\u0131na -bir ba\u015fka deyi\u015fle T\u00fcrkiye\u2019nin yak\u0131n mali tarihine- \u00e7ekilmesi i\u00e7in bu ara\u015ft\u0131rman\u0131n<span class=\"excerpt-hellip\"> [\u2026]<\/span><\/p>\n","protected":false},"featured_media":0,"template":"","meta":{"_monsterinsights_skip_tracking":false,"_monsterinsights_sitenote_active":false,"_monsterinsights_sitenote_note":"","_monsterinsights_sitenote_category":0},"product_brand":[],"product_cat":[13517,12304],"product_tag":[],"class_list":{"0":"post-738361","1":"product","2":"type-product","3":"status-publish","5":"product_cat-osmanli-tarihi","6":"product_cat-tarih","7":"pa_cilt-ciltsiz","8":"pa_tur-kitap","9":"pa_yayinevi-efil-yayinevi","10":"pa_yazar-haydar-kazgan","12":"first","13":"instock","14":"sale","15":"shipping-taxable","16":"purchasable","17":"product-type-simple"},"_links":{"self":[{"href":"https:\/\/roveyayinevi.com.tr\/index.php\/wp-json\/wp\/v2\/product\/738361","targetHints":{"allow":["GET"]}}],"collection":[{"href":"https:\/\/roveyayinevi.com.tr\/index.php\/wp-json\/wp\/v2\/product"}],"about":[{"href":"https:\/\/roveyayinevi.com.tr\/index.php\/wp-json\/wp\/v2\/types\/product"}],"wp:attachment":[{"href":"https:\/\/roveyayinevi.com.tr\/index.php\/wp-json\/wp\/v2\/media?parent=738361"}],"wp:term":[{"taxonomy":"product_brand","embeddable":true,"href":"https:\/\/roveyayinevi.com.tr\/index.php\/wp-json\/wp\/v2\/product_brand?post=738361"},{"taxonomy":"product_cat","embeddable":true,"href":"https:\/\/roveyayinevi.com.tr\/index.php\/wp-json\/wp\/v2\/product_cat?post=738361"},{"taxonomy":"product_tag","embeddable":true,"href":"https:\/\/roveyayinevi.com.tr\/index.php\/wp-json\/wp\/v2\/product_tag?post=738361"}],"curies":[{"name":"wp","href":"https:\/\/api.w.org\/{rel}","templated":true}]}}

Osmanlı’da Avrupa Finans Kapitali

<p>Türkiye tam da Avrupa Birliği’nin gündemindeyken, Osmanlı’da Avrupa Finans Kapitali’yle bakışların Osmanlı’nın son 150 yılına -bir başka deyişle Türkiye’nin yakın mali tarihine- çekilmesi için bu araştırmanın şu saptaması bile tek başına yeterlidir: “II. Mahmud dönemiyle başlayan Düyun-ı Umumiye’nin kuruluşuna kadar geçen zaman içindeki Osmanlı tarihi aslında tümüyle finans ağırlıklıdır… Bu dönemin Avrupalısıyla Osmanlısı arasında finansal ilişkiler ve -hemen ardından da- ticari ilişkiler kurulmamış olsaydı Sosyalist Devrim 1917’de Rusya’da değil -1848’de olmadı ama- 1860’larda kesinlikle Fransa ya da İngiltere’de gerçekleşebilirdi.” Avrupa finans kapitalinin doğuşunu, Sanayi Devrimi ülkelerindeki gelişimini ve -özellikle- Osmanlı İmparatorluğu’nun ekonomik ve siyasi yaşamına etkisini değerlendiren; bütün tarihsel ve toplumsal olayların belirleyici nedenini ve temelini ekonomik olaylarda gören tarihsel maddecilik yöntemiyle ortaya konmuş, araştırma dönemine ilişkin birçok belge ve fotoğrafı da içeren bir çalışma… </p>

<p>Türkiye tam da Avrupa Birliği’nin gündemindeyken, Osmanlı’da Avrupa Finans Kapitali’yle bakışların Osmanlı’nın son 150 yılına -bir başka deyişle Türkiye’nin yakın mali tarihine- çekilmesi için bu araştırmanın<span class="excerpt-hellip"> […]</span></p>
