{"id":738357,"date":"2025-08-27T23:48:16","date_gmt":"2025-08-27T20:48:16","guid":{"rendered":"https:\/\/roveyayinevi.com.tr\/index.php\/urun\/otistik-cocuklara-tuvalet-becerilerinin-ogretimi\/"},"modified":"2026-04-16T02:48:38","modified_gmt":"2026-04-15T23:48:38","slug":"otistik-cocuklara-tuvalet-becerilerinin-ogretimi","status":"publish","type":"product","link":"https:\/\/roveyayinevi.com.tr\/index.php\/urun\/otistik-cocuklara-tuvalet-becerilerinin-ogretimi\/","title":{"rendered":"Otistik \u00c7ocuklara Tuvalet Becerilerinin \u00d6\u011fretimi"},"content":{"rendered":"<p>Bu kitab\u0131n yaz\u0131lmas\u0131ndaki en \u00f6nemli amac\u0131 geleneksel y\u00f6ntemlerin i\u015fe yaramad\u0131\u011f\u0131 otistik \u00e7ocuklarda tuvalet e\u011fitimi i\u00e7in yap\u0131labilecek uyarlamalar ve \u00f6zel y\u00f6ntemlerin aileler ve e\u011fitimcilere aktar\u0131lmas\u0131n\u0131n sa\u011flanmas\u0131 olu\u015fturmaktad\u0131r.   Kitapta tuvalet becerisini kazand\u0131rma s\u00fcrecinin bel kemi\u011fini olu\u015fturan haz\u0131rl\u0131k s\u00fcrecinden ba\u015flayarak yap\u0131labilecek d\u00fczenlemeler ve uyarlamalara, kullan\u0131labilecek y\u00f6ntem ve tekniklere ve s\u0131k\u00e7a kar\u015f\u0131la\u015f\u0131lan sorunlara ili\u015fkin \u00e7\u00f6z\u00fcm \u00f6nerilerine yer verilmi\u015ftir.<\/p>\n","protected":false},"excerpt":{"rendered":"<p>Bu kitab\u0131n yaz\u0131lmas\u0131ndaki en \u00f6nemli amac\u0131 geleneksel y\u00f6ntemlerin i\u015fe yaramad\u0131\u011f\u0131 otistik \u00e7ocuklarda tuvalet e\u011fitimi i\u00e7in yap\u0131labilecek uyarlamalar ve \u00f6zel y\u00f6ntemlerin aileler ve e\u011fitimcilere aktar\u0131lmas\u0131n\u0131n sa\u011flanmas\u0131 olu\u015fturmaktad\u0131r.<span class=\"excerpt-hellip\"> [\u2026]<\/span><\/p>\n","protected":false},"featured_media":0,"template":"","meta":{"_monsterinsights_skip_tracking":false,"_monsterinsights_sitenote_active":false,"_monsterinsights_sitenote_note":"","_monsterinsights_sitenote_category":0},"product_brand":[],"product_cat":[12573,12566],"product_tag":[],"class_list":{"0":"post-738357","1":"product","2":"type-product","3":"status-publish","5":"product_cat-akademik-kitaplar","6":"product_cat-egitim","7":"pa_cilt-ciltsiz","8":"pa_tur-kitap","9":"pa_yayinevi-egiten-kitap","10":"pa_yazar-egiten-kitap-kolektif","12":"first","13":"instock","14":"sale","15":"shipping-taxable","16":"purchasable","17":"product-type-simple"},"_links":{"self":[{"href":"https:\/\/roveyayinevi.com.tr\/index.php\/wp-json\/wp\/v2\/product\/738357","targetHints":{"allow":["GET"]}}],"collection":[{"href":"https:\/\/roveyayinevi.com.tr\/index.php\/wp-json\/wp\/v2\/product"}],"about":[{"href":"https:\/\/roveyayinevi.com.tr\/index.php\/wp-json\/wp\/v2\/types\/product"}],"wp:attachment":[{"href":"https:\/\/roveyayinevi.com.tr\/index.php\/wp-json\/wp\/v2\/media?parent=738357"}],"wp:term":[{"taxonomy":"product_brand","embeddable":true,"href":"https:\/\/roveyayinevi.com.tr\/index.php\/wp-json\/wp\/v2\/product_brand?post=738357"},{"taxonomy":"product_cat","embeddable":true,"href":"https:\/\/roveyayinevi.com.tr\/index.php\/wp-json\/wp\/v2\/product_cat?post=738357"},{"taxonomy":"product_tag","embeddable":true,"href":"https:\/\/roveyayinevi.com.tr\/index.php\/wp-json\/wp\/v2\/product_tag?post=738357"}],"curies":[{"name":"wp","href":"https:\/\/api.w.org\/{rel}","templated":true}]}}