{"id":738351,"date":"2025-08-27T23:48:11","date_gmt":"2025-08-27T20:48:11","guid":{"rendered":"https:\/\/roveyayinevi.com.tr\/index.php\/urun\/insanlar-ve-yanilgilar-insan-nasil-yanilir\/"},"modified":"2026-04-16T02:48:37","modified_gmt":"2026-04-15T23:48:37","slug":"insanlar-ve-yanilgilar-insan-nasil-yanilir","status":"publish","type":"product","link":"https:\/\/roveyayinevi.com.tr\/index.php\/urun\/insanlar-ve-yanilgilar-insan-nasil-yanilir\/","title":{"rendered":"\u0130nsanlar ve Yan\u0131lg\u0131lar &#8211; \u0130nsan Nas\u0131l Yan\u0131l\u0131r?"},"content":{"rendered":"<p>\u0130nsan\u0131n kaderini yan\u0131lg\u0131lar\u0131 belirler. \u0130nsano\u011flu d\u00fcnya \u00fczerinde belirdi\u011fi ilk zamanlardan itibaren beynini kullanarak hayatta kalmaya ve \u00e7evreye uyum sa\u011flamaya \u00e7al\u0131\u015ft\u0131. Evrim s\u00fcrecinde beyni geli\u015firken deneme yan\u0131lma yoluyla \u00f6\u011frenerek bug\u00fcnlere ula\u015ft\u0131. Bu s\u00fcre\u00e7te otobiyografik belle\u011fin geli\u015fmesi bir d\u00f6n\u00fcm noktas\u0131 oldu. \u00c7evreyi alg\u0131lay\u0131\u015f bi\u00e7imi, analiz yapabilmesi, problem \u00e7\u00f6zme becerisi, gelece\u011fi planlayabilmesi ve dil yoluyla ileti\u015fim kurarak kendini ifade edebilmesi ona di\u011fer canl\u0131lar kar\u015f\u0131s\u0131nda \u00fcst\u00fcnl\u00fck sa\u011flad\u0131. Ancak, bu kadar geli\u015fmi\u015f \u00fcst d\u00fczey bili\u015fsel yeteneklerine ra\u011fmen \u00e7ok \u00f6nemli bir a\u00e7\u0131\u011f\u0131 h\u00e2l\u00e2 kapanmad\u0131.\u0130nsan yan\u0131lg\u0131ya olduk\u00e7a yatk\u0131nd\u0131r ve s\u0131k s\u0131k yan\u0131l\u0131r. Geli\u015fmi\u015f ve muhte\u015fem beyni yan\u0131lg\u0131lara kar\u015f\u0131 ba\u011f\u0131\u015f\u0131k de\u011fildir. Ya\u015fam\u0131 yan\u0131lg\u0131larla y\u00fczle\u015ferek ge\u00e7er. Yan\u0131lg\u0131lar\u0131n fark\u0131nda olmaksa insan\u0131n hayatta kalmas\u0131na yard\u0131mc\u0131 olur ve pek \u00e7ok konuda ona avantaj sa\u011flar. Prof. Dr. Tayfun Uzbay \u0130nsanlar ve Yan\u0131lg\u0131lar kitab\u0131 ile bu kez insan\u0131n nas\u0131l yan\u0131ld\u0131\u011f\u0131n\u0131 ele al\u0131yor. Duyu, bellek, zaaf, \u00f6zg\u00fcven, bilgi, potansiyel ve a\u015fk yan\u0131lg\u0131lar\u0131n\u0131n nas\u0131l ortaya \u00e7\u0131kt\u0131\u011f\u0131n\u0131 ve karma\u015f\u0131k bir \u00e7a\u011fda bunlara kar\u015f\u0131 nas\u0131l ba\u011f\u0131\u015f\u0131kl\u0131k kazan\u0131laca\u011f\u0131n\u0131 bilimsel bir manifesto olarak ortaya koyuyor. &#8220;\u00dclkemizde bilim d\u00fcnyas\u0131n\u0131n en \u00f6nemli fig\u00fcrlerinden olan Tayfun Uzbay Hoca\u2019n\u0131n a\u015fkta, bilimde, \u00f6zg\u00fcvende, zihnimizde, belle\u011fimizde, sebeplerde ve sonu\u00e7larda nas\u0131l yan\u0131ld\u0131\u011f\u0131m\u0131z\u0131 g\u00f6steren bu e\u015fsiz kitab\u0131, tam da ihtiya\u00e7 olan bir zamanda \u2018zaman\u0131n ruhunu\u2019 bize a\u00e7\u0131k eyliyor, iyi ki de yap\u0131yor, iyi yap\u0131yor&#8230;&#8221;Prof. Dr. U\u011fur Bat\u0131<\/p>\n","protected":false},"excerpt":{"rendered":"<p>\u0130nsan\u0131n kaderini yan\u0131lg\u0131lar\u0131 belirler. \u0130nsano\u011flu d\u00fcnya \u00fczerinde belirdi\u011fi ilk zamanlardan itibaren beynini kullanarak hayatta kalmaya ve \u00e7evreye uyum sa\u011flamaya \u00e7al\u0131\u015ft\u0131. Evrim s\u00fcrecinde beyni geli\u015firken deneme yan\u0131lma<span class=\"excerpt-hellip\"> [\u2026]<\/span><\/p>\n","protected":false},"featured_media":0,"template":"","meta":{"_monsterinsights_skip_tracking":false,"_monsterinsights_sitenote_active":false,"_monsterinsights_sitenote_note":"","_monsterinsights_sitenote_category":0},"product_brand":[],"product_cat":[12358,12357],"product_tag":[],"class_list":{"0":"post-738351","1":"product","2":"type-product","3":"status-publish","5":"product_cat-genel-psikoloji","6":"product_cat-psikoloji","7":"pa_cilt-ciltsiz","8":"pa_tur-kitap","9":"pa_yayinevi-destek-yayinlari","10":"pa_yazar-tayfun-uzbay","12":"first","13":"instock","14":"sale","15":"shipping-taxable","16":"purchasable","17":"product-type-simple"},"_links":{"self":[{"href":"https:\/\/roveyayinevi.com.tr\/index.php\/wp-json\/wp\/v2\/product\/738351","targetHints":{"allow":["GET"]}}],"collection":[{"href":"https:\/\/roveyayinevi.com.tr\/index.php\/wp-json\/wp\/v2\/product"}],"about":[{"href":"https:\/\/roveyayinevi.com.tr\/index.php\/wp-json\/wp\/v2\/types\/product"}],"wp:attachment":[{"href":"https:\/\/roveyayinevi.com.tr\/index.php\/wp-json\/wp\/v2\/media?parent=738351"}],"wp:term":[{"taxonomy":"product_brand","embeddable":true,"href":"https:\/\/roveyayinevi.com.tr\/index.php\/wp-json\/wp\/v2\/product_brand?post=738351"},{"taxonomy":"product_cat","embeddable":true,"href":"https:\/\/roveyayinevi.com.tr\/index.php\/wp-json\/wp\/v2\/product_cat?post=738351"},{"taxonomy":"product_tag","embeddable":true,"href":"https:\/\/roveyayinevi.com.tr\/index.php\/wp-json\/wp\/v2\/product_tag?post=738351"}],"curies":[{"name":"wp","href":"https:\/\/api.w.org\/{rel}","templated":true}]}}