{"id":738344,"date":"2025-08-27T23:48:05","date_gmt":"2025-08-27T20:48:05","guid":{"rendered":"https:\/\/roveyayinevi.com.tr\/index.php\/urun\/mesuga\/"},"modified":"2026-04-16T02:48:37","modified_gmt":"2026-04-15T23:48:37","slug":"mesuga","status":"publish","type":"product","link":"https:\/\/roveyayinevi.com.tr\/index.php\/urun\/mesuga\/","title":{"rendered":"Me\u015fuga"},"content":{"rendered":"<p>1950\u2019li y\u0131llarda New York\u2019ta, Yidi\u015f dilinde yay\u0131n yapan bir gazetede romanlar tefrika edip \u00f6yk\u00fcler ve k\u00f6\u015fe yaz\u0131lar\u0131 yay\u0131mlayan Polonya as\u0131ll\u0131 Yahudi yazar Aaron Greidinger, Hitler\u2019in toplama kamplar\u0131nda \u00f6ld\u00fc\u011f\u00fcn\u00fc sand\u0131\u011f\u0131 eski arkada\u015f\u0131 Max Aberdam\u2019la yeniden kar\u015f\u0131la\u015f\u0131r. Max onu Eski D\u00fcnya\u2019n\u0131n hayaletleriyle dolu bir d\u00fcnyaya sokacak, nasihat bekleyen sad\u0131k okurlar, yaln\u0131z kad\u0131nlar, g\u00fcvenilmez i\u015fadamlar\u0131, medyumlar ve eski devrimcilerle dolu bu \u00e7evrede Aaron kendi roman ve \u00f6yk\u00fclerinden \u00e7ok farkl\u0131 olmayan ili\u015fkilerin ortas\u0131na d\u00fc\u015fecektir. A\u015fklara ve dostluklara tarihin g\u00f6lgesinin d\u00fc\u015ft\u00fc\u011f\u00fc, z\u0131vanadan \u00e7\u0131km\u0131\u015f bir d\u00fcnyay\u0131 anlatan Me\u015fuga, New York\u2019tan Paris ve Tel Aviv\u2019e uzanan bir kara komedi. \u201cS\u0131rad\u0131\u015f\u0131&#8230; Roman\u0131n Yidi\u015f dilinde \u2018\u00e7\u0131lg\u0131n\u2019 anlam\u0131na gelen ad\u0131, Singer\u2019\u0131n d\u00fcnyay\u0131 bir deliler evi olarak g\u00f6ren karamsar bak\u0131\u015f\u0131n\u0131 akla getirmesinin yan\u0131 s\u0131ra, yazar\u0131n m\u00fcthi\u015f anlat\u0131c\u0131l\u0131k yetene\u011finin \u00f6z\u00fcn\u00fc sergileyen aldat\u0131c\u0131 bi\u00e7imde komik hik\u00e2yesine katt\u0131\u011f\u0131 manik enerjiyi de iletiyor.\u201d Publishers Weekly \u201cHer zamanki gibi d\u00f6rt d\u00f6rtl\u00fck bir anlat\u0131c\u0131 olan Singer, herkesin i\u00e7inde hem Tanr\u0131\u2019dan hem de \u015eeytan\u2019dan bir par\u00e7a bulundu\u011funu ve tutkunun a\u00e7\u0131klanamayacak bir \u015fey oldu\u011funu biliyor.\u201d Library Journal<\/p>\n","protected":false},"excerpt":{"rendered":"<p>1950\u2019li y\u0131llarda New York\u2019ta, Yidi\u015f dilinde yay\u0131n yapan bir gazetede romanlar tefrika edip \u00f6yk\u00fcler ve k\u00f6\u015fe yaz\u0131lar\u0131 yay\u0131mlayan Polonya as\u0131ll\u0131 Yahudi yazar Aaron Greidinger, Hitler\u2019in toplama<span class=\"excerpt-hellip\"> [\u2026]<\/span><\/p>\n","protected":false},"featured_media":0,"template":"","meta":{"_monsterinsights_skip_tracking":false,"_monsterinsights_sitenote_active":false,"_monsterinsights_sitenote_note":"","_monsterinsights_sitenote_category":0},"product_brand":[],"product_cat":[12291,12711],"product_tag":[],"class_list":{"0":"post-738344","1":"product","2":"type-product","3":"status-publish","5":"product_cat-edebiyat","6":"product_cat-roman-oyku","7":"pa_cilt-ciltsiz","8":"pa_tur-kitap","9":"pa_yayinevi-yapi-kredi-yayinlari","10":"pa_yazar-isaac-bashevis-singer","12":"first","13":"instock","14":"sale","15":"shipping-taxable","16":"purchasable","17":"product-type-simple"},"_links":{"self":[{"href":"https:\/\/roveyayinevi.com.tr\/index.php\/wp-json\/wp\/v2\/product\/738344","targetHints":{"allow":["GET"]}}],"collection":[{"href":"https:\/\/roveyayinevi.com.tr\/index.php\/wp-json\/wp\/v2\/product"}],"about":[{"href":"https:\/\/roveyayinevi.com.tr\/index.php\/wp-json\/wp\/v2\/types\/product"}],"wp:attachment":[{"href":"https:\/\/roveyayinevi.com.tr\/index.php\/wp-json\/wp\/v2\/media?parent=738344"}],"wp:term":[{"taxonomy":"product_brand","embeddable":true,"href":"https:\/\/roveyayinevi.com.tr\/index.php\/wp-json\/wp\/v2\/product_brand?post=738344"},{"taxonomy":"product_cat","embeddable":true,"href":"https:\/\/roveyayinevi.com.tr\/index.php\/wp-json\/wp\/v2\/product_cat?post=738344"},{"taxonomy":"product_tag","embeddable":true,"href":"https:\/\/roveyayinevi.com.tr\/index.php\/wp-json\/wp\/v2\/product_tag?post=738344"}],"curies":[{"name":"wp","href":"https:\/\/api.w.org\/{rel}","templated":true}]}}