{"id":738342,"date":"2025-08-27T23:48:03","date_gmt":"2025-08-27T20:48:03","guid":{"rendered":"https:\/\/roveyayinevi.com.tr\/index.php\/urun\/uluslararasi-iliskilerde-metodoloji\/"},"modified":"2026-04-16T02:48:37","modified_gmt":"2026-04-15T23:48:37","slug":"uluslararasi-iliskilerde-metodoloji","status":"publish","type":"product","link":"https:\/\/roveyayinevi.com.tr\/index.php\/urun\/uluslararasi-iliskilerde-metodoloji\/","title":{"rendered":"Uluslararas\u0131 \u0130li\u015fkilerde Metodoloji"},"content":{"rendered":"<p>Uluslararas\u0131 \u0130li\u015fkilerde Metodoloji, teorinin \u00f6n planda oldu\u011fu son d\u00f6nem T\u00fcrk uluslararas\u0131 ili\u015fkiler \u00f6\u011fretiminde \u00f6\u011frenci ve akademisyenlere metodolojinin de \u00f6nemini hat\u0131rlatan bir derleme.   13 b\u00f6l\u00fcmde 17 yazar\u0131n, ilgilendikleri bilmeceleri \u00e7\u00f6zme yolunda kulland\u0131klar\u0131 y\u00f6ntemlerden nas\u0131l haberdar olduklar\u0131n\u0131, bunlar\u0131 ne \u015fekilde ve neden kulland\u0131klar\u0131n\u0131, kar\u015f\u0131la\u015ft\u0131klar\u0131 g\u00fc\u00e7l\u00fckleri ve bunlar\u0131n \u00fcstesinden nas\u0131l geldiklerini, k\u0131saca kendi akademik ser\u00fcvenleri \u0131\u015f\u0131\u011f\u0131nda tecr\u00fcbelerini ve geli\u015ftirdikleri y\u00f6ntem ve bak\u0131\u015f a\u00e7\u0131lar\u0131n\u0131 okuyacaks\u0131n\u0131z. Bu haliyle, didaktik bir anlat\u0131m\u0131n \u00f6tesine ge\u00e7en ve metodoloji \u00f6\u011freniminde ek bir ders kayna\u011f\u0131 niteli\u011fiyle alandaki T\u00fcrk\u00e7e kaynak ihtiyac\u0131na da cevap veren kitap, genel olarak uluslararas\u0131 ili\u015fkileri merak eden herkese, \u00f6zelde de lisans\u00fcst\u00fc \u00f6\u011frencilere ve yazarlar\u0131n\u0131n akademisyen meslekta\u015flar\u0131na hitap ediyor.                                                            Ersel Ayd\u0131nl\u0131, Bilkent \u00dcniversitesi Uluslararas\u0131 \u0130li\u015fkiler B\u00f6l\u00fcm\u00fc\u2019nde profes\u00f6rd\u00fcr. <\/p>\n","protected":false},"excerpt":{"rendered":"<p>Uluslararas\u0131 \u0130li\u015fkilerde Metodoloji, teorinin \u00f6n planda oldu\u011fu son d\u00f6nem T\u00fcrk uluslararas\u0131 ili\u015fkiler \u00f6\u011fretiminde \u00f6\u011frenci ve akademisyenlere metodolojinin de \u00f6nemini hat\u0131rlatan bir derleme. 13 b\u00f6l\u00fcmde 17 yazar\u0131n,<span class=\"excerpt-hellip\"> [\u2026]<\/span><\/p>\n","protected":false},"featured_media":0,"template":"","meta":{"_monsterinsights_skip_tracking":false,"_monsterinsights_sitenote_active":false,"_monsterinsights_sitenote_note":"","_monsterinsights_sitenote_category":0},"product_brand":[],"product_cat":[12337,17225],"product_tag":[],"class_list":{"0":"post-738342","1":"product","2":"type-product","3":"status-publish","5":"product_cat-politika-siyaset","6":"product_cat-uluslararasi-iliskiler","7":"pa_cilt-ciltsiz","8":"pa_tur-kitap","9":"pa_yayinevi-koc-universitesi-yayinlari","10":"pa_yazar-koc-universitesi-yayinlari-kolektif","12":"first","13":"instock","14":"sale","15":"shipping-taxable","16":"purchasable","17":"product-type-simple"},"_links":{"self":[{"href":"https:\/\/roveyayinevi.com.tr\/index.php\/wp-json\/wp\/v2\/product\/738342","targetHints":{"allow":["GET"]}}],"collection":[{"href":"https:\/\/roveyayinevi.com.tr\/index.php\/wp-json\/wp\/v2\/product"}],"about":[{"href":"https:\/\/roveyayinevi.com.tr\/index.php\/wp-json\/wp\/v2\/types\/product"}],"wp:attachment":[{"href":"https:\/\/roveyayinevi.com.tr\/index.php\/wp-json\/wp\/v2\/media?parent=738342"}],"wp:term":[{"taxonomy":"product_brand","embeddable":true,"href":"https:\/\/roveyayinevi.com.tr\/index.php\/wp-json\/wp\/v2\/product_brand?post=738342"},{"taxonomy":"product_cat","embeddable":true,"href":"https:\/\/roveyayinevi.com.tr\/index.php\/wp-json\/wp\/v2\/product_cat?post=738342"},{"taxonomy":"product_tag","embeddable":true,"href":"https:\/\/roveyayinevi.com.tr\/index.php\/wp-json\/wp\/v2\/product_tag?post=738342"}],"curies":[{"name":"wp","href":"https:\/\/api.w.org\/{rel}","templated":true}]}}