{"id":738314,"date":"2025-08-27T23:47:29","date_gmt":"2025-08-27T20:47:29","guid":{"rendered":"https:\/\/roveyayinevi.com.tr\/index.php\/urun\/ala-geyik-2\/"},"modified":"2026-04-16T02:48:36","modified_gmt":"2026-04-15T23:48:36","slug":"ala-geyik-2","status":"publish","type":"product","link":"https:\/\/roveyayinevi.com.tr\/index.php\/urun\/ala-geyik-2\/","title":{"rendered":"Ala Geyik"},"content":{"rendered":"<p>Ala Geyik, Ziya G\u00f6kalp taraf\u0131ndan yaz\u0131lm\u0131\u015f bir masal \u015fiir olarak bizi hem tan\u0131d\u0131\u011f\u0131m\u0131z hem de hi\u00e7 bilmedi\u011fimiz bir d\u00fc\u015f diyar\u0131na ta\u015f\u0131yor. \u00d6t\u00fcken \u00c7ocuk; T\u00fcrk edebiyat\u0131n\u0131n bu usta kaleminin \u00e7ocuklar i\u00e7in yazd\u0131\u011f\u0131 ve ku\u015faklar boyunca dillerden d\u00fc\u015fmeyen manzum masal\u0131n\u0131, zengin bir \u00e7izim d\u00fcnyas\u0131yla yeniden yorumluyor.   Ala Geyik; sadece \u00e7ocuklar\u0131 de\u011fil, \u00e7ocuklukta \u00f6\u011frendi\u011fi de\u011ferleri unutmayan her ya\u015ftan okuru yeni bir yolculu\u011fa davet ediyor.   \u201c\u00c7ocuktum, ufac\u0131kt\u0131m. Top oynad\u0131m ac\u0131kt\u0131m\u2026\u201d   Ziya G\u00f6kalp, sizi Ala Geyik\u2019in sayfalar\u0131nda bekliyor.<\/p>\n","protected":false},"excerpt":{"rendered":"<p>Ala Geyik, Ziya G\u00f6kalp taraf\u0131ndan yaz\u0131lm\u0131\u015f bir masal \u015fiir olarak bizi hem tan\u0131d\u0131\u011f\u0131m\u0131z hem de hi\u00e7 bilmedi\u011fimiz bir d\u00fc\u015f diyar\u0131na ta\u015f\u0131yor. \u00d6t\u00fcken \u00c7ocuk; T\u00fcrk edebiyat\u0131n\u0131n bu<span class=\"excerpt-hellip\"> [\u2026]<\/span><\/p>\n","protected":false},"featured_media":0,"template":"","meta":{"_monsterinsights_skip_tracking":false,"_monsterinsights_sitenote_active":false,"_monsterinsights_sitenote_note":"","_monsterinsights_sitenote_category":0},"product_brand":[],"product_cat":[12274,12523],"product_tag":[],"class_list":{"0":"post-738314","1":"product","2":"type-product","3":"status-publish","5":"product_cat-cocuk-ve-genclik-kitaplari","6":"product_cat-masallar","7":"pa_cilt-ciltsiz","8":"pa_tur-kitap","9":"pa_yayinevi-otuken-nesriyat","10":"pa_yazar-ziya-gokalp","12":"first","13":"instock","14":"sale","15":"shipping-taxable","16":"purchasable","17":"product-type-simple"},"_links":{"self":[{"href":"https:\/\/roveyayinevi.com.tr\/index.php\/wp-json\/wp\/v2\/product\/738314","targetHints":{"allow":["GET"]}}],"collection":[{"href":"https:\/\/roveyayinevi.com.tr\/index.php\/wp-json\/wp\/v2\/product"}],"about":[{"href":"https:\/\/roveyayinevi.com.tr\/index.php\/wp-json\/wp\/v2\/types\/product"}],"wp:attachment":[{"href":"https:\/\/roveyayinevi.com.tr\/index.php\/wp-json\/wp\/v2\/media?parent=738314"}],"wp:term":[{"taxonomy":"product_brand","embeddable":true,"href":"https:\/\/roveyayinevi.com.tr\/index.php\/wp-json\/wp\/v2\/product_brand?post=738314"},{"taxonomy":"product_cat","embeddable":true,"href":"https:\/\/roveyayinevi.com.tr\/index.php\/wp-json\/wp\/v2\/product_cat?post=738314"},{"taxonomy":"product_tag","embeddable":true,"href":"https:\/\/roveyayinevi.com.tr\/index.php\/wp-json\/wp\/v2\/product_tag?post=738314"}],"curies":[{"name":"wp","href":"https:\/\/api.w.org\/{rel}","templated":true}]}}