{"id":738305,"date":"2025-08-27T23:47:18","date_gmt":"2025-08-27T20:47:18","guid":{"rendered":"https:\/\/roveyayinevi.com.tr\/index.php\/urun\/hayatini-secen-kadin-hocalarin-hocasi-nermin-abadan-unat\/"},"modified":"2026-04-16T02:48:35","modified_gmt":"2026-04-15T23:48:35","slug":"hayatini-secen-kadin-hocalarin-hocasi-nermin-abadan-unat","status":"publish","type":"product","link":"https:\/\/roveyayinevi.com.tr\/index.php\/urun\/hayatini-secen-kadin-hocalarin-hocasi-nermin-abadan-unat\/","title":{"rendered":"Hayat\u0131n\u0131 Se\u00e7en Kad\u0131n- \u201cHocalar\u0131n Hocas\u0131\u201d Nermin Abadan Unat"},"content":{"rendered":"<p>\u0130lham verici bir ya\u015fam m\u00fccadelesi&#8230; 1921 y\u0131l\u0131nda Viyana\u2019da do\u011fan ve on d\u00f6rt ya\u015f\u0131ndayken T\u00fcrkiye\u2019ye gelen Nermin Abadan Unat\u2019\u0131n ya\u015fam \u00f6yk\u00fcs\u00fc bug\u00fcnk\u00fc ku\u015faklar i\u00e7in ilham kayna\u011f\u0131 olacak pek \u00e7ok ayr\u0131nt\u0131y\u0131 bar\u0131nd\u0131r\u0131yor. Siyasette kamuoyu faaliyetlerinin \u00f6nemine ilk kez dikkat \u00e7eken, g\u00f6\u00e7 olgusu ve kad\u0131n haklar\u0131 konusunda \u00f6nemli \u00e7al\u0131\u015fmalara imza atan Nermin Abadan Unat\u2019\u0131n ilham verici ya\u015fam m\u00fccadelesi usta ileti\u015fimci Sedef Kaba\u015f\u2019\u0131n s\u00f6yle\u015fisiyle g\u00fcn \u0131\u015f\u0131\u011f\u0131na kavu\u015fuyor. Bu kitapta Cumhuriyetimizin yurtta\u015flar\u0131na \u00f6rnek olacak bir ayd\u0131n\u0131n hayat hik\u00e2yesini okuyacaks\u0131n\u0131z. Bu hayat hik\u00e2yesi T\u00fcrkiye\u2019nin yak\u0131n tarihinin de her safhas\u0131yla nefis bir tasviridir. \u2013\u0130lber Ortayl\u0131 Unat\u2019la \u201cM\u00fclkiye\u201dde tan\u0131\u015ft\u0131m. Kar\u015f\u0131mda \u201ct\u00fcm d\u00fcnyadan haberi olan ve yeni bilgileri s\u0131ca\u011f\u0131 s\u0131ca\u011f\u0131na \u00f6\u011frencileriyle payla\u015fan\u201d \u201cy\u00fcr\u00fcyen k\u00fct\u00fcphane\u201d gibi bir hoca buldum. \u2013Emre Kongar B\u00fcy\u00fck bir y\u00fcreklilikle kendini devrimcilik sava\u015f\u0131na adad\u0131. Hem de hi\u00e7 y\u0131lmadan, boyun e\u011fmeden, \u00f6d\u00fcn vermeden. \u2013H\u0131fz\u0131 Topuz<\/p>\n","protected":false},"excerpt":{"rendered":"<p>\u0130lham verici bir ya\u015fam m\u00fccadelesi&#8230; 1921 y\u0131l\u0131nda Viyana\u2019da do\u011fan ve on d\u00f6rt ya\u015f\u0131ndayken T\u00fcrkiye\u2019ye gelen Nermin Abadan Unat\u2019\u0131n ya\u015fam \u00f6yk\u00fcs\u00fc bug\u00fcnk\u00fc ku\u015faklar i\u00e7in ilham kayna\u011f\u0131 olacak<span class=\"excerpt-hellip\"> [\u2026]<\/span><\/p>\n","protected":false},"featured_media":0,"template":"","meta":{"_monsterinsights_skip_tracking":false,"_monsterinsights_sitenote_active":false,"_monsterinsights_sitenote_note":"","_monsterinsights_sitenote_category":0},"product_brand":[],"product_cat":[12291,30969],"product_tag":[],"class_list":{"0":"post-738305","1":"product","2":"type-product","3":"status-publish","5":"product_cat-edebiyat","6":"product_cat-soylesi-edebiyat","7":"pa_cilt-ciltsiz","8":"pa_tur-kitap","9":"pa_yayinevi-remzi-kitabevi","10":"pa_yazar-sedef-kabas","12":"first","13":"instock","14":"sale","15":"shipping-taxable","16":"purchasable","17":"product-type-simple"},"_links":{"self":[{"href":"https:\/\/roveyayinevi.com.tr\/index.php\/wp-json\/wp\/v2\/product\/738305","targetHints":{"allow":["GET"]}}],"collection":[{"href":"https:\/\/roveyayinevi.com.tr\/index.php\/wp-json\/wp\/v2\/product"}],"about":[{"href":"https:\/\/roveyayinevi.com.tr\/index.php\/wp-json\/wp\/v2\/types\/product"}],"wp:attachment":[{"href":"https:\/\/roveyayinevi.com.tr\/index.php\/wp-json\/wp\/v2\/media?parent=738305"}],"wp:term":[{"taxonomy":"product_brand","embeddable":true,"href":"https:\/\/roveyayinevi.com.tr\/index.php\/wp-json\/wp\/v2\/product_brand?post=738305"},{"taxonomy":"product_cat","embeddable":true,"href":"https:\/\/roveyayinevi.com.tr\/index.php\/wp-json\/wp\/v2\/product_cat?post=738305"},{"taxonomy":"product_tag","embeddable":true,"href":"https:\/\/roveyayinevi.com.tr\/index.php\/wp-json\/wp\/v2\/product_tag?post=738305"}],"curies":[{"name":"wp","href":"https:\/\/api.w.org\/{rel}","templated":true}]}}