{"id":738304,"date":"2025-08-27T23:47:17","date_gmt":"2025-08-27T20:47:17","guid":{"rendered":"https:\/\/roveyayinevi.com.tr\/index.php\/urun\/guclendirilmis-parlamenter-sistem\/"},"modified":"2026-04-16T02:48:35","modified_gmt":"2026-04-15T23:48:35","slug":"guclendirilmis-parlamenter-sistem","status":"publish","type":"product","link":"https:\/\/roveyayinevi.com.tr\/index.php\/urun\/guclendirilmis-parlamenter-sistem\/","title":{"rendered":"G\u00fc\u00e7lendirilmi\u015f Parlamenter Sistem"},"content":{"rendered":"<p>Hukuk\u00e7u Ece G\u00fcner Toprak, 2017 referandumundan \u00f6nce Cumhurba\u015fkanl\u0131\u011f\u0131 H\u00fck\u00fcmet Sistemi\u2019ne kar\u015f\u0131 toplumu ilk uyaranlardan olmu\u015ftu. O d\u00f6nem, tablolar\u0131, yaz\u0131lar\u0131, ilk kitab\u0131 ve yal\u0131n anlat\u0131m\u0131yla kitlelere ula\u015ft\u0131. G\u00fc\u00e7lendirilmi\u015f Parlamenter Sistem: Demokrasi F\u0131rsat\u0131 da yine sade ve yal\u0131n anlat\u0131ml\u0131, yaln\u0131zca hukuk\u00e7ular i\u00e7in de\u011fil, herkes i\u00e7in yaz\u0131lm\u0131\u015f bir kitap.    \u00dclkemiz; ekonomi, demokrasi, adalet, devletin kurumsal yap\u0131s\u0131 gibi pek \u00e7ok alanda a\u011f\u0131r krizde. B\u00fcy\u00fck bir yoksulla\u015fma ya\u015fan\u0131yor. Bu kitap, bu a\u011f\u0131r krizden \u00e7\u0131k\u0131\u015f i\u00e7in \u201c\u00e7areyi\u201d g\u00f6stermeyi ama\u00e7layan bir kitap.     G\u00fc\u00e7lendirilmi\u015f Parlamenter Sistem somut olarak nedir?  G\u00fc\u00e7lendirilmi\u015f Parlamenter Sisteme ge\u00e7i\u015f yol haritas\u0131 nas\u0131l olabilir?  Hukuk, ekonomiyi nas\u0131l tedavi edecek?  Anayasa reformunun \u00fczerine in\u015fa edilmesi gereken vizyon nedir?     Bu kitap t\u00fcm bu sorular\u0131 cevaplamay\u0131 hedefliyor. Bu kitap, somut, ger\u00e7ek\u00e7i bir anayasa reformu \u00f6nerisidir: G\u00fc\u00e7lendirilmi\u015f Parlamenter Sistem \u00f6nerisidir. Bu kitap, ayn\u0131 zamanda, 21. y\u00fczy\u0131l\u0131 yakalamak i\u00e7in, Cumhuriyetimizin ilkeleriyle uyumlu bir vizyon ve kilit yap\u0131sal reform \u00f6nerileri i\u00e7ermektedir.  <\/p>\n","protected":false},"excerpt":{"rendered":"<p>Hukuk\u00e7u Ece G\u00fcner Toprak, 2017 referandumundan \u00f6nce Cumhurba\u015fkanl\u0131\u011f\u0131 H\u00fck\u00fcmet Sistemi\u2019ne kar\u015f\u0131 toplumu ilk uyaranlardan olmu\u015ftu. O d\u00f6nem, tablolar\u0131, yaz\u0131lar\u0131, ilk kitab\u0131 ve yal\u0131n anlat\u0131m\u0131yla kitlelere ula\u015ft\u0131.<span class=\"excerpt-hellip\"> [\u2026]<\/span><\/p>\n","protected":false},"featured_media":0,"template":"","meta":{"_monsterinsights_skip_tracking":false,"_monsterinsights_sitenote_active":false,"_monsterinsights_sitenote_note":"","_monsterinsights_sitenote_category":0},"product_brand":[],"product_cat":[13059,12337],"product_tag":[],"class_list":{"0":"post-738304","1":"product","2":"type-product","3":"status-publish","5":"product_cat-diger-politika-siyaset","6":"product_cat-politika-siyaset","7":"pa_cilt-ciltsiz","8":"pa_tur-kitap","9":"pa_yayinevi-dogan-kitap","10":"pa_yazar-ece-guner-toprak","12":"first","13":"instock","14":"sale","15":"shipping-taxable","16":"purchasable","17":"product-type-simple"},"_links":{"self":[{"href":"https:\/\/roveyayinevi.com.tr\/index.php\/wp-json\/wp\/v2\/product\/738304","targetHints":{"allow":["GET"]}}],"collection":[{"href":"https:\/\/roveyayinevi.com.tr\/index.php\/wp-json\/wp\/v2\/product"}],"about":[{"href":"https:\/\/roveyayinevi.com.tr\/index.php\/wp-json\/wp\/v2\/types\/product"}],"wp:attachment":[{"href":"https:\/\/roveyayinevi.com.tr\/index.php\/wp-json\/wp\/v2\/media?parent=738304"}],"wp:term":[{"taxonomy":"product_brand","embeddable":true,"href":"https:\/\/roveyayinevi.com.tr\/index.php\/wp-json\/wp\/v2\/product_brand?post=738304"},{"taxonomy":"product_cat","embeddable":true,"href":"https:\/\/roveyayinevi.com.tr\/index.php\/wp-json\/wp\/v2\/product_cat?post=738304"},{"taxonomy":"product_tag","embeddable":true,"href":"https:\/\/roveyayinevi.com.tr\/index.php\/wp-json\/wp\/v2\/product_tag?post=738304"}],"curies":[{"name":"wp","href":"https:\/\/api.w.org\/{rel}","templated":true}]}}