{"id":738292,"date":"2025-08-27T23:47:03","date_gmt":"2025-08-27T20:47:03","guid":{"rendered":"https:\/\/roveyayinevi.com.tr\/index.php\/urun\/kalbe-birakilan-ilk-opucuk\/"},"modified":"2026-04-16T02:48:35","modified_gmt":"2026-04-15T23:48:35","slug":"kalbe-birakilan-ilk-opucuk","status":"publish","type":"product","link":"https:\/\/roveyayinevi.com.tr\/index.php\/urun\/kalbe-birakilan-ilk-opucuk\/","title":{"rendered":"Kalbe B\u0131rak\u0131lan \u0130lk \u00d6p\u00fcc\u00fck"},"content":{"rendered":"<p>Hakan Karaduman, i\u00e7 i\u00e7e ya\u015fayan bir ailenin, birbirlerinden kopuk bireylerinin aras\u0131ndan s\u0131yr\u0131l\u0131p kendine bir hayat kurmak i\u00e7in yola \u00e7\u0131kar. Hen\u00fcz k\u00fc\u00e7\u00fckt\u00fcr ve yan\u0131nda ondan daha da k\u00fc\u00e7\u00fck olan bir karde\u015fi vard\u0131r. Evden \u00e7\u0131kt\u0131ktan sonra H\u0131z\u0131r Ali ile tan\u0131\u015f\u0131r ve hayat\u0131 tamamen de\u011fi\u015fir.Ebru Akk\u0131l\u0131\u00e7, Hakan\u2019\u0131 ilk g\u00f6rd\u00fc\u011f\u00fc andan itibaren unutmak i\u00e7in hi\u00e7bir giri\u015fimde bulunmam\u0131\u015f, bilakis Hakan\u2019\u0131n pe\u015finden gitti\u011fi yere gitmi\u015f yine de onu a\u015fka ikna edememi\u015fti.Ebru ile Hakan, z\u0131t kutuplar\u0131n en u\u00e7 k\u00f6\u015feleriydi. A\u015fkta bu kutuplar\u0131n z\u0131t olmas\u0131 bir \u015feyi de\u011fi\u015ftirir miydi?Ebru, Aydos mahallesinin s\u0131cac\u0131k insanlar\u0131n\u0131 tan\u0131maya ba\u015flay\u0131p, onlarla beraber ya\u015faman\u0131n nas\u0131l da e\u011flenceli oldu\u011funu, hayat\u0131n tad\u0131na vard\u0131\u011f\u0131n\u0131 hissederken, Hakan, birisi taraf\u0131ndan delice sevilmenin, hi\u00e7 kimsenin g\u00f6r\u00fcnd\u00fc\u011f\u00fc gibi olmad\u0131\u011f\u0131n\u0131n ve kalbin asla s\u00f6z dinlemedi\u011finin fark\u0131na varacakt\u0131.&#8221;Kalbinden \u00f6pt\u00fcm ben seni. Kalbim \u015fahidimdir.&#8221;&#8221;Kalbime bir \u00f6p\u00fcc\u00fck kondurdun, \u00f6lsem de unutamam.&#8221;<\/p>\n","protected":false},"excerpt":{"rendered":"<p>Hakan Karaduman, i\u00e7 i\u00e7e ya\u015fayan bir ailenin, birbirlerinden kopuk bireylerinin aras\u0131ndan s\u0131yr\u0131l\u0131p kendine bir hayat kurmak i\u00e7in yola \u00e7\u0131kar. Hen\u00fcz k\u00fc\u00e7\u00fckt\u00fcr ve yan\u0131nda ondan daha da<span class=\"excerpt-hellip\"> [\u2026]<\/span><\/p>\n","protected":false},"featured_media":0,"template":"","meta":{"_monsterinsights_skip_tracking":false,"_monsterinsights_sitenote_active":false,"_monsterinsights_sitenote_note":"","_monsterinsights_sitenote_category":0},"product_brand":[],"product_cat":[12291,12711],"product_tag":[],"class_list":{"0":"post-738292","1":"product","2":"type-product","3":"status-publish","5":"product_cat-edebiyat","6":"product_cat-roman-oyku","7":"pa_cilt-ciltsiz","8":"pa_tur-kitap","9":"pa_yayinevi-muptela-yayinevi","10":"pa_yazar-funda-kinali","12":"first","13":"instock","14":"sale","15":"shipping-taxable","16":"purchasable","17":"product-type-simple"},"_links":{"self":[{"href":"https:\/\/roveyayinevi.com.tr\/index.php\/wp-json\/wp\/v2\/product\/738292","targetHints":{"allow":["GET"]}}],"collection":[{"href":"https:\/\/roveyayinevi.com.tr\/index.php\/wp-json\/wp\/v2\/product"}],"about":[{"href":"https:\/\/roveyayinevi.com.tr\/index.php\/wp-json\/wp\/v2\/types\/product"}],"wp:attachment":[{"href":"https:\/\/roveyayinevi.com.tr\/index.php\/wp-json\/wp\/v2\/media?parent=738292"}],"wp:term":[{"taxonomy":"product_brand","embeddable":true,"href":"https:\/\/roveyayinevi.com.tr\/index.php\/wp-json\/wp\/v2\/product_brand?post=738292"},{"taxonomy":"product_cat","embeddable":true,"href":"https:\/\/roveyayinevi.com.tr\/index.php\/wp-json\/wp\/v2\/product_cat?post=738292"},{"taxonomy":"product_tag","embeddable":true,"href":"https:\/\/roveyayinevi.com.tr\/index.php\/wp-json\/wp\/v2\/product_tag?post=738292"}],"curies":[{"name":"wp","href":"https:\/\/api.w.org\/{rel}","templated":true}]}}