{"id":738287,"date":"2025-08-27T23:46:57","date_gmt":"2025-08-27T20:46:57","guid":{"rendered":"https:\/\/roveyayinevi.com.tr\/index.php\/urun\/gec-kalan-2\/"},"modified":"2026-04-16T02:48:35","modified_gmt":"2026-04-15T23:48:35","slug":"gec-kalan-2","status":"publish","type":"product","link":"https:\/\/roveyayinevi.com.tr\/index.php\/urun\/gec-kalan-2\/","title":{"rendered":"Ge\u00e7 Kalan"},"content":{"rendered":"<p>Dimitri Verhulst zifiri karanl\u0131k d\u00fcnya g\u00f6r\u00fc\u015f\u00fc, trajik komedileri, ak\u0131c\u0131 dili ve samimi portreleriyle bilinen bir yazar. Modern Bel\u00e7ika edebiyat\u0131n\u0131n bu ayk\u0131r\u0131 yazar\u0131n\u0131 tan\u0131mlamak i\u00e7in de yaln\u0131zca \u201cVerhulst-vari\u201d denebilir: Ham, arkaik ve grotesk bir g\u00f6z. Kelime oyunlar\u0131yla dolu kitaplar\u0131nda karakterlerinin \u00e7o\u011fu toplumun s\u0131n\u0131rlar\u0131nda ya\u015far ve yazar\u0131n sesini duyurmak istedi\u011fi de, i\u015fte tam bu insanlar.Ba\u015far\u0131s\u0131z hayat\u0131n\u0131n sonbahar\u0131ndaki emekli bir k\u00fct\u00fcphaneci, patronluk taslayan kar\u0131s\u0131n\u0131n dayatt\u0131\u011f\u0131 kasvetli monotonluktan ka\u00e7mak ister. Evlili\u011finin \u00e7\u00f6kertti\u011fi \u00f6zg\u00fcveni yeniden kazanmas\u0131n\u0131n da tek ve ola\u011fan\u00fcst\u00fc bir yolu vard\u0131r: T\u00fcm toplumsal ve ailevi bask\u0131lardan kurtulup da kapa\u011f\u0131 bir huzurevine atana kadar bunam\u0131\u015f numaras\u0131 yapmak. Hayata kesti\u011fi bu son rol, huzurevine \u00e7ocukluk a\u015fk\u0131n\u0131n ve eski bir Nazi subay\u0131n\u0131n da gelmesiyle daha bir \u015fenlenecektir.Ge\u00e7 Kalan, bir yandan hayatla hesapla\u015fman\u0131n e\u011flenceli taraf\u0131n\u0131 g\u00f6sterirken di\u011fer yandan haf\u0131za kavram\u0131 \u00fczerine d\u00fc\u015f\u00fcnd\u00fcren dokunakl\u0131 bir eser.\u201cJilet keskinli\u011finde bir hicvin ve hassasiyetin kol kola gitti\u011fi b\u00fcy\u00fcleyici bir kitap.\u201d \u2013Writers Write\u201cBu kitap insana s\u0131k s\u0131k kahkaha att\u0131r\u0131rken bir sonraki an bo\u011faz\u0131na sar\u0131l\u0131yor.\u201d \u2013De Standaard<\/p>\n","protected":false},"excerpt":{"rendered":"<p>Dimitri Verhulst zifiri karanl\u0131k d\u00fcnya g\u00f6r\u00fc\u015f\u00fc, trajik komedileri, ak\u0131c\u0131 dili ve samimi portreleriyle bilinen bir yazar. Modern Bel\u00e7ika edebiyat\u0131n\u0131n bu ayk\u0131r\u0131 yazar\u0131n\u0131 tan\u0131mlamak i\u00e7in de yaln\u0131zca<span class=\"excerpt-hellip\"> [\u2026]<\/span><\/p>\n","protected":false},"featured_media":0,"template":"","meta":{"_monsterinsights_skip_tracking":false,"_monsterinsights_sitenote_active":false,"_monsterinsights_sitenote_note":"","_monsterinsights_sitenote_category":0},"product_brand":[],"product_cat":[12291,12711],"product_tag":[],"class_list":{"0":"post-738287","1":"product","2":"type-product","3":"status-publish","5":"product_cat-edebiyat","6":"product_cat-roman-oyku","7":"pa_cilt-ciltsiz","8":"pa_tur-kitap","9":"pa_yayinevi-ithaki-yayinlari","10":"pa_yazar-dimitri-verhulst","12":"first","13":"instock","14":"sale","15":"shipping-taxable","16":"purchasable","17":"product-type-simple"},"_links":{"self":[{"href":"https:\/\/roveyayinevi.com.tr\/index.php\/wp-json\/wp\/v2\/product\/738287","targetHints":{"allow":["GET"]}}],"collection":[{"href":"https:\/\/roveyayinevi.com.tr\/index.php\/wp-json\/wp\/v2\/product"}],"about":[{"href":"https:\/\/roveyayinevi.com.tr\/index.php\/wp-json\/wp\/v2\/types\/product"}],"wp:attachment":[{"href":"https:\/\/roveyayinevi.com.tr\/index.php\/wp-json\/wp\/v2\/media?parent=738287"}],"wp:term":[{"taxonomy":"product_brand","embeddable":true,"href":"https:\/\/roveyayinevi.com.tr\/index.php\/wp-json\/wp\/v2\/product_brand?post=738287"},{"taxonomy":"product_cat","embeddable":true,"href":"https:\/\/roveyayinevi.com.tr\/index.php\/wp-json\/wp\/v2\/product_cat?post=738287"},{"taxonomy":"product_tag","embeddable":true,"href":"https:\/\/roveyayinevi.com.tr\/index.php\/wp-json\/wp\/v2\/product_tag?post=738287"}],"curies":[{"name":"wp","href":"https:\/\/api.w.org\/{rel}","templated":true}]}}