{"id":738285,"date":"2025-08-27T23:46:56","date_gmt":"2025-08-27T20:46:56","guid":{"rendered":"https:\/\/roveyayinevi.com.tr\/index.php\/urun\/bir-terapistin-arka-bahcesi\/"},"modified":"2026-04-16T02:48:35","modified_gmt":"2026-04-15T23:48:35","slug":"bir-terapistin-arka-bahcesi","status":"publish","type":"product","link":"https:\/\/roveyayinevi.com.tr\/index.php\/urun\/bir-terapistin-arka-bahcesi\/","title":{"rendered":"Bir Terapistin Arka Bah\u00e7esi"},"content":{"rendered":"<p>Deneyimli psikoterapist Alper Hasano\u011flu, Bir Terapistin Arka Bah\u00e7esi\u2019nde ki\u015fisel ve mesleki deneyimlerini sanatsal duyarl\u0131\u011f\u0131n \u00f6zg\u00fcn bak\u0131\u015f a\u00e7\u0131s\u0131yla de\u011ferlendirip yorumluyor.    Bu kitapta hayat\u0131n anlam\u0131, cans\u0131k\u0131nt\u0131s\u0131, a\u015fk, birliktelik ve sadakat konular\u0131nda birbirinden ilgin\u00e7 metinler bir araya geliyor.    Bireyin kendini tan\u0131mas\u0131n\u0131, kendisiyle y\u00fczle\u015fmesini, ikili ili\u015fkilerde \u00f6tekini anlamas\u0131n\u0131 ve dinlemesini derinli\u011fine ele alan yazar, edebiyata uzanan imgeler d\u00fcnyas\u0131 e\u015fli\u011finde yepyeni bir pencere a\u00e7\u0131yor.<\/p>\n","protected":false},"excerpt":{"rendered":"<p>Deneyimli psikoterapist Alper Hasano\u011flu, Bir Terapistin Arka Bah\u00e7esi\u2019nde ki\u015fisel ve mesleki deneyimlerini sanatsal duyarl\u0131\u011f\u0131n \u00f6zg\u00fcn bak\u0131\u015f a\u00e7\u0131s\u0131yla de\u011ferlendirip yorumluyor. Bu kitapta hayat\u0131n anlam\u0131, cans\u0131k\u0131nt\u0131s\u0131, a\u015fk, birliktelik<span class=\"excerpt-hellip\"> [\u2026]<\/span><\/p>\n","protected":false},"featured_media":0,"template":"","meta":{"_monsterinsights_skip_tracking":false,"_monsterinsights_sitenote_active":false,"_monsterinsights_sitenote_note":"","_monsterinsights_sitenote_category":0},"product_brand":[],"product_cat":[12358,12357],"product_tag":[],"class_list":{"0":"post-738285","1":"product","2":"type-product","3":"status-publish","5":"product_cat-genel-psikoloji","6":"product_cat-psikoloji","7":"pa_cilt-ciltsiz","8":"pa_tur-kitap","9":"pa_yayinevi-pinhan-yayincilik","10":"pa_yazar-alper-hasanoglu","12":"first","13":"instock","14":"sale","15":"shipping-taxable","16":"purchasable","17":"product-type-simple"},"_links":{"self":[{"href":"https:\/\/roveyayinevi.com.tr\/index.php\/wp-json\/wp\/v2\/product\/738285","targetHints":{"allow":["GET"]}}],"collection":[{"href":"https:\/\/roveyayinevi.com.tr\/index.php\/wp-json\/wp\/v2\/product"}],"about":[{"href":"https:\/\/roveyayinevi.com.tr\/index.php\/wp-json\/wp\/v2\/types\/product"}],"wp:attachment":[{"href":"https:\/\/roveyayinevi.com.tr\/index.php\/wp-json\/wp\/v2\/media?parent=738285"}],"wp:term":[{"taxonomy":"product_brand","embeddable":true,"href":"https:\/\/roveyayinevi.com.tr\/index.php\/wp-json\/wp\/v2\/product_brand?post=738285"},{"taxonomy":"product_cat","embeddable":true,"href":"https:\/\/roveyayinevi.com.tr\/index.php\/wp-json\/wp\/v2\/product_cat?post=738285"},{"taxonomy":"product_tag","embeddable":true,"href":"https:\/\/roveyayinevi.com.tr\/index.php\/wp-json\/wp\/v2\/product_tag?post=738285"}],"curies":[{"name":"wp","href":"https:\/\/api.w.org\/{rel}","templated":true}]}}