{"id":738278,"date":"2025-08-27T23:46:47","date_gmt":"2025-08-27T20:46:47","guid":{"rendered":"https:\/\/roveyayinevi.com.tr\/index.php\/urun\/guney-kitap-kulubunun-vampir-avlama-rehberi\/"},"modified":"2026-04-16T02:48:34","modified_gmt":"2026-04-15T23:48:34","slug":"guney-kitap-kulubunun-vampir-avlama-rehberi","status":"publish","type":"product","link":"https:\/\/roveyayinevi.com.tr\/index.php\/urun\/guney-kitap-kulubunun-vampir-avlama-rehberi\/","title":{"rendered":"G\u00fcney Kitap Kul\u00fcb\u00fc\u2019n\u00fcn Vampir Avlama Rehberi"},"content":{"rendered":"<p>LOCUS EN \u0130Y\u0130 KORKU ROMANI ADAYIPatricia Campbell, e\u015fi ve iki \u00e7ocu\u011fuyla Charleston\u2019da sakin ve tekd\u00fcze bir hayat s\u00fcr\u00fcyordu. Ev i\u015fleriyle ve \u00e7ocuklarla ilgilenmek d\u0131\u015f\u0131nda tek u\u011fra\u015f\u0131, Charleston\u2019l\u0131 bir grup kad\u0131nla kurduklar\u0131 ve ger\u00e7ek su\u00e7 romanlar\u0131 okuduklar\u0131 kitap kul\u00fcb\u00fcyd\u00fc.Patricia\u2019n\u0131n s\u0131k\u0131c\u0131 hayat\u0131, k\u00fc\u00e7\u00fck ve g\u00fcvenli kasabas\u0131nda ya\u015fanan birtak\u0131m gizemli olaylarla birlikte de\u011fi\u015fecekti. \u0130htiyar bir kom\u015fusu kanl\u0131 a\u011fz\u0131yla bah\u00e7elerinde onu \u201cyemeye\u201d \u00e7al\u0131\u015fm\u0131\u015ft\u0131, tavandan ayak sesleri geliyordu, fareler evlere girip insanlara sald\u0131r\u0131yordu ve \u00e7ocuklar ortadan kayboluyordu. Bunlar\u0131n hepsi, kasabaya ta\u015f\u0131nan gen\u00e7 ve yak\u0131\u015f\u0131kl\u0131 James Harris\u2019ten sonra ba\u015flam\u0131\u015ft\u0131.E\u015fleri onlar\u0131n \u015f\u00fcphelerini g\u00f6rmezden gelince bu olaylar\u0131 \u00e7\u00f6zmek kitap kul\u00fcb\u00fcndeki kad\u0131nlara kalacakt\u0131. Korkuyorlard\u0131 \u00e7\u00fcnk\u00fc kar\u015f\u0131lar\u0131nda bir Jeffrey Dahmer, bir Charles Manson ya da bir Ted Bundy olabilirdi. Ama James Harris bunlardan biri de\u011fildi ve hepsinden daha k\u00f6t\u00fcc\u00fcld\u00fc.Ve onu evlerine \u201cdavet ettikleri\u201d i\u00e7in \u00e7ok pi\u015fman olacaklard\u0131.\u201cPlanlar\u0131n\u0131z\u0131 erteleyip kap\u0131lar\u0131n\u0131z\u0131 kilitleyin. Elinizden b\u0131rakamadan okuyacaks\u0131n\u0131z.\u201d \u2013Sarah Gailey\u201cHer vampir roman\u0131nda kan ve di\u015fler olacakt\u0131r ama burada Hendrix\u2019in ustas\u0131 oldu\u011fu \u00f6zel bir \u015fey var: Kalp. Bu romandakiler karakter falan de\u011fil, bunlar insan.\u201d \u2013Stephen Graham Jones\u201cE\u011flenceli, i\u00e7ten, \u00fcrk\u00fcn\u00e7 ve rahats\u0131z edici.\u201d \u2013Paul Tremblay<\/p>\n","protected":false},"excerpt":{"rendered":"<p>LOCUS EN \u0130Y\u0130 KORKU ROMANI ADAYIPatricia Campbell, e\u015fi ve iki \u00e7ocu\u011fuyla Charleston\u2019da sakin ve tekd\u00fcze bir hayat s\u00fcr\u00fcyordu. Ev i\u015fleriyle ve \u00e7ocuklarla ilgilenmek d\u0131\u015f\u0131nda tek u\u011fra\u015f\u0131,<span class=\"excerpt-hellip\"> [\u2026]<\/span><\/p>\n","protected":false},"featured_media":0,"template":"","meta":{"_monsterinsights_skip_tracking":false,"_monsterinsights_sitenote_active":false,"_monsterinsights_sitenote_note":"","_monsterinsights_sitenote_category":0},"product_brand":[],"product_cat":[12291,12711],"product_tag":[],"class_list":{"0":"post-738278","1":"product","2":"type-product","3":"status-publish","5":"product_cat-edebiyat","6":"product_cat-roman-oyku","7":"pa_cilt-ciltsiz","8":"pa_tur-kitap","9":"pa_yayinevi-ithaki-yayinlari","10":"pa_yazar-grady-hendrix","12":"first","13":"instock","14":"sale","15":"shipping-taxable","16":"purchasable","17":"product-type-simple"},"_links":{"self":[{"href":"https:\/\/roveyayinevi.com.tr\/index.php\/wp-json\/wp\/v2\/product\/738278","targetHints":{"allow":["GET"]}}],"collection":[{"href":"https:\/\/roveyayinevi.com.tr\/index.php\/wp-json\/wp\/v2\/product"}],"about":[{"href":"https:\/\/roveyayinevi.com.tr\/index.php\/wp-json\/wp\/v2\/types\/product"}],"wp:attachment":[{"href":"https:\/\/roveyayinevi.com.tr\/index.php\/wp-json\/wp\/v2\/media?parent=738278"}],"wp:term":[{"taxonomy":"product_brand","embeddable":true,"href":"https:\/\/roveyayinevi.com.tr\/index.php\/wp-json\/wp\/v2\/product_brand?post=738278"},{"taxonomy":"product_cat","embeddable":true,"href":"https:\/\/roveyayinevi.com.tr\/index.php\/wp-json\/wp\/v2\/product_cat?post=738278"},{"taxonomy":"product_tag","embeddable":true,"href":"https:\/\/roveyayinevi.com.tr\/index.php\/wp-json\/wp\/v2\/product_tag?post=738278"}],"curies":[{"name":"wp","href":"https:\/\/api.w.org\/{rel}","templated":true}]}}