{"id":738276,"date":"2025-08-27T23:46:44","date_gmt":"2025-08-27T20:46:44","guid":{"rendered":"https:\/\/roveyayinevi.com.tr\/index.php\/urun\/mufredat-disi-okuma-fisleri\/"},"modified":"2026-03-04T03:15:35","modified_gmt":"2026-03-04T00:15:35","slug":"mufredat-disi-okuma-fisleri","status":"publish","type":"product","link":"https:\/\/roveyayinevi.com.tr\/index.php\/urun\/mufredat-disi-okuma-fisleri\/","title":{"rendered":"M\u00fcfredat D\u0131\u015f\u0131 Okuma Fi\u015fleri"},"content":{"rendered":"<p>ben senin akl\u0131m\u0131 ba\u015f\u0131mdan almalar\u0131n\u0131 seviyorum. akl\u0131m\u0131 ba\u015f\u0131ma almay\u0131 de\u011fil.   i\u00e7imdeki anar\u015fistler i\u00e7iyor ben ortal\u0131\u011f\u0131 topluyorum. d\u00fczenine sokay\u0131m senin hayat.   asl\u0131nda hayat \u00e7ok \u015f\u0131k bir orospu ama muamelesi iyi de\u011fil.   sahi bu ak\u0131ll\u0131 telefonlar icat olmadan \u00f6nce biz neyi parmakl\u0131yorduk acaba? <\/p>\n","protected":false},"excerpt":{"rendered":"<p>ben senin akl\u0131m\u0131 ba\u015f\u0131mdan almalar\u0131n\u0131 seviyorum. akl\u0131m\u0131 ba\u015f\u0131ma almay\u0131 de\u011fil. i\u00e7imdeki anar\u015fistler i\u00e7iyor ben ortal\u0131\u011f\u0131 topluyorum. d\u00fczenine sokay\u0131m senin hayat. asl\u0131nda hayat \u00e7ok \u015f\u0131k bir orospu<span class=\"excerpt-hellip\"> [\u2026]<\/span><\/p>\n","protected":false},"featured_media":0,"template":"","meta":{"_monsterinsights_skip_tracking":false,"_monsterinsights_sitenote_active":false,"_monsterinsights_sitenote_note":"","_monsterinsights_sitenote_category":0},"product_brand":[],"product_cat":[12777,12291],"product_tag":[],"class_list":{"0":"post-738276","1":"product","2":"type-product","3":"status-publish","5":"product_cat-deneme","6":"product_cat-edebiyat","7":"pa_cilt-ciltsiz","8":"pa_tur-kitap","9":"pa_yayinevi-imgenin-cocuklari","10":"pa_yazar-m-davran-ozer","12":"first","13":"instock","14":"sale","15":"shipping-taxable","16":"purchasable","17":"product-type-simple"},"_links":{"self":[{"href":"https:\/\/roveyayinevi.com.tr\/index.php\/wp-json\/wp\/v2\/product\/738276","targetHints":{"allow":["GET"]}}],"collection":[{"href":"https:\/\/roveyayinevi.com.tr\/index.php\/wp-json\/wp\/v2\/product"}],"about":[{"href":"https:\/\/roveyayinevi.com.tr\/index.php\/wp-json\/wp\/v2\/types\/product"}],"wp:attachment":[{"href":"https:\/\/roveyayinevi.com.tr\/index.php\/wp-json\/wp\/v2\/media?parent=738276"}],"wp:term":[{"taxonomy":"product_brand","embeddable":true,"href":"https:\/\/roveyayinevi.com.tr\/index.php\/wp-json\/wp\/v2\/product_brand?post=738276"},{"taxonomy":"product_cat","embeddable":true,"href":"https:\/\/roveyayinevi.com.tr\/index.php\/wp-json\/wp\/v2\/product_cat?post=738276"},{"taxonomy":"product_tag","embeddable":true,"href":"https:\/\/roveyayinevi.com.tr\/index.php\/wp-json\/wp\/v2\/product_tag?post=738276"}],"curies":[{"name":"wp","href":"https:\/\/api.w.org\/{rel}","templated":true}]}}