{"id":738271,"date":"2025-08-27T23:46:38","date_gmt":"2025-08-27T20:46:38","guid":{"rendered":"https:\/\/roveyayinevi.com.tr\/index.php\/urun\/askeri-sosyal-hizmet\/"},"modified":"2026-04-16T02:48:34","modified_gmt":"2026-04-15T23:48:34","slug":"askeri-sosyal-hizmet","status":"publish","type":"product","link":"https:\/\/roveyayinevi.com.tr\/index.php\/urun\/askeri-sosyal-hizmet\/","title":{"rendered":"Askeri Sosyal Hizmet"},"content":{"rendered":"<p>Askeri sosyal hizmet alan\u0131, ortaya \u00e7\u0131k\u0131\u015f\u0131 itibariyle mesle\u011fin profesyonelle\u015fme \u00e7abalar\u0131na tan\u0131k olmu\u015f ve \u00f6nemli katk\u0131lar sa\u011flam\u0131\u015ft\u0131r. Ancak ilgin\u00e7 bir \u015fekilde klinik uygulamalar\u0131n geli\u015fmi\u015f oldu\u011fu baz\u0131 \u00fclkeler ve onlar\u0131n ordular\u0131 haricinde askeri sosyal hizmet alan\u0131 g\u00f6zden ka\u00e7\u0131r\u0131lm\u0131\u015f ya da g\u00f6rmezden gelinmi\u015ftir. Bu durum, sosyal hizmet uzmanlar\u0131 i\u00e7in d\u00fcnyay\u0131 alg\u0131larken \u00f6nemli bir k\u0131s\u0131tl\u0131l\u0131\u011fa ve sosyal hizmet uygulamalar\u0131na ihtiya\u00e7 duyan askeri ortamla ili\u015fkili m\u00fcracaat\u00e7\u0131 gruplar\u0131 i\u00e7in bir eksikli\u011fe yol a\u00e7ar.Bu kitap, T\u00fcrk\u00e7e alanyaz\u0131nda bu eksikli\u011fin giderilmesine m\u00fctevaz\u0131 bir katk\u0131 sunmay\u0131 ve askeri sosyal hizmet alan\u0131n\u0131n \u00f6nemine dair bir fark\u0131ndal\u0131k olu\u015fturmay\u0131 ama\u00e7lamaktad\u0131r. Kitab\u0131n b\u00f6l\u00fcmleri askeri sosyal hizmet alan\u0131na dair temel bilgileri i\u00e7erek \u015fekilde yap\u0131land\u0131r\u0131lm\u0131\u015f olup askeri sosyoloji, askeri k\u00fclt\u00fcr ve sosyal hizmet ili\u015fkisi, askeri sosyal hizmette yakla\u015f\u0131m ve modeller, askeri sosyal hizmet uzmanlar\u0131n\u0131n rol ve i\u015flevleri, askerler, asker aileleri, \u015fehit asker aileleri ve gaziler gibi farkl\u0131 gruplara ili\u015fkin sosyal hizmet uygulamalar\u0131, kad\u0131n askerler, askerlerde fiziksel ve ruhsal yaralanmalar, amputasyon sonras\u0131 fizyoterapi ve rehabilitasyon uygulamalar\u0131, askerler ve ailelerine hizmet veren kurulu\u015flar ile sosyal haklar konular\u0131 yer almaktad\u0131r.Askeri alanda \u00e7al\u0131\u015fan sosyal hizmet uzmanlar\u0131n\u0131n ve akademisyenlerinin katk\u0131s\u0131 ile haz\u0131rlanan bu kitap, konuya ilgi duyan y\u00f6netici, uygulay\u0131c\u0131, akademisyen ve \u00f6\u011frenciler i\u00e7in \u00f6nemli bir ba\u015fvuru kayna\u011f\u0131d\u0131r. <\/p>\n","protected":false},"excerpt":{"rendered":"<p>Askeri sosyal hizmet alan\u0131, ortaya \u00e7\u0131k\u0131\u015f\u0131 itibariyle mesle\u011fin profesyonelle\u015fme \u00e7abalar\u0131na tan\u0131k olmu\u015f ve \u00f6nemli katk\u0131lar sa\u011flam\u0131\u015ft\u0131r. Ancak ilgin\u00e7 bir \u015fekilde klinik uygulamalar\u0131n geli\u015fmi\u015f oldu\u011fu baz\u0131 \u00fclkeler<span class=\"excerpt-hellip\"> [\u2026]<\/span><\/p>\n","protected":false},"featured_media":0,"template":"","meta":{"_monsterinsights_skip_tracking":false,"_monsterinsights_sitenote_active":false,"_monsterinsights_sitenote_note":"","_monsterinsights_sitenote_category":0},"product_brand":[],"product_cat":[12835,12324],"product_tag":[],"class_list":{"0":"post-738271","1":"product","2":"type-product","3":"status-publish","5":"product_cat-genel-sosyoloji","6":"product_cat-sosyoloji","7":"pa_cilt-ciltsiz","8":"pa_tur-kitap","9":"pa_yayinevi-nika-yayinevi","10":"pa_yazar-nika-yayinevi-kolektif","12":"first","13":"instock","14":"sale","15":"shipping-taxable","16":"purchasable","17":"product-type-simple"},"_links":{"self":[{"href":"https:\/\/roveyayinevi.com.tr\/index.php\/wp-json\/wp\/v2\/product\/738271","targetHints":{"allow":["GET"]}}],"collection":[{"href":"https:\/\/roveyayinevi.com.tr\/index.php\/wp-json\/wp\/v2\/product"}],"about":[{"href":"https:\/\/roveyayinevi.com.tr\/index.php\/wp-json\/wp\/v2\/types\/product"}],"wp:attachment":[{"href":"https:\/\/roveyayinevi.com.tr\/index.php\/wp-json\/wp\/v2\/media?parent=738271"}],"wp:term":[{"taxonomy":"product_brand","embeddable":true,"href":"https:\/\/roveyayinevi.com.tr\/index.php\/wp-json\/wp\/v2\/product_brand?post=738271"},{"taxonomy":"product_cat","embeddable":true,"href":"https:\/\/roveyayinevi.com.tr\/index.php\/wp-json\/wp\/v2\/product_cat?post=738271"},{"taxonomy":"product_tag","embeddable":true,"href":"https:\/\/roveyayinevi.com.tr\/index.php\/wp-json\/wp\/v2\/product_tag?post=738271"}],"curies":[{"name":"wp","href":"https:\/\/api.w.org\/{rel}","templated":true}]}}