{"id":738258,"date":"2025-08-27T23:46:24","date_gmt":"2025-08-27T20:46:24","guid":{"rendered":"https:\/\/roveyayinevi.com.tr\/index.php\/urun\/gidenler-de-aglar\/"},"modified":"2026-04-16T02:48:34","modified_gmt":"2026-04-15T23:48:34","slug":"gidenler-de-aglar","status":"publish","type":"product","link":"https:\/\/roveyayinevi.com.tr\/index.php\/urun\/gidenler-de-aglar\/","title":{"rendered":"Gidenler de A\u011flar"},"content":{"rendered":"<p>\u00d6zkan \u015eahbaz\u2019\u0131n ikinci \u015fiir kitab\u0131, ilk kitab\u0131nda oldu\u011fu gibi yo\u011fun bir eme\u011fin, duygunun ve bilginin \u00fcr\u00fcn\u00fc. \u015eahbaz\u2019\u0131n \u015fiirleri, \u00f6zenle se\u00e7ilmi\u015f kelime ve dizelerden olu\u015fuyor, okuyucuyu yormuyor ve ak\u0131c\u0131 bir okuma sa\u011fl\u0131yor. T\u00fcrk \u015fiirinin yok olmaya y\u00fcz tuttu\u011fu \u015fu g\u00fcnlerde yeni bir tarz ve anlat\u0131m sunuyor. <\/p>\n","protected":false},"excerpt":{"rendered":"<p>\u00d6zkan \u015eahbaz\u2019\u0131n ikinci \u015fiir kitab\u0131, ilk kitab\u0131nda oldu\u011fu gibi yo\u011fun bir eme\u011fin, duygunun ve bilginin \u00fcr\u00fcn\u00fc. \u015eahbaz\u2019\u0131n \u015fiirleri, \u00f6zenle se\u00e7ilmi\u015f kelime ve dizelerden olu\u015fuyor, okuyucuyu yormuyor<span class=\"excerpt-hellip\"> [\u2026]<\/span><\/p>\n","protected":false},"featured_media":0,"template":"","meta":{"_monsterinsights_skip_tracking":false,"_monsterinsights_sitenote_active":false,"_monsterinsights_sitenote_note":"","_monsterinsights_sitenote_category":0},"product_brand":[],"product_cat":[12291,12509],"product_tag":[],"class_list":{"0":"post-738258","1":"product","2":"type-product","3":"status-publish","5":"product_cat-edebiyat","6":"product_cat-siir","7":"pa_cilt-ciltsiz","8":"pa_tur-kitap","9":"pa_yayinevi-myrina-yayinlari","10":"pa_yazar-ozkan-sahbaz","12":"first","13":"instock","14":"sale","15":"shipping-taxable","16":"purchasable","17":"product-type-simple"},"_links":{"self":[{"href":"https:\/\/roveyayinevi.com.tr\/index.php\/wp-json\/wp\/v2\/product\/738258","targetHints":{"allow":["GET"]}}],"collection":[{"href":"https:\/\/roveyayinevi.com.tr\/index.php\/wp-json\/wp\/v2\/product"}],"about":[{"href":"https:\/\/roveyayinevi.com.tr\/index.php\/wp-json\/wp\/v2\/types\/product"}],"wp:attachment":[{"href":"https:\/\/roveyayinevi.com.tr\/index.php\/wp-json\/wp\/v2\/media?parent=738258"}],"wp:term":[{"taxonomy":"product_brand","embeddable":true,"href":"https:\/\/roveyayinevi.com.tr\/index.php\/wp-json\/wp\/v2\/product_brand?post=738258"},{"taxonomy":"product_cat","embeddable":true,"href":"https:\/\/roveyayinevi.com.tr\/index.php\/wp-json\/wp\/v2\/product_cat?post=738258"},{"taxonomy":"product_tag","embeddable":true,"href":"https:\/\/roveyayinevi.com.tr\/index.php\/wp-json\/wp\/v2\/product_tag?post=738258"}],"curies":[{"name":"wp","href":"https:\/\/api.w.org\/{rel}","templated":true}]}}