{"id":738242,"date":"2025-08-27T23:46:04","date_gmt":"2025-08-27T20:46:04","guid":{"rendered":"https:\/\/roveyayinevi.com.tr\/index.php\/urun\/cisteki-mucize\/"},"modified":"2026-04-16T02:47:58","modified_gmt":"2026-04-15T23:47:58","slug":"cisteki-mucize","status":"publish","type":"product","link":"https:\/\/roveyayinevi.com.tr\/index.php\/urun\/cisteki-mucize\/","title":{"rendered":"\u00c7i\u015fteki Mucize"},"content":{"rendered":"<p>Antik \u00e7a\u011f k\u00fclt\u00fcrlerinden bu yana idrar\u0131n \u015fifa ama\u00e7l\u0131 bir\u00e7ok kullan\u0131m\u0131 oldu\u011funu biliyor muydunuz?   B\u00f6cek sokmas\u0131, baz\u0131 bitkilere verilen alerjik reaksiyonlar ve k\u00fc\u00e7\u00fck yaralarda ac\u0131 ve ka\u015f\u0131nt\u0131y\u0131 hafifletme ama\u00e7l\u0131 kullan\u0131m\u0131n\u0131 belki duymu\u015f olabilirsiniz.   Ancak \u00e7ok daha fazlas\u0131 var!   Adeta mesanemizdeki ecza dolab\u0131 olan idrar\u0131n, kulak a\u011fr\u0131s\u0131n\u0131n giderilmesinde, g\u00f6zlerdeki kuruluk ve enfeksiyonlar\u0131n iyile\u015ftirilmesinde, sa\u00e7 d\u00f6k\u00fclmesini \u00f6nlemede, cilt nemlendirme ve sivilce temizli\u011finde, egzama tedavisinde de kullan\u0131m alanlar\u0131 var.   Hatta baz\u0131 k\u00fclt\u00fcrlerde her g\u00fcn bir bardak idrar\u0131 d\u00fczenli olarak t\u00fcketmek son derece yayg\u0131n! Hintli Ba\u015fbakan Morarji Desai (1896-1995) her sabah bir fincan kendi idrar\u0131n\u0131 i\u00e7erdi. Yakla\u015f\u0131k 100 ya\u015f\u0131na kadar ya\u015fad\u0131!   Alman gazeteci, radyo ve televizyon sunucusu, yazar ve \u00f6\u011fretim g\u00f6revlisi Carmen Thomas idrar\u0131n alternatif sa\u011fl\u0131k ve teknoloji uygulamalar\u0131ndaki kullan\u0131m\u0131 \u00fczerine tabu deviren \u00c7i\u015fteki Mucize ara\u015ft\u0131rmas\u0131n\u0131n bu g\u00fcncellenmi\u015f bas\u0131m\u0131nda idrar\u0131n zanaat, enerji \u00fcretimi, ev, tar\u0131m gibi alanlardaki \u015fa\u015f\u0131rt\u0131c\u0131 olanaklar\u0131na ili\u015fkin deneyimleri ve ara\u015ft\u0131rmalar\u0131 yeniden ke\u015ffetme \u015fans\u0131 sunuyor.   Yazar Hakk\u0131nda:   Carmen Thomas, 1946 y\u0131l\u0131nda D\u00fcsseldorf\u2019ta do\u011fmu\u015f bir gazeteci, ileti\u015fim uzman\u0131, \u00e7ok satanlar listesine girmi\u015f bir yazar ve e\u011fitmen. K\u00f6ln\u2019de Alman Dili ve Edebiyat\u0131, \u0130ngiliz Dili ve Edebiyat\u0131 ve Pedagoji b\u00f6l\u00fcmlerinde e\u011fitim ald\u0131. 1968-2006 y\u0131llar\u0131 aras\u0131nda K\u00f6ln\u2019de WDR\u2019de; redakt\u00f6r, moderat\u00f6r ve s\u00fcperviz\u00f6r olarak \u00e7al\u0131\u015ft\u0131. \u201cHallo \u00dc-Wagen\u201d adl\u0131 program\u0131 Alman radyosunun ilk etkile\u015fimli program\u0131yd\u0131. Alman televizyonunun ilk kad\u0131n spor sunucusu olarak ZDF\u2019te yay\u0131mlanan \u201cSportstudio\u201d program\u0131n\u0131 sundu. 1974 y\u0131l\u0131ndan beri b\u00fcy\u00fck grup \u00e7al\u0131\u015fmalar\u0131 ve grup etkinlikleri y\u00fcr\u00fctmede uzman olarak yer al\u0131yor. 2001 y\u0131l\u0131ndan beri Engelskirchen\u2019de \u201c1. Moderasyon ve Etkile\u015fim Akademisi\u201dnin y\u00f6netimini y\u00fcr\u00fct\u00fcyor. \u00c7al\u0131\u015fmalar\u0131ndan dolay\u0131 pek \u00e7ok \u00f6d\u00fcl kazand\u0131. <\/p>\n","protected":false},"excerpt":{"rendered":"<p>Antik \u00e7a\u011f k\u00fclt\u00fcrlerinden bu yana idrar\u0131n \u015fifa ama\u00e7l\u0131 bir\u00e7ok kullan\u0131m\u0131 oldu\u011funu biliyor muydunuz? B\u00f6cek sokmas\u0131, baz\u0131 bitkilere verilen alerjik reaksiyonlar ve k\u00fc\u00e7\u00fck yaralarda ac\u0131 ve ka\u015f\u0131nt\u0131y\u0131<span class=\"excerpt-hellip\"> [\u2026]<\/span><\/p>\n","protected":false},"featured_media":0,"template":"","meta":{"_monsterinsights_skip_tracking":false,"_monsterinsights_sitenote_active":false,"_monsterinsights_sitenote_note":"","_monsterinsights_sitenote_category":0},"product_brand":[],"product_cat":[13366,13365],"product_tag":[],"class_list":{"0":"post-738242","1":"product","2":"type-product","3":"status-publish","5":"product_cat-diger-saglik","6":"product_cat-saglik","7":"pa_cilt-ciltsiz","8":"pa_tur-kitap","9":"pa_yayinevi-eksik-parca-yayinlari","10":"pa_yazar-carmen-thomas","12":"first","13":"instock","14":"sale","15":"shipping-taxable","16":"purchasable","17":"product-type-simple"},"_links":{"self":[{"href":"https:\/\/roveyayinevi.com.tr\/index.php\/wp-json\/wp\/v2\/product\/738242","targetHints":{"allow":["GET"]}}],"collection":[{"href":"https:\/\/roveyayinevi.com.tr\/index.php\/wp-json\/wp\/v2\/product"}],"about":[{"href":"https:\/\/roveyayinevi.com.tr\/index.php\/wp-json\/wp\/v2\/types\/product"}],"wp:attachment":[{"href":"https:\/\/roveyayinevi.com.tr\/index.php\/wp-json\/wp\/v2\/media?parent=738242"}],"wp:term":[{"taxonomy":"product_brand","embeddable":true,"href":"https:\/\/roveyayinevi.com.tr\/index.php\/wp-json\/wp\/v2\/product_brand?post=738242"},{"taxonomy":"product_cat","embeddable":true,"href":"https:\/\/roveyayinevi.com.tr\/index.php\/wp-json\/wp\/v2\/product_cat?post=738242"},{"taxonomy":"product_tag","embeddable":true,"href":"https:\/\/roveyayinevi.com.tr\/index.php\/wp-json\/wp\/v2\/product_tag?post=738242"}],"curies":[{"name":"wp","href":"https:\/\/api.w.org\/{rel}","templated":true}]}}