{"id":738241,"date":"2025-08-27T23:46:03","date_gmt":"2025-08-27T20:46:03","guid":{"rendered":"https:\/\/roveyayinevi.com.tr\/index.php\/urun\/buz-hokeyinde-yetenek-secimi\/"},"modified":"2026-04-16T02:47:58","modified_gmt":"2026-04-15T23:47:58","slug":"buz-hokeyinde-yetenek-secimi","status":"publish","type":"product","link":"https:\/\/roveyayinevi.com.tr\/index.php\/urun\/buz-hokeyinde-yetenek-secimi\/","title":{"rendered":"Buz Hokeyinde Yetenek Se\u00e7imi"},"content":{"rendered":"<p>\u0130\u00e7indekiler   YETENEK SE\u00c7\u0130M\u0130 \u00b7         Yetenek Anlay\u0131\u015flar\u0131 \u00b7         Statik Yetenek Anlay\u0131\u015f\u0131 \u00b7         \u00d6\u011frenim Teorisiyle \u0130lgili Yetenek Anlay\u0131\u015f\u0131 \u00b7         Dinamik Yetenek Anlay\u0131\u015f\u0131 \u00b7         Yetenek Belirleme \u00d6l\u00e7\u00fctleri \u00b7         Do\u011fal Se\u00e7im \u00b7         Bilimsel Se\u00e7im \u00b7         Yetenek Se\u00e7iminin Yararlar\u0131 \u00b7         Yetenekli Sporcular\u0131n \u00d6zellikleri \u00b7         Yetenek Se\u00e7iminde Kullan\u0131lan \u00d6l\u00e7\u00fctler \u00b7         Sa\u011fl\u0131k \u00b7         Biyometrik \u00d6zellikler \u00b7         Kal\u0131t\u0131m \u00b7         Kas Lifleri Da\u011f\u0131l\u0131m\u0131 \u00b7         Spor Yerleri ve Mevsimler \u00b7         Yetenek Se\u00e7imi Evreleri \u00b7         Yetenek Belirlemesinin Birinci Evresi \u00b7         Yetenek Belirlemesinin \u0130kinci Evresi \u00b7         Yetenek Belirlemesinin \u00dc\u00e7\u00fcnc\u00fc Evresi \u00b7         Sportif Yetene\u011fin Erken Tan\u0131nmas\u0131 \u00b7         Yetenek Ara\u015ft\u0131rmas\u0131 ve Se\u00e7im \u0130\u00e7in \u00d6n \u015eartlar \u00b7         Buz Hokeyinde Yetenek Se\u00e7imi \u00b7         Buz Hokeyinde Yetenek Se\u00e7iminde Geleneksel Olmayan Baz\u0131 Yakla\u015f\u0131mlar \u00b7         Buz Hokeyinde Performans\u0131 Etkileyen Fakt\u00f6rler \u00b7         Paten Kayma Becerisi (Powerskating) \u00b7         Buz Hokeyinde Ya\u015f Kategorileri ve \u00d6zellikleri \u00b7         Yetenek Se\u00e7imi Modellemeleri \u00b7         \u00c7ocuklarda Buz Hokeyi Becerileri \u00c7er\u00e7eve Program \u00b7         Paten Kayma Becerisi \u00b7         Bireysel Oyun Aktiviteleri \u00b7         Yetene\u011fin Belirlenmesi \u00b7         Buz Hokeyindeki Fiziksel \u00d6l\u00e7\u00fcmler \u00b7         Illinois \u00c7eviklik Ko\u015fusu \u00b7         Be\u015f Ad\u0131m Atlama Testi \u00b7         3 x 200 Metre Ko\u015fu (30 saniye dinlenmeli) \u00b7         Bench Press Testi (Yatarak Halter Kald\u0131rma) \u00b7         1500 Metre Ko\u015fu. \u00b7         Buz Hokeyi \u00d6rnek Test Sonu\u00e7lar\u0131 \u00b7         V02 Max \u00b7         Wingate \u00b7         Buzun \u00dczerinde Uygulanan Testler \u00b7         Uluslararas\u0131 Buz Hokeyi Federasyonu (IIHF) Taraf\u0131ndan Uygulanan Testler \u00b7         Buz Hokeyinde Motor Becerileri Geli\u015ftirme S\u00fcrecinde Genel Y\u00fckleme \u0130lkeleri \u00b7         Buz Hokeyinde Spor Performans\u0131n\u0131n Fonksiyonel ve Metabolik \u00d6zellikleri \u00b7         Yetenek Taramas\u0131 \u0130\u00e7in \u00d6nlem ve \u00d6neriler \u00b7         Yetenek Se\u00e7imi Denetleme \u00c7izelgesi <\/p>\n","protected":false},"excerpt":{"rendered":"<p>\u0130\u00e7indekiler YETENEK SE\u00c7\u0130M\u0130 \u00b7 Yetenek Anlay\u0131\u015flar\u0131 \u00b7 Statik Yetenek Anlay\u0131\u015f\u0131 \u00b7 \u00d6\u011frenim Teorisiyle \u0130lgili Yetenek Anlay\u0131\u015f\u0131 \u00b7 Dinamik Yetenek Anlay\u0131\u015f\u0131 \u00b7 Yetenek Belirleme \u00d6l\u00e7\u00fctleri \u00b7 Do\u011fal<span class=\"excerpt-hellip\"> [\u2026]<\/span><\/p>\n","protected":false},"featured_media":0,"template":"","meta":{"_monsterinsights_skip_tracking":false,"_monsterinsights_sitenote_active":false,"_monsterinsights_sitenote_note":"","_monsterinsights_sitenote_category":0},"product_brand":[],"product_cat":[12573,12566],"product_tag":[],"class_list":{"0":"post-738241","1":"product","2":"type-product","3":"status-publish","5":"product_cat-akademik-kitaplar","6":"product_cat-egitim","7":"pa_cilt-ciltsiz","8":"pa_tur-kitap","9":"pa_yayinevi-gazi-kitabevi","10":"pa_yazar-irfan-kurudirek","12":"first","13":"instock","14":"sale","15":"shipping-taxable","16":"purchasable","17":"product-type-simple"},"_links":{"self":[{"href":"https:\/\/roveyayinevi.com.tr\/index.php\/wp-json\/wp\/v2\/product\/738241","targetHints":{"allow":["GET"]}}],"collection":[{"href":"https:\/\/roveyayinevi.com.tr\/index.php\/wp-json\/wp\/v2\/product"}],"about":[{"href":"https:\/\/roveyayinevi.com.tr\/index.php\/wp-json\/wp\/v2\/types\/product"}],"wp:attachment":[{"href":"https:\/\/roveyayinevi.com.tr\/index.php\/wp-json\/wp\/v2\/media?parent=738241"}],"wp:term":[{"taxonomy":"product_brand","embeddable":true,"href":"https:\/\/roveyayinevi.com.tr\/index.php\/wp-json\/wp\/v2\/product_brand?post=738241"},{"taxonomy":"product_cat","embeddable":true,"href":"https:\/\/roveyayinevi.com.tr\/index.php\/wp-json\/wp\/v2\/product_cat?post=738241"},{"taxonomy":"product_tag","embeddable":true,"href":"https:\/\/roveyayinevi.com.tr\/index.php\/wp-json\/wp\/v2\/product_tag?post=738241"}],"curies":[{"name":"wp","href":"https:\/\/api.w.org\/{rel}","templated":true}]}}