{"id":738237,"date":"2025-08-27T23:45:59","date_gmt":"2025-08-27T20:45:59","guid":{"rendered":"https:\/\/roveyayinevi.com.tr\/index.php\/urun\/iktisatta-guncel-gelismeler-panel-veri-uygulamalari\/"},"modified":"2025-11-21T07:42:55","modified_gmt":"2025-11-21T04:42:55","slug":"iktisatta-guncel-gelismeler-panel-veri-uygulamalari","status":"publish","type":"product","link":"https:\/\/roveyayinevi.com.tr\/index.php\/urun\/iktisatta-guncel-gelismeler-panel-veri-uygulamalari\/","title":{"rendered":"\u0130ktisatta G\u00fcncel Geli\u015fmeler &#8211; Panel Veri Uygulamalar\u0131"},"content":{"rendered":"<p>\u0130\u00e7indekiler   B\u0130R\u0130NC\u0130 B\u00d6L\u00dcM : T\u00dcRK\u0130YE \u0130\u00c7\u0130N PANEL VER\u0130 UYGULAMALARI   \u0130K\u0130NC\u0130 B\u00d6L\u00dcM :  EKONOM\u0130K \u0130\u015eB\u0130RL\u0130\u011e\u0130 VE KALKINMA \u00d6RG\u00dcT\u00dc (OECD) \u00dcLKELER\u0130 \u0130\u00c7\u0130N PANEL VER\u0130 UYGULAMALARI   \u00dc\u00c7\u00dcNC\u00dc B\u00d6L\u00dcM : D\u0130\u011eER \u00dcLKE GRUBU \u00d6RNEKLER\u0130 \u0130\u00c7\u0130N PANEL VER\u0130 UYGULAMALARI <\/p>\n","protected":false},"excerpt":{"rendered":"<p>\u0130\u00e7indekiler B\u0130R\u0130NC\u0130 B\u00d6L\u00dcM : T\u00dcRK\u0130YE \u0130\u00c7\u0130N PANEL VER\u0130 UYGULAMALARI \u0130K\u0130NC\u0130 B\u00d6L\u00dcM : EKONOM\u0130K \u0130\u015eB\u0130RL\u0130\u011e\u0130 VE KALKINMA \u00d6RG\u00dcT\u00dc (OECD) \u00dcLKELER\u0130 \u0130\u00c7\u0130N PANEL VER\u0130 UYGULAMALARI \u00dc\u00c7\u00dcNC\u00dc B\u00d6L\u00dcM :<span class=\"excerpt-hellip\"> [\u2026]<\/span><\/p>\n","protected":false},"featured_media":0,"template":"","meta":{"_monsterinsights_skip_tracking":false,"_monsterinsights_sitenote_active":false,"_monsterinsights_sitenote_note":"","_monsterinsights_sitenote_category":0},"product_brand":[],"product_cat":[20333,13043],"product_tag":[],"class_list":{"0":"post-738237","1":"product","2":"type-product","3":"status-publish","5":"product_cat-diger-ekonomi","6":"product_cat-ekonomi","7":"pa_cilt-ciltsiz","8":"pa_tur-kitap","9":"pa_yayinevi-gazi-kitabevi","10":"pa_yazar-gazi-kitabevi-kolektif","12":"first","13":"instock","14":"sale","15":"shipping-taxable","16":"purchasable","17":"product-type-simple"},"_links":{"self":[{"href":"https:\/\/roveyayinevi.com.tr\/index.php\/wp-json\/wp\/v2\/product\/738237","targetHints":{"allow":["GET"]}}],"collection":[{"href":"https:\/\/roveyayinevi.com.tr\/index.php\/wp-json\/wp\/v2\/product"}],"about":[{"href":"https:\/\/roveyayinevi.com.tr\/index.php\/wp-json\/wp\/v2\/types\/product"}],"wp:attachment":[{"href":"https:\/\/roveyayinevi.com.tr\/index.php\/wp-json\/wp\/v2\/media?parent=738237"}],"wp:term":[{"taxonomy":"product_brand","embeddable":true,"href":"https:\/\/roveyayinevi.com.tr\/index.php\/wp-json\/wp\/v2\/product_brand?post=738237"},{"taxonomy":"product_cat","embeddable":true,"href":"https:\/\/roveyayinevi.com.tr\/index.php\/wp-json\/wp\/v2\/product_cat?post=738237"},{"taxonomy":"product_tag","embeddable":true,"href":"https:\/\/roveyayinevi.com.tr\/index.php\/wp-json\/wp\/v2\/product_tag?post=738237"}],"curies":[{"name":"wp","href":"https:\/\/api.w.org\/{rel}","templated":true}]}}