{"id":738210,"date":"2025-08-27T23:44:49","date_gmt":"2025-08-27T20:44:49","guid":{"rendered":"https:\/\/roveyayinevi.com.tr\/index.php\/urun\/galyadan-de-gaullee-fransa-tarihi\/"},"modified":"2026-04-16T02:47:56","modified_gmt":"2026-04-15T23:47:56","slug":"galyadan-de-gaullee-fransa-tarihi","status":"publish","type":"product","link":"https:\/\/roveyayinevi.com.tr\/index.php\/urun\/galyadan-de-gaullee-fransa-tarihi\/","title":{"rendered":"Galya\u2019dan De Gaulle\u2019e Fransa Tarihi"},"content":{"rendered":"<p>Fransa seksen y\u0131l\u0131 a\u015fk\u0131n s\u00fcredir hayat\u0131m\u0131n bir par\u00e7as\u0131. Ge\u00e7mi\u015fe bak\u0131nca an\u0131lar birbirini koval\u0131yor: Sava\u015f \u00f6ncesi Aix-les-Bains\u2019de, uzun tahta bacaklar\u0131n \u00fczerinde akrobatik danslar yapan \u00e7ingeneler; m\u00fcttefiklerin g\u00fcney \u00e7\u0131karmas\u0131n\u0131n birinci y\u0131l d\u00f6n\u00fcm\u00fcnde Provence sokaklar\u0131nda bisiklet s\u00fcr\u00fc\u015f\u00fcm; her daim en sevdi\u011fim gece kul\u00fcb\u00fc olarak kalacak Montmartre\u2019deki Lapin Agile\u2019de eski \u015fark\u0131lar s\u00f6yleyi\u015fim ya da Arles\u2019da, her ikisi de tepeden t\u0131rna\u011fa Proven\u00e7al kost\u00fcm\u00fc giymi\u015f bir adamla ola\u011fan\u00fcst\u00fc g\u00fczel bir k\u0131z ta\u015f\u0131yan b\u00fcy\u00fck beyaz bir at\u0131n aniden k\u00f6\u015feyi d\u00f6nd\u00fc\u011f\u00fc s\u0131rada a\u00e7\u0131k havada bir ak\u015fam yeme\u011finin yar\u0131m as\u0131r sonra bile capcanl\u0131 hat\u0131ras\u0131. T\u00fcm bu an\u0131lar ve daha binlercesi i\u00e7in minnettar\u0131m.\u201d John Julius Norwich.   Fransa\u2019ya kar\u015f\u0131 b\u00fcy\u00fck bir sevgisi olan Norwich, bu kitapta, Ha\u00e7l\u0131 Seferleri\u2019ne, Y\u00fcz Y\u0131l Sava\u015flar\u0131\u2019na, Frans\u0131z Devrimi\u2019ne, Napolyon\u2019a, Birinci ve \u0130kinci D\u00fcnya Sava\u015flar\u0131\u2019na de\u011finerek Fransa\u2019n\u0131n tarih\u00ee haritas\u0131n\u0131 \u00e7izer. \u00dclkenin iki bin y\u0131lda hangi liderlerle ba\u011f\u0131ms\u0131zl\u0131k m\u00fccadelelerine girdi\u011fini, modern zamanlara nas\u0131l ula\u015ft\u0131\u011f\u0131n\u0131 detaylar\u0131yla anlat\u0131r. Galya\u2019daki Julius Ceasar\u2019dan alarak de Gaulle\u2019e getirdi\u011fi tarih\u00ee perspektifte krallara, i\u00e7 politikalara odaklanan Norwich, \u00f6nemli fig\u00fcrlerin ilgin\u00e7 \u00f6zelliklerine, \u00f6zel ya\u015famlar\u0131na da de\u011finir. Zaman zaman mizahi dilini esirgemeden anlatt\u0131\u011f\u0131 bu panoramay\u0131, art\u0131k insanlarla ve olaylarla ilgili an\u0131lar\u0131 oldu\u011fu i\u00e7in \u0130kinci D\u00fcnya Sava\u015f\u0131 sonunda bitirir. Fransa\u2019n\u0131n kendisine verdii\u011fi her \u015fey i\u00e7in bir \u201cte\u015fekk\u00fcr\u201d olarak addetti\u011fi Fransa Tarihi, tarih\u00ee belge amac\u0131 g\u00fctmedi\u011finden herkesin rahatl\u0131kla okuyabilece\u011fi bir kitap. <\/p>\n","protected":false},"excerpt":{"rendered":"<p>Fransa seksen y\u0131l\u0131 a\u015fk\u0131n s\u00fcredir hayat\u0131m\u0131n bir par\u00e7as\u0131. Ge\u00e7mi\u015fe bak\u0131nca an\u0131lar birbirini koval\u0131yor: Sava\u015f \u00f6ncesi Aix-les-Bains\u2019de, uzun tahta bacaklar\u0131n \u00fczerinde akrobatik danslar yapan \u00e7ingeneler; m\u00fcttefiklerin g\u00fcney<span class=\"excerpt-hellip\"> [\u2026]<\/span><\/p>\n","protected":false},"featured_media":0,"template":"","meta":{"_monsterinsights_skip_tracking":false,"_monsterinsights_sitenote_active":false,"_monsterinsights_sitenote_note":"","_monsterinsights_sitenote_category":0},"product_brand":[],"product_cat":[13072,12291],"product_tag":[],"class_list":{"0":"post-738210","1":"product","2":"type-product","3":"status-publish","5":"product_cat-arastirma-inceleme-referans","6":"product_cat-edebiyat","7":"pa_cilt-ciltsiz","8":"pa_tur-kitap","9":"pa_yayinevi-yeditepe-yayinevi","10":"pa_yazar-john-julius-norwich","12":"first","13":"instock","14":"sale","15":"shipping-taxable","16":"purchasable","17":"product-type-simple"},"_links":{"self":[{"href":"https:\/\/roveyayinevi.com.tr\/index.php\/wp-json\/wp\/v2\/product\/738210","targetHints":{"allow":["GET"]}}],"collection":[{"href":"https:\/\/roveyayinevi.com.tr\/index.php\/wp-json\/wp\/v2\/product"}],"about":[{"href":"https:\/\/roveyayinevi.com.tr\/index.php\/wp-json\/wp\/v2\/types\/product"}],"wp:attachment":[{"href":"https:\/\/roveyayinevi.com.tr\/index.php\/wp-json\/wp\/v2\/media?parent=738210"}],"wp:term":[{"taxonomy":"product_brand","embeddable":true,"href":"https:\/\/roveyayinevi.com.tr\/index.php\/wp-json\/wp\/v2\/product_brand?post=738210"},{"taxonomy":"product_cat","embeddable":true,"href":"https:\/\/roveyayinevi.com.tr\/index.php\/wp-json\/wp\/v2\/product_cat?post=738210"},{"taxonomy":"product_tag","embeddable":true,"href":"https:\/\/roveyayinevi.com.tr\/index.php\/wp-json\/wp\/v2\/product_tag?post=738210"}],"curies":[{"name":"wp","href":"https:\/\/api.w.org\/{rel}","templated":true}]}}