{"id":738208,"date":"2025-08-27T23:44:47","date_gmt":"2025-08-27T20:44:47","guid":{"rendered":"https:\/\/roveyayinevi.com.tr\/index.php\/urun\/okuma-boslugunu-kapatmak\/"},"modified":"2026-04-16T02:47:56","modified_gmt":"2026-04-15T23:47:56","slug":"okuma-boslugunu-kapatmak","status":"publish","type":"product","link":"https:\/\/roveyayinevi.com.tr\/index.php\/urun\/okuma-boslugunu-kapatmak\/","title":{"rendered":"Okuma Bo\u015flu\u011funu Kapatmak"},"content":{"rendered":"<p>Okuman\u0131n \u00f6nemi, evrensel bir \u015fekilde kabul edilmi\u015f olsa da s\u0131n\u0131flar\u0131m\u0131zdaki okuma bo\u015flu\u011fu, ebeveynlerin maddi durumu, e\u011fitimleri, sahip olduklar\u0131 kitaplar ve s\u0131n\u0131fta yap\u0131lan pratikler gibi bir dizi sebepten \u00f6t\u00fcr\u00fc halen yerini koruyor. Bu bo\u015flu\u011fu kapatmak i\u00e7in her bir \u00f6\u011fretmenin, \u00f6zg\u00fcvenli bir \u015fekilde okumay\u0131 \u00f6\u011fretme yetisine sahip olmas\u0131 gerekir.   \u00d6\u011frencilerin okuma isteklerini ve becerilerini beslemeyi oda\u011f\u0131na alan bu \u00f6nemli kitap, her \u00f6\u011fretmenin, b\u00fct\u00fcn \u00f6\u011frencilerinin hem okulda hem de okul kap\u0131lar\u0131n\u0131n \u00e7ok daha \u00f6tesinde ba\u015far\u0131ya ko\u015fmas\u0131n\u0131 sa\u011flayacak zengin bir okuma k\u00fclt\u00fcr\u00fc olu\u015fturmas\u0131na yard\u0131mc\u0131 olacak kullan\u0131\u015fl\u0131 \u00e7\u00f6z\u00fcmler sunmaktad\u0131r.   \u201cBu ilgin\u00e7 kitapta Alex Quigley, uzman okuma \u00f6\u011fretmenlerinin; \u00f6\u011frencilerine okumay\u0131 \u00f6\u011fretmek, okuma arzular\u0131n\u0131 beslemek i\u00e7in ihtiya\u00e7 duyduklar\u0131 bilgileri ve becerileri ke\u015ffe \u00e7\u0131k\u0131yor. E\u011fer okulunuzun okuma m\u00fcfredat\u0131n\u0131 geli\u015ftiriyorsan\u0131z, kullan\u0131\u015fl\u0131 stratejilerle dolu olan bu eri\u015filebilir ve g\u00fcncel metin \u00e7ok de\u011ferli bir kaynak olacakt\u0131r. Okuman\u0131n karma\u015f\u0131kl\u0131\u011f\u0131n\u0131 \u00e7ekici ve ak\u0131c\u0131 bir \u015fekilde a\u00e7\u0131klayarak, \u00fcstbili\u015fe \u00f6zellikle odaklanan Alex, okumay\u0131 yeniden \u015fekillendirmek i\u00e7in uzman bilgileriyle desteklenen ara\u00e7lar ve okuma bo\u015flu\u011funu kapatmak i\u00e7in alt\u0131 ad\u0131m sunuyor. Almaya de\u011fer bir kitap.\u201d Teresa Cremin<\/p>\n","protected":false},"excerpt":{"rendered":"<p>Okuman\u0131n \u00f6nemi, evrensel bir \u015fekilde kabul edilmi\u015f olsa da s\u0131n\u0131flar\u0131m\u0131zdaki okuma bo\u015flu\u011fu, ebeveynlerin maddi durumu, e\u011fitimleri, sahip olduklar\u0131 kitaplar ve s\u0131n\u0131fta yap\u0131lan pratikler gibi bir dizi<span class=\"excerpt-hellip\"> [\u2026]<\/span><\/p>\n","protected":false},"featured_media":0,"template":"","meta":{"_monsterinsights_skip_tracking":false,"_monsterinsights_sitenote_active":false,"_monsterinsights_sitenote_note":"","_monsterinsights_sitenote_category":0},"product_brand":[],"product_cat":[12573,12566],"product_tag":[],"class_list":{"0":"post-738208","1":"product","2":"type-product","3":"status-publish","5":"product_cat-akademik-kitaplar","6":"product_cat-egitim","7":"pa_cilt-ciltsiz","8":"pa_tur-kitap","9":"pa_yayinevi-orenda","10":"pa_yazar-alex-quigley","12":"first","13":"instock","14":"sale","15":"shipping-taxable","16":"purchasable","17":"product-type-simple"},"_links":{"self":[{"href":"https:\/\/roveyayinevi.com.tr\/index.php\/wp-json\/wp\/v2\/product\/738208","targetHints":{"allow":["GET"]}}],"collection":[{"href":"https:\/\/roveyayinevi.com.tr\/index.php\/wp-json\/wp\/v2\/product"}],"about":[{"href":"https:\/\/roveyayinevi.com.tr\/index.php\/wp-json\/wp\/v2\/types\/product"}],"wp:attachment":[{"href":"https:\/\/roveyayinevi.com.tr\/index.php\/wp-json\/wp\/v2\/media?parent=738208"}],"wp:term":[{"taxonomy":"product_brand","embeddable":true,"href":"https:\/\/roveyayinevi.com.tr\/index.php\/wp-json\/wp\/v2\/product_brand?post=738208"},{"taxonomy":"product_cat","embeddable":true,"href":"https:\/\/roveyayinevi.com.tr\/index.php\/wp-json\/wp\/v2\/product_cat?post=738208"},{"taxonomy":"product_tag","embeddable":true,"href":"https:\/\/roveyayinevi.com.tr\/index.php\/wp-json\/wp\/v2\/product_tag?post=738208"}],"curies":[{"name":"wp","href":"https:\/\/api.w.org\/{rel}","templated":true}]}}