{"id":738207,"date":"2025-08-27T23:44:46","date_gmt":"2025-08-27T20:44:46","guid":{"rendered":"https:\/\/roveyayinevi.com.tr\/index.php\/urun\/nihai-komedya\/"},"modified":"2026-04-16T02:47:56","modified_gmt":"2026-04-15T23:47:56","slug":"nihai-komedya","status":"publish","type":"product","link":"https:\/\/roveyayinevi.com.tr\/index.php\/urun\/nihai-komedya\/","title":{"rendered":"Nihai Komedya"},"content":{"rendered":"<p>Dante&#8217;nin 14. yy. da Hristiyan mitolojisi ve metafizi\u011fini birle\u015ftiren \u00e7al\u0131\u015fmas\u0131na, bu eserin as\u0131l amac\u0131na ula\u015fmak i\u00e7in \u0130slam&#8217;\u0131n 14. y\u00fczy\u0131l\u0131nda onun mitolojisinden se\u00e7meler sunuyoruz. Hedefimiz Dante ile ayn\u0131. Cennetin, cehennemin nas\u0131l oldu\u011fundan, Tufan\u0131n yahut \u0130syan\u0131n nas\u0131l ger\u00e7ekle\u015fti\u011finden daha ziyade bunlar\u0131n neden var oldu\u011fu ile ilgileniyor ve kavranmas\u0131 gerekti\u011fini anlatmaya \u00e7al\u0131\u015f\u0131yoruz.   \u2026 \u201cYery\u00fcz\u00fcn\u00fcn tendomunda, Az\u0131tan insano\u011flunun a\u00e7t\u0131\u011f\u0131 kesikten f\u0131\u015fk\u0131ran sular; Gezegenin damarlar\u0131nda dola\u015fan kan\u0131d\u0131r\u2026 \u0130nsan akl\u0131n\u0131 bu denli dar bir \u00e7epere hapseden Akl\u0131n\u0131 \u00e7epe\u00e7evre saran imk\u00e2n\u0131n isk\u00e2n\u0131d\u0131r\u2026 Sat\u0131r sat\u0131r ya\u011fan ya\u011fmur Paragraf paragraf \u00e7alkalanan dev dalgalar\u2026 Ve ben bir \u015fair, G\u00f6rd\u00fc\u011f\u00fcm y\u0131k\u0131l\u0131\u015f\u0131n tasviri ile titriyor eller Kan, evet evet\u2026 Kand\u0131r elbet Tanr\u0131&#8217;n\u0131n insano\u011fluna zerk etti\u011fi cevher\u2026\u201d<\/p>\n","protected":false},"excerpt":{"rendered":"<p>Dante&#8217;nin 14. yy. da Hristiyan mitolojisi ve metafizi\u011fini birle\u015ftiren \u00e7al\u0131\u015fmas\u0131na, bu eserin as\u0131l amac\u0131na ula\u015fmak i\u00e7in \u0130slam&#8217;\u0131n 14. y\u00fczy\u0131l\u0131nda onun mitolojisinden se\u00e7meler sunuyoruz. Hedefimiz Dante ile<span class=\"excerpt-hellip\"> [\u2026]<\/span><\/p>\n","protected":false},"featured_media":0,"template":"","meta":{"_monsterinsights_skip_tracking":false,"_monsterinsights_sitenote_active":false,"_monsterinsights_sitenote_note":"","_monsterinsights_sitenote_category":0},"product_brand":[],"product_cat":[12777,12291],"product_tag":[],"class_list":{"0":"post-738207","1":"product","2":"type-product","3":"status-publish","5":"product_cat-deneme","6":"product_cat-edebiyat","7":"pa_cilt-ciltsiz","8":"pa_tur-kitap","9":"pa_yayinevi-elpis-yayinlari","10":"pa_yazar-yusuf-celiktas","12":"first","13":"instock","14":"sale","15":"shipping-taxable","16":"purchasable","17":"product-type-simple"},"_links":{"self":[{"href":"https:\/\/roveyayinevi.com.tr\/index.php\/wp-json\/wp\/v2\/product\/738207","targetHints":{"allow":["GET"]}}],"collection":[{"href":"https:\/\/roveyayinevi.com.tr\/index.php\/wp-json\/wp\/v2\/product"}],"about":[{"href":"https:\/\/roveyayinevi.com.tr\/index.php\/wp-json\/wp\/v2\/types\/product"}],"wp:attachment":[{"href":"https:\/\/roveyayinevi.com.tr\/index.php\/wp-json\/wp\/v2\/media?parent=738207"}],"wp:term":[{"taxonomy":"product_brand","embeddable":true,"href":"https:\/\/roveyayinevi.com.tr\/index.php\/wp-json\/wp\/v2\/product_brand?post=738207"},{"taxonomy":"product_cat","embeddable":true,"href":"https:\/\/roveyayinevi.com.tr\/index.php\/wp-json\/wp\/v2\/product_cat?post=738207"},{"taxonomy":"product_tag","embeddable":true,"href":"https:\/\/roveyayinevi.com.tr\/index.php\/wp-json\/wp\/v2\/product_tag?post=738207"}],"curies":[{"name":"wp","href":"https:\/\/api.w.org\/{rel}","templated":true}]}}