{"id":738205,"date":"2025-08-27T23:44:42","date_gmt":"2025-08-27T20:44:42","guid":{"rendered":"https:\/\/roveyayinevi.com.tr\/index.php\/urun\/ince-duvarli-apartman\/"},"modified":"2026-04-16T02:47:56","modified_gmt":"2026-04-15T23:47:56","slug":"ince-duvarli-apartman","status":"publish","type":"product","link":"https:\/\/roveyayinevi.com.tr\/index.php\/urun\/ince-duvarli-apartman\/","title":{"rendered":"\u0130nce Duvarl\u0131 Apartman"},"content":{"rendered":"<p>&#8220;Hazlar g\u00f6klerde bir imparatorluksa bizler ufak \u00e7imleriz. Fillere ezilmeden, sulak bir ya\u015fant\u0131d\u0131r t\u00fcm beklentimiz. Ve san\u0131r\u0131m basitli\u011fimiz ve g\u00fczelli\u011fimiz de buradan gelir\u2026&#8221;   \u201cKasaya ald\u0131klar\u0131m\u0131 \u00f6demeye gittim. Kasiyer robotik hareketlerle ald\u0131klar\u0131m\u0131 barkod okuyucudan ge\u00e7irdi. Ne bir \u201cMerhaba\u201d ne bir \u201c\u0130yi g\u00fcnler\u201d. O an anlad\u0131m kaybetti\u011fimizin sadece ekonomik ba\u011f\u0131ms\u0131zl\u0131\u011f\u0131m\u0131z olmad\u0131\u011f\u0131n\u0131. \u0130nsan\u0131n hamurundan, esas\u0131ndan, \u00f6z\u00fcnden de bir \u015feyler kopup gitmi\u015fti. Buna \u00e7ok bozulmu\u015ftum ama o an \u00fcst\u00fcnde durmad\u0131m. Belli ki etkisi d\u00f6rt duvar aras\u0131nda \u00e7\u0131kacakt\u0131. Bir de herkes sanki \u00f6l\u00fcm\u00fcne yaln\u0131zd\u0131 bu s\u0131ralar. Anne, baba ve \u00e7ocuk tedav\u00fclden kalkm\u0131\u015ft\u0131. Varsa yoksa otuzlu ya\u015flar\u0131nda ellilerinde gibi g\u00f6steren veya zaten ellilerinde olan y\u0131lg\u0131n insanlar dolmu\u015ftu ortal\u0131\u011fa. \u0130nsanl\u0131\u011fa, T\u00fcrkiye&#8217;de elli ya\u015f standard\u0131 gelmi\u015fti. Eskiden marketten mahalleme do\u011fru y\u00fcr\u00fcrken her bir ad\u0131m\u0131mda fark etti\u011fim hayhuydan eser yoktu. En \u00e7ok da bu hareketsizlik, bu bekleyi\u015f, insanlar\u0131n bu \u00f6lmeden sahip oldu\u011fu \u00f6l\u00fcm sessizlikleri can\u0131m\u0131 s\u0131k\u0131yordu. Ve t\u00fcm g\u00fcc\u00fcmle mahalleyi inletircesine nara att\u0131m: \u201cAlesta tramola! Alesta tramola! Alesta tramola!\u201d  Arkamdan bir ses:   &#8211; O Kaptan Cousteau ho\u015f geldin. At bir \u015farap paras\u0131 da yelkenim r\u00fczg\u00e2r dolsun.&#8221;<\/p>\n","protected":false},"excerpt":{"rendered":"<p>&#8220;Hazlar g\u00f6klerde bir imparatorluksa bizler ufak \u00e7imleriz. Fillere ezilmeden, sulak bir ya\u015fant\u0131d\u0131r t\u00fcm beklentimiz. Ve san\u0131r\u0131m basitli\u011fimiz ve g\u00fczelli\u011fimiz de buradan gelir\u2026&#8221; \u201cKasaya ald\u0131klar\u0131m\u0131 \u00f6demeye gittim.<span class=\"excerpt-hellip\"> [\u2026]<\/span><\/p>\n","protected":false},"featured_media":0,"template":"","meta":{"_monsterinsights_skip_tracking":false,"_monsterinsights_sitenote_active":false,"_monsterinsights_sitenote_note":"","_monsterinsights_sitenote_category":0},"product_brand":[],"product_cat":[12291,12711],"product_tag":[],"class_list":{"0":"post-738205","1":"product","2":"type-product","3":"status-publish","5":"product_cat-edebiyat","6":"product_cat-roman-oyku","7":"pa_cilt-ciltsiz","8":"pa_tur-kitap","9":"pa_yayinevi-elpis-yayinlari","10":"pa_yazar-eren-yuksel","12":"first","13":"instock","14":"sale","15":"shipping-taxable","16":"purchasable","17":"product-type-simple"},"_links":{"self":[{"href":"https:\/\/roveyayinevi.com.tr\/index.php\/wp-json\/wp\/v2\/product\/738205","targetHints":{"allow":["GET"]}}],"collection":[{"href":"https:\/\/roveyayinevi.com.tr\/index.php\/wp-json\/wp\/v2\/product"}],"about":[{"href":"https:\/\/roveyayinevi.com.tr\/index.php\/wp-json\/wp\/v2\/types\/product"}],"wp:attachment":[{"href":"https:\/\/roveyayinevi.com.tr\/index.php\/wp-json\/wp\/v2\/media?parent=738205"}],"wp:term":[{"taxonomy":"product_brand","embeddable":true,"href":"https:\/\/roveyayinevi.com.tr\/index.php\/wp-json\/wp\/v2\/product_brand?post=738205"},{"taxonomy":"product_cat","embeddable":true,"href":"https:\/\/roveyayinevi.com.tr\/index.php\/wp-json\/wp\/v2\/product_cat?post=738205"},{"taxonomy":"product_tag","embeddable":true,"href":"https:\/\/roveyayinevi.com.tr\/index.php\/wp-json\/wp\/v2\/product_tag?post=738205"}],"curies":[{"name":"wp","href":"https:\/\/api.w.org\/{rel}","templated":true}]}}