{"id":738201,"date":"2025-08-27T23:44:36","date_gmt":"2025-08-27T20:44:36","guid":{"rendered":"https:\/\/roveyayinevi.com.tr\/index.php\/urun\/kediler-neden-tatlidir\/"},"modified":"2026-04-16T02:47:56","modified_gmt":"2026-04-15T23:47:56","slug":"kediler-neden-tatlidir","status":"publish","type":"product","link":"https:\/\/roveyayinevi.com.tr\/index.php\/urun\/kediler-neden-tatlidir\/","title":{"rendered":"Kediler Neden Tatl\u0131d\u0131r?"},"content":{"rendered":"<p>Hayat\u0131m\u0131z\u0131n her noktas\u0131nda s\u0131kl\u0131kla kar\u015f\u0131la\u015ft\u0131\u011f\u0131m\u0131z, tatl\u0131l\u0131k abidesi oldu\u011fu b\u00fcy\u00fck bir kesim taraf\u0131ndan kabul edilen, sevimli, hareketli ve e\u011flenceli bir canl\u0131 aram\u0131zda dola\u015fmaktad\u0131r. \u00d6yle ki, onlar\u0131n sevimli ve tatl\u0131 hallerini g\u00f6rd\u00fc\u011f\u00fcm\u00fczde, s\u0131k\u0131nt\u0131lar\u0131m\u0131z\u0131 unutur ve y\u00fcz\u00fcm\u00fczde tebess\u00fcmler bir g\u00fcne\u015f gibi do\u011fmaya ba\u015flar. Son y\u0131llarda evlerinde vazge\u00e7ilmezi olmaya ba\u015flayan bu tatl\u0131 canl\u0131lar Kedi karde\u015flerdir. Kedi karde\u015fler, son y\u0131llarda d\u00fcnyada ki en pop\u00fcler evcil canl\u0131 olmu\u015flard\u0131r. \u0130nsanlar, kendilerini daha yak\u0131ndan tan\u0131mak, sevimli ve tatl\u0131 hallerine daha uzun \u015fahitlik edebilmek i\u00e7in yanlar\u0131ndan ay\u0131rmak istememi\u015flerdir. Bu durum insanlar\u0131n as\u0131rlard\u0131r \u015fu soruyu sormalar\u0131na sebep olmu\u015ftur: \u201cKediler neden bu kadar tatl\u0131? \u201c \u0130\u015fte elinizde ki eserde, bu g\u00fczel soruya, olmas\u0131 gerekti\u011fi gibi manevi bir bak\u0131\u015f a\u00e7\u0131s\u0131yla, gerek Y\u00fcce Rabbimizin o g\u00fczel isimlerinin yans\u0131mas\u0131yla, gerekse de, Peygamberimiz aleyhisselat\u00fc vesselam\u0131n m\u00fcbarek hayat\u0131ndan \u00e7\u0131kar\u0131mlar ile cevap vermeye gayret ettik&#8230; Bu \u00e7al\u0131\u015fma g\u00f6n\u00fcl d\u00fcnyan\u0131za merhamet \u0131\u015f\u0131\u011f\u0131 olacak ve \u0130N\u015eALLAH bu eseri okudu\u011funuzda, ba\u015fta kedi karde\u015fler olmak \u00fczere, b\u00fct\u00fcn canl\u0131lara, \u00e7ok daha \u015fefkat dolu bir g\u00f6n\u00fcl penceresinden bakacaks\u0131n\u0131z&#8230; <\/p>\n","protected":false},"excerpt":{"rendered":"<p>Hayat\u0131m\u0131z\u0131n her noktas\u0131nda s\u0131kl\u0131kla kar\u015f\u0131la\u015ft\u0131\u011f\u0131m\u0131z, tatl\u0131l\u0131k abidesi oldu\u011fu b\u00fcy\u00fck bir kesim taraf\u0131ndan kabul edilen, sevimli, hareketli ve e\u011flenceli bir canl\u0131 aram\u0131zda dola\u015fmaktad\u0131r. \u00d6yle ki, onlar\u0131n sevimli<span class=\"excerpt-hellip\"> [\u2026]<\/span><\/p>\n","protected":false},"featured_media":0,"template":"","meta":{"_monsterinsights_skip_tracking":false,"_monsterinsights_sitenote_active":false,"_monsterinsights_sitenote_note":"","_monsterinsights_sitenote_category":0},"product_brand":[],"product_cat":[13072,12291],"product_tag":[],"class_list":{"0":"post-738201","1":"product","2":"type-product","3":"status-publish","5":"product_cat-arastirma-inceleme-referans","6":"product_cat-edebiyat","7":"pa_cilt-ciltsiz","8":"pa_tur-kitap","9":"pa_yayinevi-zet-yayinlari","10":"pa_yazar-safa-mucahit","12":"first","13":"instock","14":"sale","15":"shipping-taxable","16":"purchasable","17":"product-type-simple"},"_links":{"self":[{"href":"https:\/\/roveyayinevi.com.tr\/index.php\/wp-json\/wp\/v2\/product\/738201","targetHints":{"allow":["GET"]}}],"collection":[{"href":"https:\/\/roveyayinevi.com.tr\/index.php\/wp-json\/wp\/v2\/product"}],"about":[{"href":"https:\/\/roveyayinevi.com.tr\/index.php\/wp-json\/wp\/v2\/types\/product"}],"wp:attachment":[{"href":"https:\/\/roveyayinevi.com.tr\/index.php\/wp-json\/wp\/v2\/media?parent=738201"}],"wp:term":[{"taxonomy":"product_brand","embeddable":true,"href":"https:\/\/roveyayinevi.com.tr\/index.php\/wp-json\/wp\/v2\/product_brand?post=738201"},{"taxonomy":"product_cat","embeddable":true,"href":"https:\/\/roveyayinevi.com.tr\/index.php\/wp-json\/wp\/v2\/product_cat?post=738201"},{"taxonomy":"product_tag","embeddable":true,"href":"https:\/\/roveyayinevi.com.tr\/index.php\/wp-json\/wp\/v2\/product_tag?post=738201"}],"curies":[{"name":"wp","href":"https:\/\/api.w.org\/{rel}","templated":true}]}}