{"id":738200,"date":"2025-08-27T23:44:35","date_gmt":"2025-08-27T20:44:35","guid":{"rendered":"https:\/\/roveyayinevi.com.tr\/index.php\/urun\/iktisat-ve-toplum-dergisi-137-sayi-enerjide-yeni-denklem\/"},"modified":"2026-04-16T02:47:56","modified_gmt":"2026-04-15T23:47:56","slug":"iktisat-ve-toplum-dergisi-137-sayi-enerjide-yeni-denklem","status":"publish","type":"product","link":"https:\/\/roveyayinevi.com.tr\/index.php\/urun\/iktisat-ve-toplum-dergisi-137-sayi-enerjide-yeni-denklem\/","title":{"rendered":"\u0130ktisat ve Toplum Dergisi 137. Say\u0131  Enerjide Yeni Denklem"},"content":{"rendered":"<p>Bu say\u0131da:   Enerjide D\u00f6n\u00fc\u015f\u00fcm\u00fcn Ekonomi Politi\u011fi A.Erin\u00e7 Yeldan   T\u00fcrkiye Elektrik Piyasas\u0131 Kapasite Mekanizmas\u0131 \u00dczerine Bir De\u011ferlendirme Tun\u00e7 Durmaz, Sevil Acar, Simay K\u0131z\u0131lkaya   Yuvarlak Masa: \u00d6mer Faruk \u00c7olak, Haluk Levent, Serdar Sayan   Rusya-Ukrayna Sava\u015f\u0131 ve Enerjide Yeni Denklem Cenk Pala   T\u00fcrkiye\u2019nin Ekonomik Sorunlar\u0131 \u015eebnem Kalemli-\u00d6zcan   \u201cK\u00f6leli\u011fe Giden Yol\u201dda Neden Hayek Haks\u0131z \u00c7\u0131kt\u0131? Ercan Eren   Sosyal Bilimciler Konu\u015fuyor: Naz\u0131m Kadri Ekinci   Tav\u015fan Da\u011fa K\u00fcsm\u00fc\u015f Da\u011f\u0131n Haberi Olmam\u0131\u015f Nuran H. Belet   T\u00fcrkiye Kad\u0131n 20 Tebli\u011fi ve Finansal Kat\u0131l\u0131m G\u00fclden T\u00fcrktan<\/p>\n","protected":false},"excerpt":{"rendered":"<p>Bu say\u0131da: Enerjide D\u00f6n\u00fc\u015f\u00fcm\u00fcn Ekonomi Politi\u011fi A.Erin\u00e7 Yeldan T\u00fcrkiye Elektrik Piyasas\u0131 Kapasite Mekanizmas\u0131 \u00dczerine Bir De\u011ferlendirme Tun\u00e7 Durmaz, Sevil Acar, Simay K\u0131z\u0131lkaya Yuvarlak Masa: \u00d6mer Faruk<span class=\"excerpt-hellip\"> [\u2026]<\/span><\/p>\n","protected":false},"featured_media":0,"template":"","meta":{"_monsterinsights_skip_tracking":false,"_monsterinsights_sitenote_active":false,"_monsterinsights_sitenote_note":"","_monsterinsights_sitenote_category":0},"product_brand":[],"product_cat":[17574,13527],"product_tag":[],"class_list":{"0":"post-738200","1":"product","2":"type-product","3":"status-publish","5":"product_cat-politika","6":"product_cat-sureli-yayinlar","7":"pa_cilt-ciltli","8":"pa_tur-dergi","9":"pa_yayinevi-efil-yayinevi-dergi","10":"pa_yazar-efil-yayinevi-kolektif","12":"first","13":"instock","14":"sale","15":"shipping-taxable","16":"purchasable","17":"product-type-simple"},"_links":{"self":[{"href":"https:\/\/roveyayinevi.com.tr\/index.php\/wp-json\/wp\/v2\/product\/738200","targetHints":{"allow":["GET"]}}],"collection":[{"href":"https:\/\/roveyayinevi.com.tr\/index.php\/wp-json\/wp\/v2\/product"}],"about":[{"href":"https:\/\/roveyayinevi.com.tr\/index.php\/wp-json\/wp\/v2\/types\/product"}],"wp:attachment":[{"href":"https:\/\/roveyayinevi.com.tr\/index.php\/wp-json\/wp\/v2\/media?parent=738200"}],"wp:term":[{"taxonomy":"product_brand","embeddable":true,"href":"https:\/\/roveyayinevi.com.tr\/index.php\/wp-json\/wp\/v2\/product_brand?post=738200"},{"taxonomy":"product_cat","embeddable":true,"href":"https:\/\/roveyayinevi.com.tr\/index.php\/wp-json\/wp\/v2\/product_cat?post=738200"},{"taxonomy":"product_tag","embeddable":true,"href":"https:\/\/roveyayinevi.com.tr\/index.php\/wp-json\/wp\/v2\/product_tag?post=738200"}],"curies":[{"name":"wp","href":"https:\/\/api.w.org\/{rel}","templated":true}]}}

İktisat ve Toplum Dergisi 137. Sayı  Enerjide Yeni Denklem

<p>Bu sayıda:   Enerjide Dönüşümün Ekonomi Politiği A.Erinç Yeldan   Türkiye Elektrik Piyasası Kapasite Mekanizması Üzerine Bir Değerlendirme Tunç Durmaz, Sevil Acar, Simay Kızılkaya   Yuvarlak Masa: Ömer Faruk Çolak, Haluk Levent, Serdar Sayan   Rusya-Ukrayna Savaşı ve Enerjide Yeni Denklem Cenk Pala   Türkiye’nin Ekonomik Sorunları Şebnem Kalemli-Özcan   “Köleliğe Giden Yol”da Neden Hayek Haksız Çıktı? Ercan Eren   Sosyal Bilimciler Konuşuyor: Nazım Kadri Ekinci   Tavşan Dağa Küsmüş Dağın Haberi Olmamış Nuran H. Belet   Türkiye Kadın 20 Tebliği ve Finansal Katılım Gülden Türktan</p>

<p>Bu sayıda: Enerjide Dönüşümün Ekonomi Politiği A.Erinç Yeldan Türkiye Elektrik Piyasası Kapasite Mekanizması Üzerine Bir Değerlendirme Tunç Durmaz, Sevil Acar, Simay Kızılkaya Yuvarlak Masa: Ömer Faruk<span class="excerpt-hellip"> […]</span></p>
