{"id":738187,"date":"2025-08-27T23:44:18","date_gmt":"2025-08-27T20:44:18","guid":{"rendered":"https:\/\/roveyayinevi.com.tr\/index.php\/urun\/60li-yillarda-turkiye-sazli-cazli-sozluk-dunya-durmadan-donuyor\/"},"modified":"2026-04-16T02:47:55","modified_gmt":"2026-04-15T23:47:55","slug":"60li-yillarda-turkiye-sazli-cazli-sozluk-dunya-durmadan-donuyor","status":"publish","type":"product","link":"https:\/\/roveyayinevi.com.tr\/index.php\/urun\/60li-yillarda-turkiye-sazli-cazli-sozluk-dunya-durmadan-donuyor\/","title":{"rendered":"60\u2019l\u0131 Y\u0131llarda T\u00fcrkiye- Sazl\u0131 Cazl\u0131 S\u00f6zl\u00fck \u2013 D\u00fcnya Durmadan D\u00f6n\u00fcyor"},"content":{"rendered":"<p>\u201c\u201d60\u2019l\u0131 Y\u0131llarda T\u00fcrkiye: Sazl\u0131 Cazl\u0131 S\u00f6zl\u00fck \u2013 \u201cD\u00fcnya Durmadan D\u00f6n\u00fcyor\u201d\u201d A\u2019dan Z\u2019ye, Ajda\u2019dan Zorba\u2019ya 60\u2019l\u0131 y\u0131llar: Anadolu Pop, uzay sefas\u0131, Abidik Gubidik Twist, k\u0131rk be\u015flikler, mini etekler, toplumcu halk ozanlar\u0131, arabeskin ayak sesleri, iki askeri m\u00fcdahalenin aras\u0131na s\u0131k\u0131\u015fm\u0131\u015f bir R\u00f6nesans denemesi\u2026   Bu kitap 1960\u2019l\u0131 y\u0131llar\u0131n T\u00fcrkiyesi\u2019nin ritmi \u00fczerinde \u015fark\u0131lar, t\u00fcrk\u00fcler m\u0131r\u0131ldan\u0131yor. Siyasal ve k\u00fclt\u00fcrel boyutlar\u0131yla, bu reng\u00e2renk d\u00f6nemin perde \u00f6n\u00fcnden ve perde arkas\u0131ndan an\u0131lar derliyor. O g\u00fcnlerin bak\u0131\u015f\u0131na, mizac\u0131na, lisan\u0131na, sesine sad\u0131k kalmaya, d\u00fcnyay\u0131 de\u011fi\u015ftirmek isteyen gen\u00e7lerin heyecan\u0131na ortak olmaya \u00e7al\u0131\u015f\u0131yor. <\/p>\n","protected":false},"excerpt":{"rendered":"<p>\u201c\u201d60\u2019l\u0131 Y\u0131llarda T\u00fcrkiye: Sazl\u0131 Cazl\u0131 S\u00f6zl\u00fck \u2013 \u201cD\u00fcnya Durmadan D\u00f6n\u00fcyor\u201d\u201d A\u2019dan Z\u2019ye, Ajda\u2019dan Zorba\u2019ya 60\u2019l\u0131 y\u0131llar: Anadolu Pop, uzay sefas\u0131, Abidik Gubidik Twist, k\u0131rk be\u015flikler, mini<span class=\"excerpt-hellip\"> [\u2026]<\/span><\/p>\n","protected":false},"featured_media":0,"template":"","meta":{"_monsterinsights_skip_tracking":false,"_monsterinsights_sitenote_active":false,"_monsterinsights_sitenote_note":"","_monsterinsights_sitenote_category":0},"product_brand":[],"product_cat":[14556,40131],"product_tag":[],"class_list":{"0":"post-738187","1":"product","2":"type-product","3":"status-publish","5":"product_cat-muzik","6":"product_cat-sanatcilar","7":"pa_cilt-ciltsiz","8":"pa_tur-kitap","9":"pa_yayinevi-yapi-kredi-yayinlari","10":"pa_yazar-derya-bengi","12":"first","13":"instock","14":"sale","15":"shipping-taxable","16":"purchasable","17":"product-type-simple"},"_links":{"self":[{"href":"https:\/\/roveyayinevi.com.tr\/index.php\/wp-json\/wp\/v2\/product\/738187","targetHints":{"allow":["GET"]}}],"collection":[{"href":"https:\/\/roveyayinevi.com.tr\/index.php\/wp-json\/wp\/v2\/product"}],"about":[{"href":"https:\/\/roveyayinevi.com.tr\/index.php\/wp-json\/wp\/v2\/types\/product"}],"wp:attachment":[{"href":"https:\/\/roveyayinevi.com.tr\/index.php\/wp-json\/wp\/v2\/media?parent=738187"}],"wp:term":[{"taxonomy":"product_brand","embeddable":true,"href":"https:\/\/roveyayinevi.com.tr\/index.php\/wp-json\/wp\/v2\/product_brand?post=738187"},{"taxonomy":"product_cat","embeddable":true,"href":"https:\/\/roveyayinevi.com.tr\/index.php\/wp-json\/wp\/v2\/product_cat?post=738187"},{"taxonomy":"product_tag","embeddable":true,"href":"https:\/\/roveyayinevi.com.tr\/index.php\/wp-json\/wp\/v2\/product_tag?post=738187"}],"curies":[{"name":"wp","href":"https:\/\/api.w.org\/{rel}","templated":true}]}}