{"id":738186,"date":"2025-08-27T23:44:17","date_gmt":"2025-08-27T20:44:17","guid":{"rendered":"https:\/\/roveyayinevi.com.tr\/index.php\/urun\/bahar-masallari\/"},"modified":"2026-04-16T02:47:55","modified_gmt":"2026-04-15T23:47:55","slug":"bahar-masallari","status":"publish","type":"product","link":"https:\/\/roveyayinevi.com.tr\/index.php\/urun\/bahar-masallari\/","title":{"rendered":"Bahar Masallar\u0131"},"content":{"rendered":"<p>Bahar Masallar\u0131\u201d \u201cMevsim Masallar\u0131\u201d serisi \u201cBahar Masallar\u0131\u2019yla\u201d devam ediyor\u2026 Bahar, co\u015fkunun, ne\u015fenin, ayd\u0131nl\u0131\u011f\u0131n, uzamaya ba\u015flayan g\u00fcnlerin, \u00e7i\u00e7e\u011fe duran a\u011fa\u00e7lar\u0131n, ku\u015f c\u0131v\u0131lt\u0131lar\u0131n\u0131n mevsimidir. Do\u011fan\u0131n k\u0131\u015f uykusundan uyan\u0131\u015f\u0131n\u0131n habercisidir. Tar\u0131k Demirkan\u2019\u0131n derledi\u011fi, Feridun Oral\u2019\u0131n reng\u00e2renk resimleriyle can verdi\u011fi bu masallar bahar\u0131n co\u015fkusunu, umudunu her zaman i\u00e7inizde hissetmenizi sa\u011flayacak.<\/p>\n","protected":false},"excerpt":{"rendered":"<p>Bahar Masallar\u0131\u201d \u201cMevsim Masallar\u0131\u201d serisi \u201cBahar Masallar\u0131\u2019yla\u201d devam ediyor\u2026 Bahar, co\u015fkunun, ne\u015fenin, ayd\u0131nl\u0131\u011f\u0131n, uzamaya ba\u015flayan g\u00fcnlerin, \u00e7i\u00e7e\u011fe duran a\u011fa\u00e7lar\u0131n, ku\u015f c\u0131v\u0131lt\u0131lar\u0131n\u0131n mevsimidir. Do\u011fan\u0131n k\u0131\u015f uykusundan uyan\u0131\u015f\u0131n\u0131n<span class=\"excerpt-hellip\"> [\u2026]<\/span><\/p>\n","protected":false},"featured_media":0,"template":"","meta":{"_monsterinsights_skip_tracking":false,"_monsterinsights_sitenote_active":false,"_monsterinsights_sitenote_note":"","_monsterinsights_sitenote_category":0},"product_brand":[],"product_cat":[12274,12284],"product_tag":[],"class_list":{"0":"post-738186","1":"product","2":"type-product","3":"status-publish","5":"product_cat-cocuk-ve-genclik-kitaplari","6":"product_cat-hikayeler","7":"pa_cilt-ciltsiz","8":"pa_tur-kitap","9":"pa_yayinevi-yapi-kredi-yayinlari","10":"pa_yazar-yapi-kredi-yayinlari-kolektif","12":"first","13":"instock","14":"sale","15":"shipping-taxable","16":"purchasable","17":"product-type-simple"},"_links":{"self":[{"href":"https:\/\/roveyayinevi.com.tr\/index.php\/wp-json\/wp\/v2\/product\/738186","targetHints":{"allow":["GET"]}}],"collection":[{"href":"https:\/\/roveyayinevi.com.tr\/index.php\/wp-json\/wp\/v2\/product"}],"about":[{"href":"https:\/\/roveyayinevi.com.tr\/index.php\/wp-json\/wp\/v2\/types\/product"}],"wp:attachment":[{"href":"https:\/\/roveyayinevi.com.tr\/index.php\/wp-json\/wp\/v2\/media?parent=738186"}],"wp:term":[{"taxonomy":"product_brand","embeddable":true,"href":"https:\/\/roveyayinevi.com.tr\/index.php\/wp-json\/wp\/v2\/product_brand?post=738186"},{"taxonomy":"product_cat","embeddable":true,"href":"https:\/\/roveyayinevi.com.tr\/index.php\/wp-json\/wp\/v2\/product_cat?post=738186"},{"taxonomy":"product_tag","embeddable":true,"href":"https:\/\/roveyayinevi.com.tr\/index.php\/wp-json\/wp\/v2\/product_tag?post=738186"}],"curies":[{"name":"wp","href":"https:\/\/api.w.org\/{rel}","templated":true}]}}