{"id":738184,"date":"2025-08-27T23:44:15","date_gmt":"2025-08-27T20:44:15","guid":{"rendered":"https:\/\/roveyayinevi.com.tr\/index.php\/urun\/yaratici-yazarlik-yazma-hayalini-gerceklestirmek\/"},"modified":"2026-04-16T02:47:55","modified_gmt":"2026-04-15T23:47:55","slug":"yaratici-yazarlik-yazma-hayalini-gerceklestirmek","status":"publish","type":"product","link":"https:\/\/roveyayinevi.com.tr\/index.php\/urun\/yaratici-yazarlik-yazma-hayalini-gerceklestirmek\/","title":{"rendered":"Yarat\u0131c\u0131 Yazarl\u0131k &#8211; Yazma Hayalini Ger\u00e7ekle\u015ftirmek"},"content":{"rendered":"<p>Yazma arzusuyla hangi ya\u015fta, hangi ko\u015fullar alt\u0131nda kar\u015f\u0131la\u015faca\u011f\u0131n\u0131z\u0131 bilemezsiniz. Duygusal olarak yaraland\u0131\u011f\u0131n\u0131z bir anda, okudu\u011funuz bir c\u00fcmlenin size verdi\u011fi heyecanla, \u00e2\u015f\u0131k oldu\u011funuzda ya da bamba\u015fka bir zamanda sakland\u0131\u011f\u0131 yerden \u00e7\u0131k\u0131p gelebilir hayat\u0131n\u0131za. Belki f\u0131s\u0131ldayan zay\u0131f bir ses, belki g\u00fc\u00e7l\u00fc bir ilham \u015feklinde belirir. Kim oldu\u011funuzla de\u011fil, ne yapmak istedi\u011finizle ilgilenir. Ancak yazma arzusu hissetmek, yazma yolculu\u011funda ilerlemek ve sonu\u00e7 almak i\u00e7in yeterli de\u011fildir. Elinizdeki kitap, yazan ve yazmak isteyen ki\u015filere bu do\u011frultuda rehberlik etmek amac\u0131yla haz\u0131rlanm\u0131\u015ft\u0131r. Bu kitap sayesinde yazma becerilerinizi geli\u015ftirecek ve yarat\u0131c\u0131l\u0131\u011f\u0131n\u0131z\u0131 harekete ge\u00e7ireceksiniz. 30 yazma uygulamas\u0131 ile en az 14750 kelime kullanarak yazacaks\u0131n\u0131z. Ayn\u0131 zamanda yazma yolculu\u011funda sonu\u00e7 alman\u0131z\u0131 sa\u011flayacak \u00e7al\u0131\u015fma metodunu \u00f6\u011freneceksiniz. Yarat\u0131c\u0131 yazarl\u0131k ve yazmayla ilgili s\u0131k\u00e7a sorulan sorulardan yola \u00e7\u0131karak haz\u0131rlanan temel bilgileri ke\u015ffedeceksiniz. \u015eimdi bir karar vermelisiniz. Yazman\u0131n hayalini mi seviyorsunuz yoksa ger\u00e7ekten yazmak m\u0131 istiyorsunuz? <\/p>\n","protected":false},"excerpt":{"rendered":"<p>Yazma arzusuyla hangi ya\u015fta, hangi ko\u015fullar alt\u0131nda kar\u015f\u0131la\u015faca\u011f\u0131n\u0131z\u0131 bilemezsiniz. Duygusal olarak yaraland\u0131\u011f\u0131n\u0131z bir anda, okudu\u011funuz bir c\u00fcmlenin size verdi\u011fi heyecanla, \u00e2\u015f\u0131k oldu\u011funuzda ya da bamba\u015fka bir<span class=\"excerpt-hellip\"> [\u2026]<\/span><\/p>\n","protected":false},"featured_media":0,"template":"","meta":{"_monsterinsights_skip_tracking":false,"_monsterinsights_sitenote_active":false,"_monsterinsights_sitenote_note":"","_monsterinsights_sitenote_category":0},"product_brand":[],"product_cat":[12777,12291],"product_tag":[],"class_list":{"0":"post-738184","1":"product","2":"type-product","3":"status-publish","5":"product_cat-deneme","6":"product_cat-edebiyat","7":"pa_cilt-ciltsiz","8":"pa_tur-kitap","9":"pa_yayinevi-bireysel-bilgelik-yayinlari","10":"pa_yazar-muge-arbak","12":"first","13":"instock","14":"sale","15":"shipping-taxable","16":"purchasable","17":"product-type-simple"},"_links":{"self":[{"href":"https:\/\/roveyayinevi.com.tr\/index.php\/wp-json\/wp\/v2\/product\/738184","targetHints":{"allow":["GET"]}}],"collection":[{"href":"https:\/\/roveyayinevi.com.tr\/index.php\/wp-json\/wp\/v2\/product"}],"about":[{"href":"https:\/\/roveyayinevi.com.tr\/index.php\/wp-json\/wp\/v2\/types\/product"}],"wp:attachment":[{"href":"https:\/\/roveyayinevi.com.tr\/index.php\/wp-json\/wp\/v2\/media?parent=738184"}],"wp:term":[{"taxonomy":"product_brand","embeddable":true,"href":"https:\/\/roveyayinevi.com.tr\/index.php\/wp-json\/wp\/v2\/product_brand?post=738184"},{"taxonomy":"product_cat","embeddable":true,"href":"https:\/\/roveyayinevi.com.tr\/index.php\/wp-json\/wp\/v2\/product_cat?post=738184"},{"taxonomy":"product_tag","embeddable":true,"href":"https:\/\/roveyayinevi.com.tr\/index.php\/wp-json\/wp\/v2\/product_tag?post=738184"}],"curies":[{"name":"wp","href":"https:\/\/api.w.org\/{rel}","templated":true}]}}