{"id":738183,"date":"2025-08-27T23:44:14","date_gmt":"2025-08-27T20:44:14","guid":{"rendered":"https:\/\/roveyayinevi.com.tr\/index.php\/urun\/buyuyunce-kim-olacagim\/"},"modified":"2026-04-11T14:06:42","modified_gmt":"2026-04-11T11:06:42","slug":"buyuyunce-kim-olacagim","status":"publish","type":"product","link":"https:\/\/roveyayinevi.com.tr\/index.php\/urun\/buyuyunce-kim-olacagim\/","title":{"rendered":"B\u00fcy\u00fcy\u00fcnce Kim Olaca\u011f\u0131m?"},"content":{"rendered":"<p>K\u00fc\u00e7\u00fck Is\u0131rgan, balta girmemi\u015f orman\u0131n derinliklerinde minik bir yumurtadan \u00e7\u0131kt\u0131\u011f\u0131nda akl\u0131nda tek bir \u015fey vard\u0131: \u201cB\u00fcy\u00fcy\u00fcnce kim olaca\u011f\u0131m?\u201d Uzun bir yolculu\u011fa \u00e7\u0131kan ve yol boyunca t\u00fcrl\u00fc t\u00fcrl\u00fc dinozorlarla kar\u015f\u0131la\u015fan Is\u0131rgan acaba kim oldu\u011funu bulabilecek miydi?   B\u00fcy\u00fcy\u00fcnce Kim Olaca\u011f\u0131m, d\u00fcnyadaki yerini ve kim oldu\u011funu bulmakla ilgili bol dinozorlu bir macera. <\/p>\n","protected":false},"excerpt":{"rendered":"<p>K\u00fc\u00e7\u00fck Is\u0131rgan, balta girmemi\u015f orman\u0131n derinliklerinde minik bir yumurtadan \u00e7\u0131kt\u0131\u011f\u0131nda akl\u0131nda tek bir \u015fey vard\u0131: \u201cB\u00fcy\u00fcy\u00fcnce kim olaca\u011f\u0131m?\u201d Uzun bir yolculu\u011fa \u00e7\u0131kan ve yol boyunca t\u00fcrl\u00fc<span class=\"excerpt-hellip\"> [\u2026]<\/span><\/p>\n","protected":false},"featured_media":0,"template":"","meta":{"_monsterinsights_skip_tracking":false,"_monsterinsights_sitenote_active":false,"_monsterinsights_sitenote_note":"","_monsterinsights_sitenote_category":0},"product_brand":[],"product_cat":[12274,12284],"product_tag":[],"class_list":{"0":"post-738183","1":"product","2":"type-product","3":"status-publish","5":"product_cat-cocuk-ve-genclik-kitaplari","6":"product_cat-hikayeler","7":"pa_cilt-ciltsiz","8":"pa_tur-kitap","9":"pa_yayinevi-taze-kitap","10":"pa_yazar-ella-bailey","12":"first","13":"instock","14":"sale","15":"shipping-taxable","16":"purchasable","17":"product-type-simple"},"_links":{"self":[{"href":"https:\/\/roveyayinevi.com.tr\/index.php\/wp-json\/wp\/v2\/product\/738183","targetHints":{"allow":["GET"]}}],"collection":[{"href":"https:\/\/roveyayinevi.com.tr\/index.php\/wp-json\/wp\/v2\/product"}],"about":[{"href":"https:\/\/roveyayinevi.com.tr\/index.php\/wp-json\/wp\/v2\/types\/product"}],"wp:attachment":[{"href":"https:\/\/roveyayinevi.com.tr\/index.php\/wp-json\/wp\/v2\/media?parent=738183"}],"wp:term":[{"taxonomy":"product_brand","embeddable":true,"href":"https:\/\/roveyayinevi.com.tr\/index.php\/wp-json\/wp\/v2\/product_brand?post=738183"},{"taxonomy":"product_cat","embeddable":true,"href":"https:\/\/roveyayinevi.com.tr\/index.php\/wp-json\/wp\/v2\/product_cat?post=738183"},{"taxonomy":"product_tag","embeddable":true,"href":"https:\/\/roveyayinevi.com.tr\/index.php\/wp-json\/wp\/v2\/product_tag?post=738183"}],"curies":[{"name":"wp","href":"https:\/\/api.w.org\/{rel}","templated":true}]}}