{"id":738166,"date":"2025-08-27T23:43:54","date_gmt":"2025-08-27T20:43:54","guid":{"rendered":"https:\/\/roveyayinevi.com.tr\/index.php\/urun\/delilahin-uc-rengi-ciltli\/"},"modified":"2026-04-08T02:56:13","modified_gmt":"2026-04-07T23:56:13","slug":"delilahin-uc-rengi-ciltli","status":"publish","type":"product","link":"https:\/\/roveyayinevi.com.tr\/index.php\/urun\/delilahin-uc-rengi-ciltli\/","title":{"rendered":"Delilah\u2019\u0131n \u00dc\u00e7 Rengi (Ciltli)"},"content":{"rendered":"<p>Baz\u0131lar\u0131m\u0131z\u0131n hayat ile s\u0131nav\u0131 daha do\u011fmadan ba\u015flar. T\u0131pk\u0131 Delilah\u2019\u0131nki gibi. Lacivert Serisi ile b\u00fcy\u00fck bir okur kitlesine ula\u015fan T. Y. Mazer yepyeni roman\u0131nda, k\u00f6klerini aramaya \u00e7\u0131kan g\u00fc\u00e7l\u00fc bir kad\u0131n\u0131n; a\u015fk, aile ve k\u00fclt\u00fcr \u00fc\u00e7geni aras\u0131ndaki kendini bulma hik\u00e2yesini okurlar\u0131yla bulu\u015fturuyor.   Ben, Delilah Hazel. Yar\u0131 T\u00fcrk, yar\u0131 Amerikal\u0131y\u0131m. Hayat\u0131m\u0131n koca bir yalan \u00fczerine kuruldu\u011funu anlad\u0131\u011f\u0131mda hen\u00fcz \u00e7ok k\u00fc\u00e7\u00fckt\u00fcm. \u0130smim annem taraf\u0131ndan bir \u00f6fke n\u00f6beti sonras\u0131nda konulmu\u015f. \u0130smimi konu alan \u015fark\u0131lar bile \u00f6zlem dolu, sitemk\u00e2r&#8230; Soy ismim babam\u0131n k\u00f6klerinden geliyor.   Ben, Lilah Hazel. Anthony Howard&#8217;a kadar hayat\u0131nda sadece \u00fc\u00e7 renk bar\u0131nd\u0131ran ama onunla kar\u015f\u0131la\u015ft\u0131ktan sonra g\u00f6kku\u015fa\u011f\u0131n\u0131n bir efsane olmad\u0131\u011f\u0131n\u0131 anlayan yaln\u0131z bir g\u00fcnahk\u00e2r\u0131m. G\u00fcnah\u0131m ismimde kaz\u0131l\u0131. Anthony kar\u015f\u0131ma \u00e7\u0131kt\u0131\u011f\u0131nda, bana g\u00f6zlerindeki ate\u015fle bakt\u0131\u011f\u0131nda g\u00fcnah\u0131m kalbime de kaz\u0131l\u0131 h\u00e2le geldi. Yasak elman\u0131n \u00e7ekicili\u011fini, \u015feytan\u0131n ba\u015ftan \u00e7\u0131kar\u0131c\u0131l\u0131\u011f\u0131n\u0131 o zaman fark ettim. Kabul g\u00f6rmek ad\u0131na, ya\u015fad\u0131\u011f\u0131m hayat, s\u0131n\u0131rlar\u0131m, prensiplerim darmada\u011f\u0131n olurken ayakta kalmak i\u00e7in \u00e7abalad\u0131m. O, \u00f6zenle in\u015fa etti\u011fim duvarlar\u0131 y\u0131kt\u0131k\u00e7a yenisini yapmak daha zor h\u00e2le geldi. Ama direndim.   Ben, Leyla Hazel. Sahip oldu\u011fum isimler i\u00e7inde en ger\u00e7e\u011fi bu. Sonunda k\u00f6klerimi bulmaya ve kimli\u011fimle y\u00fczle\u015fmeye karar verdim.   Ve \u015fimdi, size s\u0131ra d\u0131\u015f\u0131 hik\u00e2yemi anlataca\u011f\u0131m. <\/p>\n","protected":false},"excerpt":{"rendered":"<p>Baz\u0131lar\u0131m\u0131z\u0131n hayat ile s\u0131nav\u0131 daha do\u011fmadan ba\u015flar. T\u0131pk\u0131 Delilah\u2019\u0131nki gibi. Lacivert Serisi ile b\u00fcy\u00fck bir okur kitlesine ula\u015fan T. Y. Mazer yepyeni roman\u0131nda, k\u00f6klerini aramaya \u00e7\u0131kan<span class=\"excerpt-hellip\"> [\u2026]<\/span><\/p>\n","protected":false},"featured_media":0,"template":"","meta":{"_monsterinsights_skip_tracking":false,"_monsterinsights_sitenote_active":false,"_monsterinsights_sitenote_note":"","_monsterinsights_sitenote_category":0},"product_brand":[],"product_cat":[12291,12711],"product_tag":[],"class_list":{"0":"post-738166","1":"product","2":"type-product","3":"status-publish","5":"product_cat-edebiyat","6":"product_cat-roman-oyku","7":"pa_cilt-ciltli","8":"pa_tur-kitap","9":"pa_yayinevi-artemis-yayinlari","10":"pa_yazar-t-y-mazer","12":"first","13":"instock","14":"sale","15":"shipping-taxable","16":"purchasable","17":"product-type-simple"},"_links":{"self":[{"href":"https:\/\/roveyayinevi.com.tr\/index.php\/wp-json\/wp\/v2\/product\/738166","targetHints":{"allow":["GET"]}}],"collection":[{"href":"https:\/\/roveyayinevi.com.tr\/index.php\/wp-json\/wp\/v2\/product"}],"about":[{"href":"https:\/\/roveyayinevi.com.tr\/index.php\/wp-json\/wp\/v2\/types\/product"}],"wp:attachment":[{"href":"https:\/\/roveyayinevi.com.tr\/index.php\/wp-json\/wp\/v2\/media?parent=738166"}],"wp:term":[{"taxonomy":"product_brand","embeddable":true,"href":"https:\/\/roveyayinevi.com.tr\/index.php\/wp-json\/wp\/v2\/product_brand?post=738166"},{"taxonomy":"product_cat","embeddable":true,"href":"https:\/\/roveyayinevi.com.tr\/index.php\/wp-json\/wp\/v2\/product_cat?post=738166"},{"taxonomy":"product_tag","embeddable":true,"href":"https:\/\/roveyayinevi.com.tr\/index.php\/wp-json\/wp\/v2\/product_tag?post=738166"}],"curies":[{"name":"wp","href":"https:\/\/api.w.org\/{rel}","templated":true}]}}