{"id":738162,"date":"2025-08-27T23:43:50","date_gmt":"2025-08-27T20:43:50","guid":{"rendered":"https:\/\/roveyayinevi.com.tr\/index.php\/urun\/goze-hos-gelene-deger-bicilmez\/"},"modified":"2026-04-16T02:47:54","modified_gmt":"2026-04-15T23:47:54","slug":"goze-hos-gelene-deger-bicilmez","status":"publish","type":"product","link":"https:\/\/roveyayinevi.com.tr\/index.php\/urun\/goze-hos-gelene-deger-bicilmez\/","title":{"rendered":"G\u00f6ze Ho\u015f Gelene De\u011fer Bi\u00e7ilmez"},"content":{"rendered":"<p>\u0130\u00e7indekiler I. B\u00d6L\u00dcM : 1. TAR\u0130HTE MER\u00ceN\u00ceLER 2. FES \u015eEHR\u0130 II. B\u00d6L\u00dcM : 1. FAS\u2019TA MER\u00ceN\u00ce ESERLER\u0130 2. ORTA\u00c7A\u011e \u0130SLAM D\u00dcNYASINDA MEDRESE III. B\u00d6L\u00dcM : EB\u00db \u0130N\u00c2N\u0130YE MEDRESES\u0130 1. B\u00c2N\u00ce 2. SEYAHATNAMELERDE EB\u00db \u0130N\u00c2N\u0130YE MEDRESES\u0130 3. YAPININ YER\u0130, KONUMU, ADI 4. YAPIM TAR\u0130H\u0130 VE VAKF\u0130YES\u0130 5. EB\u00db \u0130N\u00c2N\u0130YE MEDRESES\u0130\u2019N\u0130N TANIMI 6. M\u0130NBER 7. M\u0130NARE 8. MALZEME \u2013 TEKN\u0130K 9. YAPININ GE\u00c7\u0130RD\u0130\u011e\u0130 ONARIMLAR 10. AYDINLATMA 11. S\u00dcSLEME\/DEKORASYON IV. B\u00d6L\u00dcM : 1. ABDESTHANE YAPISI \/ D\u00c2RU\u2019L-VUD\u00db\u2019 2. H\u0130DROL\u0130K SAAT \/ DAR EL-MAGANA V. B\u00d6L\u00dcM : YAZITLAR <\/p>\n","protected":false},"excerpt":{"rendered":"<p>\u0130\u00e7indekiler I. B\u00d6L\u00dcM : 1. TAR\u0130HTE MER\u00ceN\u00ceLER 2. FES \u015eEHR\u0130 II. B\u00d6L\u00dcM : 1. FAS\u2019TA MER\u00ceN\u00ce ESERLER\u0130 2. ORTA\u00c7A\u011e \u0130SLAM D\u00dcNYASINDA MEDRESE III. B\u00d6L\u00dcM : EB\u00db<span class=\"excerpt-hellip\"> [\u2026]<\/span><\/p>\n","protected":false},"featured_media":0,"template":"","meta":{"_monsterinsights_skip_tracking":false,"_monsterinsights_sitenote_active":false,"_monsterinsights_sitenote_note":"","_monsterinsights_sitenote_category":0},"product_brand":[],"product_cat":[12718,12719],"product_tag":[],"class_list":{"0":"post-738162","1":"product","2":"type-product","3":"status-publish","5":"product_cat-din","6":"product_cat-islam","7":"pa_cilt-ciltsiz","8":"pa_tur-kitap","9":"pa_yayinevi-gazi-kitabevi","10":"pa_yazar-gunnur-aydogdu","12":"first","13":"instock","14":"sale","15":"shipping-taxable","16":"purchasable","17":"product-type-simple"},"_links":{"self":[{"href":"https:\/\/roveyayinevi.com.tr\/index.php\/wp-json\/wp\/v2\/product\/738162","targetHints":{"allow":["GET"]}}],"collection":[{"href":"https:\/\/roveyayinevi.com.tr\/index.php\/wp-json\/wp\/v2\/product"}],"about":[{"href":"https:\/\/roveyayinevi.com.tr\/index.php\/wp-json\/wp\/v2\/types\/product"}],"wp:attachment":[{"href":"https:\/\/roveyayinevi.com.tr\/index.php\/wp-json\/wp\/v2\/media?parent=738162"}],"wp:term":[{"taxonomy":"product_brand","embeddable":true,"href":"https:\/\/roveyayinevi.com.tr\/index.php\/wp-json\/wp\/v2\/product_brand?post=738162"},{"taxonomy":"product_cat","embeddable":true,"href":"https:\/\/roveyayinevi.com.tr\/index.php\/wp-json\/wp\/v2\/product_cat?post=738162"},{"taxonomy":"product_tag","embeddable":true,"href":"https:\/\/roveyayinevi.com.tr\/index.php\/wp-json\/wp\/v2\/product_tag?post=738162"}],"curies":[{"name":"wp","href":"https:\/\/api.w.org\/{rel}","templated":true}]}}