{"id":738057,"date":"2025-08-27T23:41:44","date_gmt":"2025-08-27T20:41:44","guid":{"rendered":"https:\/\/roveyayinevi.com.tr\/index.php\/urun\/topraklari-kapatmak\/"},"modified":"2026-04-16T02:47:49","modified_gmt":"2026-04-15T23:47:49","slug":"topraklari-kapatmak","status":"publish","type":"product","link":"https:\/\/roveyayinevi.com.tr\/index.php\/urun\/topraklari-kapatmak\/","title":{"rendered":"Topraklar\u0131 Kapatmak"},"content":{"rendered":"<p>\u201cYas\u0327amsal bir kaynak olan toprag\u0306\u0131n o\u0308zelles\u0327tirilmesi u\u0308zerinde yas\u0327ayan insanlar\u0131n ve tu\u0308m canl\u0131lar\u0131n yas\u0327am alanlar\u0131n\u0131n gasp edilmesi, o toprak u\u0308zerinde o\u0308rgu\u0308tlenmis\u0327 yerles\u0327ik toplumsal formlar\u0131n ve ekosistemin bozulmas\u0131 anlam\u0131na gelir. Bu nedenle o\u0308zelles\u0327tirmeler, tek bas\u0327\u0131na bir toprak parc\u0327as\u0131n\u0131n\/arazinin kullan\u0131m hakk\u0131n\u0131n ya da mu\u0308lkiyetinin deg\u0306is\u0327mesinden ibaret olmayan; toplumsal ilis\u0327kileri, yas\u0327am bic\u0327imlerini, dog\u0306ay\u0131 ve c\u0327evreyi etkileyen ve siyasi-iktisadi stratejiler ile s\u0327ekil deg\u0306is\u0327tiren oldukc\u0327a hayati bir su\u0308rec\u0327 olarak kars\u0327\u0131m\u0131zdad\u0131r.\u201d Meralar, yaylaklar, k\u0131s\u0327laklar, otlaklar, harman ve panay\u0131r yerleri&#8230; Ormanlar&#8230; Yollar, meydanlar, ko\u0308pru\u0308ler&#8230; Kamu hizmet binalar\u0131, parklar, bahc\u0327eler&#8230; Sahipsiz yerler&#8230; Kamunun, bu\u0308tu\u0308n insanlar\u0131n o\u0308teden beri mu\u0308s\u0327tereken yararland\u0131g\u0306\u0131 kaynaklar\u0131n, meka\u0302nlar\u0131n, ortamlar\u0131n o\u0308zelles\u0327tirilmesi gerc\u0327ekten ne anlama geliyor? Melek Mutiog\u0306lu O\u0308zkesen, bu yal\u0131n sorunun cevaplar\u0131n\u0131 ar\u0131yor. Topraklar\u0131 Kapatmak, Tu\u0308rkiye\u2019de o\u0308zelles\u0327tirmenin ko\u0308y topraklar\u0131, ormanlar, TOKI\u0307, Yes\u0327il Yol Projesi, Kuzey Marmara Otoyolu Projesi ve U\u0308c\u0327u\u0308ncu\u0308 Ko\u0308pru\u0308 gibi birc\u0327ok o\u0308rneg\u0306ini ele alan kapsaml\u0131 bir c\u0327al\u0131s\u0327ma. Bu o\u0308zelles\u0327tirme siyasetinin, her s\u0327eyden o\u0308nce devletin kamusal nitelig\u0306ini as\u0327\u0131nd\u0131ran etkisini ortaya koyuyor. Neoliberalizmin u\u0308zerindeki sermaye tahakku\u0308mu\u0308nu\u0308 art\u0131rd\u0131g\u0306\u0131 devletin, kendini yeniden u\u0308retebilmek ic\u0327in kamu topraklar\u0131n\u0131 bir bak\u0131ma \u201cyeniden kes\u0327federek\u201d rant kaynag\u0306\u0131 olarak kulland\u0131g\u0306\u0131n\u0131 ileri su\u0308ru\u0308yor. AKP do\u0308neminde toprag\u0306\u0131 ticariles\u0327tirme siyasetinin, iktidar\u0131n toplumsal ve sermaye taban\u0131n\u0131 kurmak ic\u0327in de kullan\u0131ld\u0131g\u0306\u0131n\u0131 go\u0308ru\u0308yoruz. \u201cTopraklar\u0131 kapatma\u201d siyasetinin, \u201ckamu a\u0302lemi\u201dni mu\u0308lksu\u0308zles\u0327tireyoksunlas\u0327t\u0131ran sonuc\u0327lar\u0131na dikkat c\u0327eken bir kitap.<\/p>\n","protected":false},"excerpt":{"rendered":"<p>\u201cYas\u0327amsal bir kaynak olan toprag\u0306\u0131n o\u0308zelles\u0327tirilmesi u\u0308zerinde yas\u0327ayan insanlar\u0131n ve tu\u0308m canl\u0131lar\u0131n yas\u0327am alanlar\u0131n\u0131n gasp edilmesi, o toprak u\u0308zerinde o\u0308rgu\u0308tlenmis\u0327 yerles\u0327ik toplumsal formlar\u0131n ve ekosistemin bozulmas\u0131<span class=\"excerpt-hellip\"> [\u2026]<\/span><\/p>\n","protected":false},"featured_media":0,"template":"","meta":{"_monsterinsights_skip_tracking":false,"_monsterinsights_sitenote_active":false,"_monsterinsights_sitenote_note":"","_monsterinsights_sitenote_category":0},"product_brand":[],"product_cat":[13072,12291],"product_tag":[],"class_list":{"0":"post-738057","1":"product","2":"type-product","3":"status-publish","5":"product_cat-arastirma-inceleme-referans","6":"product_cat-edebiyat","7":"pa_cilt-ciltsiz","8":"pa_tur-kitap","9":"pa_yayinevi-iletisim-yayinlari","10":"pa_yazar-melek-mutioglu-ozkesen","12":"first","13":"instock","14":"sale","15":"shipping-taxable","16":"purchasable","17":"product-type-simple"},"_links":{"self":[{"href":"https:\/\/roveyayinevi.com.tr\/index.php\/wp-json\/wp\/v2\/product\/738057","targetHints":{"allow":["GET"]}}],"collection":[{"href":"https:\/\/roveyayinevi.com.tr\/index.php\/wp-json\/wp\/v2\/product"}],"about":[{"href":"https:\/\/roveyayinevi.com.tr\/index.php\/wp-json\/wp\/v2\/types\/product"}],"wp:attachment":[{"href":"https:\/\/roveyayinevi.com.tr\/index.php\/wp-json\/wp\/v2\/media?parent=738057"}],"wp:term":[{"taxonomy":"product_brand","embeddable":true,"href":"https:\/\/roveyayinevi.com.tr\/index.php\/wp-json\/wp\/v2\/product_brand?post=738057"},{"taxonomy":"product_cat","embeddable":true,"href":"https:\/\/roveyayinevi.com.tr\/index.php\/wp-json\/wp\/v2\/product_cat?post=738057"},{"taxonomy":"product_tag","embeddable":true,"href":"https:\/\/roveyayinevi.com.tr\/index.php\/wp-json\/wp\/v2\/product_tag?post=738057"}],"curies":[{"name":"wp","href":"https:\/\/api.w.org\/{rel}","templated":true}]}}