{"id":738019,"date":"2025-08-27T23:40:28","date_gmt":"2025-08-27T20:40:28","guid":{"rendered":"https:\/\/roveyayinevi.com.tr\/index.php\/urun\/yonetim-becerileri\/"},"modified":"2026-04-16T02:47:48","modified_gmt":"2026-04-15T23:47:48","slug":"yonetim-becerileri","status":"publish","type":"product","link":"https:\/\/roveyayinevi.com.tr\/index.php\/urun\/yonetim-becerileri\/","title":{"rendered":"Y\u00f6netim Becerileri"},"content":{"rendered":"<p>Harvard Business Review\u2019in uzmanlar\u0131ndan kendinizi, ekibinizi ve i\u015finizi nas\u0131l y\u00f6netece\u011finize dair h\u0131zl\u0131 ve pratik tavsiyeler sunan \u201cY\u00f6netim Becerileri\u201d kitab\u0131 hem kendini hem de \u015firketini geli\u015ftirmek isteyen y\u00f6neticiler i\u00e7in ilham kayna\u011f\u0131 olacak. Bu k\u0131sa ve kullan\u0131\u015fl\u0131 k\u0131lavuz, y\u00f6neticilerin ustala\u015fmas\u0131 gereken beceriler hakk\u0131nda okunmas\u0131 kolay ipu\u00e7lar\u0131 sunuyor.Kitaptan baz\u0131 ba\u015fl\u0131klar:\u2022 Ele\u015ftirel D\u00fc\u015f\u00fcnme Becerinizi Art\u0131r\u0131n\u2022 Mikro Al\u0131\u015fkanl\u0131klar Edinin\u2022 Hayalinizdeki \u0130\u015fi Beklerken Kariyerinizi \u0130n\u015fa Edin\u2022 Ho\u015flanmad\u0131\u011f\u0131n\u0131z \u0130\u015flerin Arkas\u0131ndaki Anlam\u0131 Bulun\u2022 M\u00fczakere Becerilerinizi Geli\u015ftirin\u2022 T\u00fckenmi\u015fli\u011fi \u00d6nlemek \u0130\u00e7in Kontrol\u00fc Ele Al\u0131n\u2022 Dengede Kalmak \u0130\u00e7in Al\u0131\u015fkanl\u0131klar Edinin\u2022 Kendi Markan\u0131z\u0131 Yarat\u0131n\u2022 Zorlu G\u00f6r\u00fc\u015fmelere \u00d6nceden Haz\u0131rlan\u0131n\u2022 Ekibinizi Yarat\u0131c\u0131 D\u00fc\u015f\u00fcnceye Haz\u0131rlay\u0131n\u2022 Sa\u011fl\u0131kl\u0131 Al\u0131\u015fkanl\u0131klar\u0131 Te\u015fvik Edin\u2022 \u00c7al\u0131\u015fan\u0131n Rutininde De\u011fi\u015fiklik Yap\u0131n\u2022 \u0130\u015fe Al\u0131m Kararlar\u0131nda \u00d6nyarg\u0131y\u0131 Azalt\u0131n\u2022 Ekibi Deney Yapmaya Te\u015fvik Edin\u2022 Nezaketi Norm Haline GetirinSayg\u0131lar\u0131m\u0131zla,<\/p>\n","protected":false},"excerpt":{"rendered":"<p>Harvard Business Review\u2019in uzmanlar\u0131ndan kendinizi, ekibinizi ve i\u015finizi nas\u0131l y\u00f6netece\u011finize dair h\u0131zl\u0131 ve pratik tavsiyeler sunan \u201cY\u00f6netim Becerileri\u201d kitab\u0131 hem kendini hem de \u015firketini geli\u015ftirmek isteyen<span class=\"excerpt-hellip\"> [\u2026]<\/span><\/p>\n","protected":false},"featured_media":0,"template":"","meta":{"_monsterinsights_skip_tracking":false,"_monsterinsights_sitenote_active":false,"_monsterinsights_sitenote_note":"","_monsterinsights_sitenote_category":0},"product_brand":[],"product_cat":[13043,19008],"product_tag":[],"class_list":{"0":"post-738019","1":"product","2":"type-product","3":"status-publish","5":"product_cat-ekonomi","6":"product_cat-yonetim","7":"pa_cilt-ciltsiz","8":"pa_tur-kitap","9":"pa_yayinevi-optimist-yayin-dagitim","10":"pa_yazar-harvard-business-review","12":"first","13":"instock","14":"sale","15":"shipping-taxable","16":"purchasable","17":"product-type-simple"},"_links":{"self":[{"href":"https:\/\/roveyayinevi.com.tr\/index.php\/wp-json\/wp\/v2\/product\/738019","targetHints":{"allow":["GET"]}}],"collection":[{"href":"https:\/\/roveyayinevi.com.tr\/index.php\/wp-json\/wp\/v2\/product"}],"about":[{"href":"https:\/\/roveyayinevi.com.tr\/index.php\/wp-json\/wp\/v2\/types\/product"}],"wp:attachment":[{"href":"https:\/\/roveyayinevi.com.tr\/index.php\/wp-json\/wp\/v2\/media?parent=738019"}],"wp:term":[{"taxonomy":"product_brand","embeddable":true,"href":"https:\/\/roveyayinevi.com.tr\/index.php\/wp-json\/wp\/v2\/product_brand?post=738019"},{"taxonomy":"product_cat","embeddable":true,"href":"https:\/\/roveyayinevi.com.tr\/index.php\/wp-json\/wp\/v2\/product_cat?post=738019"},{"taxonomy":"product_tag","embeddable":true,"href":"https:\/\/roveyayinevi.com.tr\/index.php\/wp-json\/wp\/v2\/product_tag?post=738019"}],"curies":[{"name":"wp","href":"https:\/\/api.w.org\/{rel}","templated":true}]}}