{"id":737988,"date":"2025-08-27T23:39:59","date_gmt":"2025-08-27T20:39:59","guid":{"rendered":"https:\/\/roveyayinevi.com.tr\/index.php\/urun\/3-garip-son\/"},"modified":"2026-04-16T02:47:47","modified_gmt":"2026-04-15T23:47:47","slug":"3-garip-son","status":"publish","type":"product","link":"https:\/\/roveyayinevi.com.tr\/index.php\/urun\/3-garip-son\/","title":{"rendered":"3 Garip Son"},"content":{"rendered":"<p>Mirza \u00c7avu\u015f, konu\u015fulanlar\u0131 gizlice dinleyen ki\u015fiydi. \u00d6nce silah\u0131 bulmak gerekiyordu. \u00c7\u00fcnk\u00fc bu silah, devletin, Bek\u00e7i Memik\u2019e verdi\u011fi silaht\u0131. Cinayeti de \u00e7\u00f6zebilecek en \u00f6nemli kan\u0131tt\u0131. Do\u011fruca g\u00f6sterilen yere gitmek i\u00e7in D\u00f6ne kad\u0131na, eski evin kiler olarak kullan\u0131lan odas\u0131n\u0131 sordular. D\u00f6ne \u00e7ok \u015fa\u015f\u0131rm\u0131\u015ft\u0131. O karanl\u0131k odada konu\u015fulanlar\u0131 yoksa bunlar duymu\u015flar m\u0131yd\u0131? \u201cAman Allah\u2019\u0131m! E\u011fer \u00f6yle ise yand\u0131k!\u201d deyip dizini d\u00f6vecek oldu. Ama hemen kendini toparlad\u0131. S\u00f6ylenen oday\u0131 Mirza \u00c7avu\u015f\u2019a g\u00f6sterirken, komutan da ba\u015fka askerlere, evin arkas\u0131ndaki bodur a\u011fac\u0131n yan\u0131nda beklemelerini ve kimseyi yakla\u015ft\u0131rmamalar\u0131n\u0131, ayr\u0131ca mavi boyal\u0131 ar\u0131 kovan\u0131n\u0131 da kontrol alt\u0131nda tutmalar\u0131n\u0131 s\u00f6ylemi\u015fti. S\u00f6ylenen emirler derh\u00e2l yerine getirildi. Merakl\u0131 k\u00f6yl\u00fcler oraya dolu\u015fmu\u015f, yap\u0131lanlar\u0131 dikkatlice izliyorlard\u0131. Komutan, g\u00f6revini tamamlam\u0131\u015f, yan\u0131ndaki \u00e7avu\u015f ve erleri ile karakola d\u00f6n\u00fcyordu. Onu bekleyen ba\u015fka i\u015fler vard\u0131. Ve o hi\u00e7bir zaman g\u00f6revini ihmal etmeden en d\u00fcr\u00fcst \u015fekilde yasalara ve i\u00e7 hizmet y\u00f6netmeli\u011fine uygun olarak s\u00fcrd\u00fcrd\u00fc. Komutan ancak kendini b\u00f6yle mutlu hissediyordu\u2026 <\/p>\n","protected":false},"excerpt":{"rendered":"<p>Mirza \u00c7avu\u015f, konu\u015fulanlar\u0131 gizlice dinleyen ki\u015fiydi. \u00d6nce silah\u0131 bulmak gerekiyordu. \u00c7\u00fcnk\u00fc bu silah, devletin, Bek\u00e7i Memik\u2019e verdi\u011fi silaht\u0131. Cinayeti de \u00e7\u00f6zebilecek en \u00f6nemli kan\u0131tt\u0131. Do\u011fruca g\u00f6sterilen<span class=\"excerpt-hellip\"> [\u2026]<\/span><\/p>\n","protected":false},"featured_media":0,"template":"","meta":{"_monsterinsights_skip_tracking":false,"_monsterinsights_sitenote_active":false,"_monsterinsights_sitenote_note":"","_monsterinsights_sitenote_category":0},"product_brand":[],"product_cat":[12291,12711],"product_tag":[],"class_list":{"0":"post-737988","1":"product","2":"type-product","3":"status-publish","5":"product_cat-edebiyat","6":"product_cat-roman-oyku","7":"pa_cilt-ciltsiz","8":"pa_tur-kitap","9":"pa_yayinevi-karina-yayinevi","10":"pa_yazar-mustafa-naci-ozer","12":"first","13":"instock","14":"sale","15":"shipping-taxable","16":"purchasable","17":"product-type-simple"},"_links":{"self":[{"href":"https:\/\/roveyayinevi.com.tr\/index.php\/wp-json\/wp\/v2\/product\/737988","targetHints":{"allow":["GET"]}}],"collection":[{"href":"https:\/\/roveyayinevi.com.tr\/index.php\/wp-json\/wp\/v2\/product"}],"about":[{"href":"https:\/\/roveyayinevi.com.tr\/index.php\/wp-json\/wp\/v2\/types\/product"}],"wp:attachment":[{"href":"https:\/\/roveyayinevi.com.tr\/index.php\/wp-json\/wp\/v2\/media?parent=737988"}],"wp:term":[{"taxonomy":"product_brand","embeddable":true,"href":"https:\/\/roveyayinevi.com.tr\/index.php\/wp-json\/wp\/v2\/product_brand?post=737988"},{"taxonomy":"product_cat","embeddable":true,"href":"https:\/\/roveyayinevi.com.tr\/index.php\/wp-json\/wp\/v2\/product_cat?post=737988"},{"taxonomy":"product_tag","embeddable":true,"href":"https:\/\/roveyayinevi.com.tr\/index.php\/wp-json\/wp\/v2\/product_tag?post=737988"}],"curies":[{"name":"wp","href":"https:\/\/api.w.org\/{rel}","templated":true}]}}