{"id":737985,"date":"2025-08-27T23:39:56","date_gmt":"2025-08-27T20:39:56","guid":{"rendered":"https:\/\/roveyayinevi.com.tr\/index.php\/urun\/pisagor-evimizin-her-seyi-icinden-matemetik-gecen-dunya\/"},"modified":"2026-04-16T02:47:46","modified_gmt":"2026-04-15T23:47:46","slug":"pisagor-evimizin-her-seyi-icinden-matemetik-gecen-dunya","status":"publish","type":"product","link":"https:\/\/roveyayinevi.com.tr\/index.php\/urun\/pisagor-evimizin-her-seyi-icinden-matemetik-gecen-dunya\/","title":{"rendered":"Pisagor Evimizin Her \u015eeyi \u0130\u00e7inden Matemetik Ge\u00e7en D\u00fcnya"},"content":{"rendered":"<p>Nicolas Cage\u2019in oynad\u0131\u011f\u0131 film say\u0131s\u0131 ile havuzlarda bo\u011fulan insan say\u0131s\u0131 aras\u0131ndaki ilinti ne olabilir? Matematikten yararlanarak h\u0131z s\u0131n\u0131r\u0131 cezalar\u0131na itiraz edebilir miyiz?   Binlerce y\u0131l \u00f6nce Mezopotamya halklar\u0131 rakamlar\u0131 icat etmi\u015fti: O zamandan beri matemati\u011fi tutabilene a\u015fk olsun! Sevsek de korksak da \u2013ya da \u201cBen s\u00f6zelciyim,\u201d diyerek konuyu ge\u00e7i\u015ftirsek de\u2013 art\u0131k g\u00fcndelik hayatta kulland\u0131\u011f\u0131m\u0131z pek \u00e7ok \u015feyin arkas\u0131nda matematik var. Peki ama kahve makinenizden telefonunuzdaki uygulamalara, hemen her ara\u00e7 gerecin sizin ad\u0131n\u0131za her \u015feyi hesaplad\u0131\u011f\u0131 bu yeni d\u00fcnyada matematikten anlam\u0131n\u0131za ger\u00e7ekten gerek var m\u0131? Pisagor Evimizin Her \u015eeyi\u2019nde Stefan Buijsman, felsefe, psikoloji ve tarihi birle\u015ftirerek okuyucuyu matemati\u011fin harikalar diyar\u0131na g\u00f6t\u00fcr\u00fcyor. Matematikten habersiz geli\u015fmi\u015f topluluklardan insanlar\u0131n do\u011fu\u015ftan gelen becerilerine (Bebekler sayabilir mi?), \u015fans\u0131n hesaplanabilirli\u011finden \u00e7a\u011f\u0131n teknolojilerinin ard\u0131ndaki say\u0131sal d\u00fcnyaya kadar uzanan Buijsman, neden yeni bir lisandan \u00f6nce matematikten anlamay\u0131 se\u00e7memiz gerekti\u011fini, aksi takdirde ba\u015fkalar\u0131n\u0131n matemati\u011fiyle (algoritmalar, kampanyalar, anketler, yalan haberler) aldat\u0131lmaya ne kadar a\u00e7\u0131k oldu\u011fumuzu ortaya koyuyor. Pisagor Evimizin Her \u015eeyi, hen\u00fcz on sekiz ya\u015f\u0131ndayken y\u00fcksek lisans\u0131n\u0131, yirmi ya\u015f\u0131ndayken doktoras\u0131n\u0131 tamamlam\u0131\u015f bir d\u00e2hiden, say\u0131lar ve matematikle ilgili d\u00fc\u015f\u00fcncelerimizi k\u00f6k\u00fcnden de\u011fi\u015ftiren bir rehber.   \u201cBuijsman\u2019\u0131n, matemati\u011fin esas k\u0131ymetinin ger\u00e7ekli\u011fi basitle\u015ftirmesinde sakl\u0131 oldu\u011funu anlatan, b\u00fcy\u00fck bir teorisi var.\u201d PUBLISHER\u2019S WEEKLY <\/p>\n","protected":false},"excerpt":{"rendered":"<p>Nicolas Cage\u2019in oynad\u0131\u011f\u0131 film say\u0131s\u0131 ile havuzlarda bo\u011fulan insan say\u0131s\u0131 aras\u0131ndaki ilinti ne olabilir? Matematikten yararlanarak h\u0131z s\u0131n\u0131r\u0131 cezalar\u0131na itiraz edebilir miyiz? Binlerce y\u0131l \u00f6nce Mezopotamya<span class=\"excerpt-hellip\"> [\u2026]<\/span><\/p>\n","protected":false},"featured_media":0,"template":"","meta":{"_monsterinsights_skip_tracking":false,"_monsterinsights_sitenote_active":false,"_monsterinsights_sitenote_note":"","_monsterinsights_sitenote_category":0},"product_brand":[],"product_cat":[13005,16724],"product_tag":[],"class_list":{"0":"post-737985","1":"product","2":"type-product","3":"status-publish","5":"product_cat-bilim-muhendislik","6":"product_cat-matematik","7":"pa_cilt-ciltsiz","8":"pa_tur-kitap","9":"pa_yayinevi-domingo-yayinevi","10":"pa_yazar-stefan-buijsman","12":"first","13":"instock","14":"sale","15":"shipping-taxable","16":"purchasable","17":"product-type-simple"},"_links":{"self":[{"href":"https:\/\/roveyayinevi.com.tr\/index.php\/wp-json\/wp\/v2\/product\/737985","targetHints":{"allow":["GET"]}}],"collection":[{"href":"https:\/\/roveyayinevi.com.tr\/index.php\/wp-json\/wp\/v2\/product"}],"about":[{"href":"https:\/\/roveyayinevi.com.tr\/index.php\/wp-json\/wp\/v2\/types\/product"}],"wp:attachment":[{"href":"https:\/\/roveyayinevi.com.tr\/index.php\/wp-json\/wp\/v2\/media?parent=737985"}],"wp:term":[{"taxonomy":"product_brand","embeddable":true,"href":"https:\/\/roveyayinevi.com.tr\/index.php\/wp-json\/wp\/v2\/product_brand?post=737985"},{"taxonomy":"product_cat","embeddable":true,"href":"https:\/\/roveyayinevi.com.tr\/index.php\/wp-json\/wp\/v2\/product_cat?post=737985"},{"taxonomy":"product_tag","embeddable":true,"href":"https:\/\/roveyayinevi.com.tr\/index.php\/wp-json\/wp\/v2\/product_tag?post=737985"}],"curies":[{"name":"wp","href":"https:\/\/api.w.org\/{rel}","templated":true}]}}