{"id":737979,"date":"2025-08-27T23:39:49","date_gmt":"2025-08-27T20:39:49","guid":{"rendered":"https:\/\/roveyayinevi.com.tr\/index.php\/urun\/arkadasim-icin\/"},"modified":"2026-04-16T02:47:46","modified_gmt":"2026-04-15T23:47:46","slug":"arkadasim-icin","status":"publish","type":"product","link":"https:\/\/roveyayinevi.com.tr\/index.php\/urun\/arkadasim-icin\/","title":{"rendered":"Arkada\u015f\u0131m \u0130\u00e7in"},"content":{"rendered":"<p>Ezgi o\u0308nce, Yunus\u2019un yaral\u0131 yu\u0308zu\u0308nu\u0308 resmetmek ister sadece. Ama bu sayede tan\u0131maya bas\u0327lad\u0131g\u0306\u0131 delikanl\u0131yla arkadas\u0327 olur. Onu daha bebekken terk etmis\u0327 ailesini bulmas\u0131nda yard\u0131m eder Yunus\u2019a. I\u0307stanbul\u2019dan Bursa\u2019ya uzanan maceralar\u0131nda, hic\u0327bir s\u0327ey sand\u0131klar\u0131 gibi kolay olmaz. Hem Ezgi\u2019nin anne babas\u0131yla hem de Yunus\u2019un gec\u0327mis\u0327iyle yu\u0308zles\u0327meleri, aile olman\u0131n anlam\u0131 u\u0308zerine du\u0308s\u0327u\u0308nmeleri gerekir. Dostlug\u0306un gu\u0308cu\u0308nu\u0308 kes\u0327feden genc\u0327ler bazen ko\u0308s\u0327eye s\u0131k\u0131s\u0327salar da, sorulara yepyeni cevaplar bulurlar\u2026<\/p>\n","protected":false},"excerpt":{"rendered":"<p>Ezgi o\u0308nce, Yunus\u2019un yaral\u0131 yu\u0308zu\u0308nu\u0308 resmetmek ister sadece. Ama bu sayede tan\u0131maya bas\u0327lad\u0131g\u0306\u0131 delikanl\u0131yla arkadas\u0327 olur. Onu daha bebekken terk etmis\u0327 ailesini bulmas\u0131nda yard\u0131m eder Yunus\u2019a.<span class=\"excerpt-hellip\"> [\u2026]<\/span><\/p>\n","protected":false},"featured_media":0,"template":"","meta":{"_monsterinsights_skip_tracking":false,"_monsterinsights_sitenote_active":false,"_monsterinsights_sitenote_note":"","_monsterinsights_sitenote_category":0},"product_brand":[],"product_cat":[12275,12274],"product_tag":[],"class_list":{"0":"post-737979","1":"product","2":"type-product","3":"status-publish","5":"product_cat-6-12-yas-kitaplari","6":"product_cat-cocuk-ve-genclik-kitaplari","7":"pa_cilt-ciltsiz","8":"pa_tur-kitap","9":"pa_yayinevi-gunisigi-kitapligi","10":"pa_yazar-irmak-zileli","12":"first","13":"instock","14":"sale","15":"shipping-taxable","16":"purchasable","17":"product-type-simple"},"_links":{"self":[{"href":"https:\/\/roveyayinevi.com.tr\/index.php\/wp-json\/wp\/v2\/product\/737979","targetHints":{"allow":["GET"]}}],"collection":[{"href":"https:\/\/roveyayinevi.com.tr\/index.php\/wp-json\/wp\/v2\/product"}],"about":[{"href":"https:\/\/roveyayinevi.com.tr\/index.php\/wp-json\/wp\/v2\/types\/product"}],"wp:attachment":[{"href":"https:\/\/roveyayinevi.com.tr\/index.php\/wp-json\/wp\/v2\/media?parent=737979"}],"wp:term":[{"taxonomy":"product_brand","embeddable":true,"href":"https:\/\/roveyayinevi.com.tr\/index.php\/wp-json\/wp\/v2\/product_brand?post=737979"},{"taxonomy":"product_cat","embeddable":true,"href":"https:\/\/roveyayinevi.com.tr\/index.php\/wp-json\/wp\/v2\/product_cat?post=737979"},{"taxonomy":"product_tag","embeddable":true,"href":"https:\/\/roveyayinevi.com.tr\/index.php\/wp-json\/wp\/v2\/product_tag?post=737979"}],"curies":[{"name":"wp","href":"https:\/\/api.w.org\/{rel}","templated":true}]}}