{"id":737945,"date":"2025-08-27T23:39:18","date_gmt":"2025-08-27T20:39:18","guid":{"rendered":"https:\/\/roveyayinevi.com.tr\/index.php\/urun\/ben-kosarim-asaglara-kosarim\/"},"modified":"2026-04-16T02:47:45","modified_gmt":"2026-04-15T23:47:45","slug":"ben-kosarim-asaglara-kosarim","status":"publish","type":"product","link":"https:\/\/roveyayinevi.com.tr\/index.php\/urun\/ben-kosarim-asaglara-kosarim\/","title":{"rendered":"Ben Ko\u015far\u0131m A\u015fa\u011flara, Ko\u015far\u0131m"},"content":{"rendered":"<p>\u201cTomris Uyar a\u00e7\u0131kl\u0131\u011f\u0131 ve daha da \u00f6nemlisi kararl\u0131l\u0131\u011f\u0131yla Turgut Uyar\u2019\u0131n hayat\u0131na ve \u015fiirine dair daha \u00f6nce bilinmeyen \u00f6nemli bir\u00e7ok bilgi ve yorumun bu kitapla birlikte g\u00fcn \u0131\u015f\u0131\u011f\u0131na \u00e7\u0131kmas\u0131n\u0131 sa\u011flad\u0131. Okurken insana kolay gelen, ama asl\u0131nda hi\u00e7 de \u00f6yle olmayan saptamalar\u0131n\u0131n ard\u0131ndaki keskin dikkat, bu kitab\u0131n s\u00fcr\u00fckleyicili\u011finin ard\u0131ndaki gizil g\u00fcc\u00fc olu\u015fturuyor. Turgut Uyar\u2019\u0131n \u015fiirleri ile \u015fiir d\u0131\u015f\u0131ndaki ya\u015fam\u0131 aras\u0131nda pek\u00e2l\u00e2 ba\u011flant\u0131lar kurabiliriz bu s\u00f6yle\u015fiden yola \u00e7\u0131karak. Hayat tabii ki \u015fiirin sa\u011flamas\u0131 de\u011fil. \u015eiire yaln\u0131zca biyografi \u00fczerinden bir anlam aramak, \u015fiirin al\u0131mlanma s\u00fcrecini budard\u0131, \u00e7\u00fcnk\u00fc \u015fairin ge\u00e7mi\u015finden gelmeyen bir ba\u011flant\u0131 kurma olana\u011f\u0131n\u0131 elimizden al\u0131rd\u0131. Evet, bir \u015fairi anlamaya, a\u00e7\u0131klamaya \u00e7al\u0131\u015f\u0131rken biyografisinden yararlanmak zorunda de\u011filiz; ancak yoksun kalmak zorunda da de\u011filiz. Biyografi bize ilgin\u00e7 ve \u015fa\u015f\u0131rt\u0131c\u0131 bak\u0131\u015flar sunabilece\u011fi gibi edebiyat sosyolojisiyle temas\u0131 da sa\u011flayabilir. Nihayetinde elimizde b\u00f6yle bir f\u0131rsat var ve bu f\u0131rsat belki ba\u015fka t\u00fcrl\u00fc akl\u0131m\u0131za gelmeyecek ba\u011flant\u0131lar sunabilir. Hepsi bir yana Turgut Uyar gibi sevilen, hatta belki bilmeden sevilen bir \u015fairin hayat\u0131na ister istemez bir merak do\u011fuyor. \u015eiirlerin ard\u0131ndaki zihnin d\u00fcnyayla nas\u0131l bir ili\u015fki i\u00e7erisinde oldu\u011funu merak ediyorsunuz. Ancak el yordam\u0131yla girilen bir b\u00f6lge bu, ayn\u0131 kendimizi de el yordam\u0131yla buldu\u011fumuz, ama aramaktan da geri durmad\u0131\u011f\u0131m\u0131z gibi. \u0130\u015fte belki de bu y\u00fczden \u2018a\u015fa\u011flara\u2019 ko\u015fuyoruz biz de.\u201d <\/p>\n","protected":false},"excerpt":{"rendered":"<p>\u201cTomris Uyar a\u00e7\u0131kl\u0131\u011f\u0131 ve daha da \u00f6nemlisi kararl\u0131l\u0131\u011f\u0131yla Turgut Uyar\u2019\u0131n hayat\u0131na ve \u015fiirine dair daha \u00f6nce bilinmeyen \u00f6nemli bir\u00e7ok bilgi ve yorumun bu kitapla birlikte g\u00fcn<span class=\"excerpt-hellip\"> [\u2026]<\/span><\/p>\n","protected":false},"featured_media":0,"template":"","meta":{"_monsterinsights_skip_tracking":false,"_monsterinsights_sitenote_active":false,"_monsterinsights_sitenote_note":"","_monsterinsights_sitenote_category":0},"product_brand":[],"product_cat":[12291,30969],"product_tag":[],"class_list":{"0":"post-737945","1":"product","2":"type-product","3":"status-publish","5":"product_cat-edebiyat","6":"product_cat-soylesi-edebiyat","7":"pa_cilt-ciltsiz","8":"pa_tur-kitap","9":"pa_yayinevi-is-bankasi-kultur-yayinlari","10":"pa_yazar-erhan-altan","12":"first","13":"instock","14":"sale","15":"shipping-taxable","16":"purchasable","17":"product-type-simple"},"_links":{"self":[{"href":"https:\/\/roveyayinevi.com.tr\/index.php\/wp-json\/wp\/v2\/product\/737945","targetHints":{"allow":["GET"]}}],"collection":[{"href":"https:\/\/roveyayinevi.com.tr\/index.php\/wp-json\/wp\/v2\/product"}],"about":[{"href":"https:\/\/roveyayinevi.com.tr\/index.php\/wp-json\/wp\/v2\/types\/product"}],"wp:attachment":[{"href":"https:\/\/roveyayinevi.com.tr\/index.php\/wp-json\/wp\/v2\/media?parent=737945"}],"wp:term":[{"taxonomy":"product_brand","embeddable":true,"href":"https:\/\/roveyayinevi.com.tr\/index.php\/wp-json\/wp\/v2\/product_brand?post=737945"},{"taxonomy":"product_cat","embeddable":true,"href":"https:\/\/roveyayinevi.com.tr\/index.php\/wp-json\/wp\/v2\/product_cat?post=737945"},{"taxonomy":"product_tag","embeddable":true,"href":"https:\/\/roveyayinevi.com.tr\/index.php\/wp-json\/wp\/v2\/product_tag?post=737945"}],"curies":[{"name":"wp","href":"https:\/\/api.w.org\/{rel}","templated":true}]}}