{"id":737930,"date":"2025-08-27T23:39:02","date_gmt":"2025-08-27T20:39:02","guid":{"rendered":"https:\/\/roveyayinevi.com.tr\/index.php\/urun\/bu-benim-bedenim\/"},"modified":"2026-04-16T02:47:44","modified_gmt":"2026-04-15T23:47:44","slug":"bu-benim-bedenim","status":"publish","type":"product","link":"https:\/\/roveyayinevi.com.tr\/index.php\/urun\/bu-benim-bedenim\/","title":{"rendered":"Bu Benim Bedenim"},"content":{"rendered":"<p>Hatice K\u00fcbra Tongar\u2019dan!   BU BEN\u0130M BEDEN\u0130M   Bir Sivrisine\u011fin G\u00f6z\u00fcnden  E\u011flence, Macera, Aksiyon Dolu Bir Fark\u0131ndal\u0131k Kitab\u0131     Ben bilim hayvan\u0131 Prof. Dr. V\u0131zv\u0131zakan. Hik\u00e2yem tarih \u00f6ncesi \u00e7a\u011flarda ba\u015flad\u0131. O zamanlar buralar hep tarlayd\u0131. Sen hen\u00fcz yoktun meydanlarda, dinozorlar vard\u0131. Ben o dinozor senin bu dinozor benim gezerken bir \u015feyler fark ettim. Uzun y\u0131llar boyunca de\u011fi\u015fik canl\u0131larla tan\u0131\u015fmaya devam ettim ve fark ettiklerim bir bir \u00e7o\u011fald\u0131. Aslanlarla, yunuslarla, fillerle, kedilerle tan\u0131\u015ft\u0131m&#8230; Gergedanlarla, timsahlarla, kaplumba\u011falarla, k\u00f6peklerle, tav\u015fanlarla, kangurularla&#8230; Ve tabii insanlarla tan\u0131\u015ft\u0131m. Her bir tan\u0131\u015f\u0131kl\u0131k bilim yolunda att\u0131\u011f\u0131m kocaman v\u0131z\u0131lt\u0131lara neden oldu. Edindi\u011fim bilgileri \u201cBilime Paha Bi\u00e7ilmez Katk\u0131lar\u0131m\u201d ba\u015fl\u0131\u011f\u0131yla bu kitapta toplad\u0131m. Neler mi var kitapta? Her t\u00fcr\u00fcn neden farkl\u0131 v\u00fccudu var? Cinsiyetlerin farkl\u0131l\u0131\u011f\u0131 neden \u00f6nemli? D\u00fcnyaya gelme yolculu\u011fu nas\u0131l bir \u015fey? V\u00fccudumuzun \u00f6zel b\u00f6lgeleri hangileri? \u201c\u0130yi dokunu\u015f\u201d, \u201ck\u00f6t\u00fc dokunu\u015f\u201d ne demek? Peki bedenimizi nas\u0131l koruyabiliriz? T\u00fcm bu sorular\u0131n cevab\u0131n\u0131 anlatmak i\u00e7in Sinotor\u2019uma bindim geliyorum. Haydi bakal\u0131m ba\u015flayal\u0131m! <\/p>\n","protected":false},"excerpt":{"rendered":"<p>Hatice K\u00fcbra Tongar\u2019dan! BU BEN\u0130M BEDEN\u0130M Bir Sivrisine\u011fin G\u00f6z\u00fcnden E\u011flence, Macera, Aksiyon Dolu Bir Fark\u0131ndal\u0131k Kitab\u0131 Ben bilim hayvan\u0131 Prof. Dr. V\u0131zv\u0131zakan. Hik\u00e2yem tarih \u00f6ncesi \u00e7a\u011flarda<span class=\"excerpt-hellip\"> [\u2026]<\/span><\/p>\n","protected":false},"featured_media":0,"template":"","meta":{"_monsterinsights_skip_tracking":false,"_monsterinsights_sitenote_active":false,"_monsterinsights_sitenote_note":"","_monsterinsights_sitenote_category":0},"product_brand":[],"product_cat":[12274,15842],"product_tag":[],"class_list":{"0":"post-737930","1":"product","2":"type-product","3":"status-publish","5":"product_cat-cocuk-ve-genclik-kitaplari","6":"product_cat-egitici-kitaplar","7":"pa_cilt-ciltsiz","8":"pa_tur-kitap","9":"pa_yayinevi-hayykitap","10":"pa_yazar-hatice-kubra-tongar","12":"first","13":"instock","14":"sale","15":"shipping-taxable","16":"purchasable","17":"product-type-simple"},"_links":{"self":[{"href":"https:\/\/roveyayinevi.com.tr\/index.php\/wp-json\/wp\/v2\/product\/737930","targetHints":{"allow":["GET"]}}],"collection":[{"href":"https:\/\/roveyayinevi.com.tr\/index.php\/wp-json\/wp\/v2\/product"}],"about":[{"href":"https:\/\/roveyayinevi.com.tr\/index.php\/wp-json\/wp\/v2\/types\/product"}],"wp:attachment":[{"href":"https:\/\/roveyayinevi.com.tr\/index.php\/wp-json\/wp\/v2\/media?parent=737930"}],"wp:term":[{"taxonomy":"product_brand","embeddable":true,"href":"https:\/\/roveyayinevi.com.tr\/index.php\/wp-json\/wp\/v2\/product_brand?post=737930"},{"taxonomy":"product_cat","embeddable":true,"href":"https:\/\/roveyayinevi.com.tr\/index.php\/wp-json\/wp\/v2\/product_cat?post=737930"},{"taxonomy":"product_tag","embeddable":true,"href":"https:\/\/roveyayinevi.com.tr\/index.php\/wp-json\/wp\/v2\/product_tag?post=737930"}],"curies":[{"name":"wp","href":"https:\/\/api.w.org\/{rel}","templated":true}]}}