{"id":737929,"date":"2025-08-27T23:39:01","date_gmt":"2025-08-27T20:39:01","guid":{"rendered":"https:\/\/roveyayinevi.com.tr\/index.php\/urun\/kendini-kesfet-bireylesmenin-albenisi-uzerine\/"},"modified":"2026-04-16T02:47:44","modified_gmt":"2026-04-15T23:47:44","slug":"kendini-kesfet-bireylesmenin-albenisi-uzerine","status":"publish","type":"product","link":"https:\/\/roveyayinevi.com.tr\/index.php\/urun\/kendini-kesfet-bireylesmenin-albenisi-uzerine\/","title":{"rendered":"Kendini Ke\u015ffet Bireyle\u015fmenin Albenisi \u00dczerine"},"content":{"rendered":"<p>\u201cKahraman\u201d uysal, iyi yeti\u015fmi\u015f ve g\u00f6rev a\u015fk\u0131yla dolup ta\u015fan vatanda\u015f de\u011fildir. Yaln\u0131zca \u201ckendi anlam\u0131\u201dn\u0131, kaderine kar\u015f\u0131 kendi soylu, do\u011fal dik ba\u015fl\u0131l\u0131\u011f\u0131n\u0131 yaratm\u0131\u015f birey kahramanca olabilir. Onun \u201cdik kafal\u0131l\u0131\u011f\u0131\u201d her ot sap\u0131n\u0131n yaln\u0131zca kendi geli\u015fimine y\u00f6nelmi\u015f derin, g\u00f6rkemli, Tanr\u0131 vergisi dik kafal\u0131l\u0131\u011f\u0131 gibidir. \u201cBencillik\u201d de diyebilirsiniz buna. Ne var ki bu bencillik ad\u0131 k\u00f6t\u00fcye \u00e7\u0131km\u0131\u015f cimrinin ya da g\u00f6z\u00fcn\u00fc iktidar h\u0131rs\u0131 b\u00fcr\u00fcyen ki\u015finin bencilli\u011finden t\u00fcm\u00fcyle farkl\u0131d\u0131r.   Uyum yerine kendi kaderini tayin etme, tabi olma yerine dik ba\u015fl\u0131l\u0131k\u2026 Hermann Hesse&#8217;nin t\u00fcm eserlerinde i\u015flenen ortak motifler. Ona g\u00f6re her insan\u0131n e\u011filimi biricik ve ay\u0131rt edici. Bunlar\u0131 ke\u015ffetmek, geli\u015ftirmek, hatta toplum direncine kar\u015f\u0131 savunmak onun ya\u015fam\u0131n\u0131 ve her bir eserini bir ana tema gibi kat ediyor.   Kendini Ke\u015ffet: Bireyle\u015fmenin Albenisi \u00dczerine, Hesse\u2019nin bu konudaki -\u00e7o\u011fu yay\u0131mlanmam\u0131\u015f-  en yararl\u0131 yaz\u0131lar\u0131n\u0131 bir araya getiriyor ve adeta onun \u015fu deneyimini kan\u0131tl\u0131yor: \u201cBen inanc\u0131m\u0131 her zaman bireye dayand\u0131rd\u0131m, \u00e7\u00fcnk\u00fc sadece birey e\u011fitilebilir ve geli\u015ftirilebilir. Benim deneyimime g\u00f6re \u00f6zverili, fedak\u00e2r ve d\u00fcnyadaki iyili\u011fi koruyan cesur insanlar her zaman k\u00fc\u00e7\u00fck se\u00e7kinlerden \u00e7\u0131km\u0131\u015ft\u0131r.\u201d Bizi her yeni g\u00fcne g\u00fcven ve merakla ba\u015flamak i\u00e7in y\u00fcreklendiren Hesse\u2019nin bu kitab\u0131yla daha y\u00fcksek bir insanl\u0131k d\u00fczeyine do\u011fru uyan\u0131\u015f m\u00fcmk\u00fcn. <\/p>\n","protected":false},"excerpt":{"rendered":"<p>\u201cKahraman\u201d uysal, iyi yeti\u015fmi\u015f ve g\u00f6rev a\u015fk\u0131yla dolup ta\u015fan vatanda\u015f de\u011fildir. Yaln\u0131zca \u201ckendi anlam\u0131\u201dn\u0131, kaderine kar\u015f\u0131 kendi soylu, do\u011fal dik ba\u015fl\u0131l\u0131\u011f\u0131n\u0131 yaratm\u0131\u015f birey kahramanca olabilir. Onun<span class=\"excerpt-hellip\"> [\u2026]<\/span><\/p>\n","protected":false},"featured_media":0,"template":"","meta":{"_monsterinsights_skip_tracking":false,"_monsterinsights_sitenote_active":false,"_monsterinsights_sitenote_note":"","_monsterinsights_sitenote_category":0},"product_brand":[],"product_cat":[27157,12291],"product_tag":[],"class_list":{"0":"post-737929","1":"product","2":"type-product","3":"status-publish","5":"product_cat-derleme","6":"product_cat-edebiyat","7":"pa_cilt-ciltsiz","8":"pa_tur-kitap","9":"pa_yayinevi-profil-kitap","10":"pa_yazar-hermann-hesse","12":"first","13":"instock","14":"sale","15":"shipping-taxable","16":"purchasable","17":"product-type-simple"},"_links":{"self":[{"href":"https:\/\/roveyayinevi.com.tr\/index.php\/wp-json\/wp\/v2\/product\/737929","targetHints":{"allow":["GET"]}}],"collection":[{"href":"https:\/\/roveyayinevi.com.tr\/index.php\/wp-json\/wp\/v2\/product"}],"about":[{"href":"https:\/\/roveyayinevi.com.tr\/index.php\/wp-json\/wp\/v2\/types\/product"}],"wp:attachment":[{"href":"https:\/\/roveyayinevi.com.tr\/index.php\/wp-json\/wp\/v2\/media?parent=737929"}],"wp:term":[{"taxonomy":"product_brand","embeddable":true,"href":"https:\/\/roveyayinevi.com.tr\/index.php\/wp-json\/wp\/v2\/product_brand?post=737929"},{"taxonomy":"product_cat","embeddable":true,"href":"https:\/\/roveyayinevi.com.tr\/index.php\/wp-json\/wp\/v2\/product_cat?post=737929"},{"taxonomy":"product_tag","embeddable":true,"href":"https:\/\/roveyayinevi.com.tr\/index.php\/wp-json\/wp\/v2\/product_tag?post=737929"}],"curies":[{"name":"wp","href":"https:\/\/api.w.org\/{rel}","templated":true}]}}